000
CXUS56 KFGZ 010910
CF6FLG
PRELIMINARY LOCAL CLIMATOLOGICAL DATA (WS FORM: F-6)
STATION: FLAGSTAFF AZ AIRPORT
MONTH: AUGUST
YEAR: 2021
LATITUDE: 35 7 N
LONGITUDE: 111 40 W
TEMPERATURE IN F: :PCPN: SNOW: WIND :SUNSHINE: SKY :PK WND
================================================================================
1 2 3 4 5 6A 6B 7 8 9 10 11 12 13 14 15 16 17 18
12Z AVG MX 2MIN
DY MAX MIN AVG DEP HDD CDD WTR SNW DPTH SPD SPD DIR MIN PSBL S-S WX SPD DR
================================================================================
1 79 50 65 -2 0 0 0.12 0.0 0 3.6 16 240 M M 3 13 22 350
2 84 51 68 1 0 3 0.00 0.0 0 2.8 15 250 M M 1 21 240
3 86 50 68 2 0 3 0.00 0.0 0 4.1 14 50 M M 0 23 360
4 87 48 68 2 0 3 0.00 0.0 0 2.6 16 40 M M 0 21 40
5 86 48 67 1 0 2 0.00 0.0 0 5.3 18 210 M M 0 23 220
6 83 52 68 2 0 3 0.00 0.0 0 8.6 26 210 M M 1 3 32 230
7 83 51 67 1 0 2 0.00 0.0 0 4.7 18 230 M M 1 25 230
8 82 50 66 0 0 1 0.00 0.0 0 5.8 18 220 M M 0 24 230
9 79 50 65 -1 0 0 0.11 0.0 0 5.3 17 230 M M 3 38 24 200
10 76 51 64 -2 1 0 1.38 0.0 0 2.5 20 200 M M 6 12358 26 190
11 74 52 63 -3 2 0 0.18 0.0 0 3.1 16 210 M M 5 13 20 230
12 78 56 67 1 0 2 0.01 0.0 0 4.8 17 210 M M 7 3 21 190
13 80 57 69 4 0 4 0.01 0.0 0 4.6 20 230 M M 4 3 25 220
14 81 56 69 4 0 4 T 0.0 0 5.3 16 80 M M 2 24 70
15 82 53 68 3 0 3 0.11 0.0 0 4.2 16 230 M M 3 123 22 220
16 80 54 67 2 0 2 T 0.0 0 5.9 25 120 M M 3 3 32 130
17 75 56 66 1 0 1 0.47 0.0 0 5.5 25 40 M M 5 13 33 40
18 62 52 57 -8 8 0 0.92 0.0 0 9.8 25 220 M M 10 13 33 220
19 68 51 60 -5 5 0 0.00 0.0 0 14.5 28 220 M M 6 37 230
20 72 46 59 -6 6 0 0.00 0.0 0 4.7 16 230 M M 1 20 200
21 73 45 59 -5 6 0 0.00 0.0 0 6.5 22 220 M M 1 28 240
22 76 45 61 -3 4 0 0.00 0.0 0 5.6 22 210 M M 1 28 210
23 77 45 61 -3 4 0 0.00 0.0 0 7.3 26 220 M M 0 34 200
24 78 41 60 -4 5 0 0.00 0.0 0 5.6 23 220 M M 0 28 220
25 82 46 64 0 1 0 0.00 0.0 0 3.6 17 210 M M 0 23 220
26 83 52 68 4 0 3 0.00 0.0 0 5.2 18 210 M M 0 23 230
27 83 50 67 3 0 2 0.00 0.0 0 4.7 18 220 M M 1 3 26 220
28 83 50 67 4 0 2 T 0.0 0 4.5 17 340 M M 1 3 30 340
29 84 54 69 6 0 4 0.00 0.0 0 4.2 15 240 M M 1 3 24 250
30 81 59 70 7 0 5 0.04 0.0 0 3.8 16 80 M M 4 3 21 70
31 73 58 66 3 0 1 0.16 0.0 0 3.8 14 70 M M 7 13 19 50
================================================================================
SM 2450 1579 42 50 3.51 0.0 162.5 M 77
================================================================================
AV 79.0 50.9 5.2 FASTST M M 2 MAX(MPH)
MISC ----> 28 220 37 230
================================================================================
NOTES:
# LAST OF SEVERAL OCCURRENCES
COLUMN 17 PEAK WIND IN M.P.H.
PRELIMINARY LOCAL CLIMATOLOGICAL DATA (WS FORM: F-6) , PAGE 2
STATION: FLAGSTAFF AZ AIRPORT
MONTH: AUGUST
YEAR: 2021
LATITUDE: 35 7 N
LONGITUDE: 111 40 W
[TEMPERATURE DATA] [PRECIPITATION DATA] SYMBOLS USED IN COLUMN 16
AVERAGE MONTHLY: 65.0 TOTAL FOR MONTH: 3.51 1 = FOG OR MIST
DPTR FM NORMAL: 0.1 DPTR FM NORMAL: 0.47 2 = FOG REDUCING VISIBILITY
HIGHEST: 87 ON 4 GRTST 24HR 1.49 ON 9-10 TO 1/4 MILE OR LESS
LOWEST: 41 ON 24 3 = THUNDER
SNOW, ICE PELLETS, HAIL 4 = ICE PELLETS
TOTAL MONTH: 0.0 INCH 5 = HAIL
GRTST 24HR 0.0 6 = FREEZING RAIN OR DRIZZLE
GRTST DEPTH: 0 7 = DUSTSTORM OR SANDSTORM:
VSBY 1/2 MILE OR LESS
8 = SMOKE OR HAZE
[NO. OF DAYS WITH] [WEATHER - DAYS WITH] 9 = BLOWING SNOW
X = TORNADO
MAX 32 OR BELOW: 0 0.01 INCH OR MORE: 11
MAX 90 OR ABOVE: 0 0.10 INCH OR MORE: 8
MIN 32 OR BELOW: 0 0.50 INCH OR MORE: 2
MIN 0 OR BELOW: 0 1.00 INCH OR MORE: 1
[HDD (BASE 65) ]
TOTAL THIS MO. 42 CLEAR (SCALE 0-3) 20
DPTR FM NORMAL -2 PTCLDY (SCALE 4-7) 10
TOTAL FM JUL 1 51 CLOUDY (SCALE 8-10) 1
DPTR FM NORMAL -18
[CDD (BASE 65) ]
TOTAL THIS MO. 50
DPTR FM NORMAL 7 [PRESSURE DATA]
TOTAL FM JAN 1 246 HIGHEST SLP M ON M
DPTR FM NORMAL 104 LOWEST SLP 29.76 ON 31
[REMARKS]
#FINAL-08-21#