000
CXUS52 KILM 011100
CF6FLO
PRELIMINARY LOCAL CLIMATOLOGICAL DATA (WS FORM: F-6)
STATION: FLORENCE SOUTH CAROLINA
MONTH: NOVEMBER
YEAR: 2023
LATITUDE: 34 10 N
LONGITUDE: 79 43 W
TEMPERATURE IN F: :PCPN: SNOW: WIND :SUNSHINE: SKY :PK WND
================================================================================
1 2 3 4 5 6A 6B 7 8 9 10 11 12 13 14 15 16 17 18
12Z AVG MX 2MIN
DY MAX MIN AVG DEP HDD CDD WTR SNW DPTH SPD SPD DIR MIN PSBL S-S WX SPD DR
================================================================================
1 54 33 44 -16 21 0 0.00 M M 11.1 26 340 M M 1 34 10
2 59 33 46 -13 19 0 0.00 M M 6.0 12 20 M M 0 16 40
3 66 32 49 -10 16 0 0.00 M M 4.4 13 60 M M 0 17 50
4 75 36 56 -3 9 0 0.00 M M 5.7 12 30 M M 0 8 15 30
5 77 37 57 -1 8 0 0.00 M M 3.1 13 10 M M 0 17 360
6 77 41 59 1 6 0 0.00 M M 1.6 8 110 M M 0 18 11 160
7 80 43 62 4 3 0 0.00 M M 2.6 13 290 M M 0 18 250
8 82 47 65 8 0 0 0.00 M M 1.7 9 200 M M 0 1 13 170
9 83 57 70 13 0 5 0.00 M M 7.5 16 230 M M 0 22 240
10 81 55 68 11 0 3 T M M 9.8 22 10 M M 2 28 20
11 55 49 52 -4 13 0 0.52 M M 9.2 16 50 M M 10 1 21 40
12 60 47 54 -2 11 0 0.31 M M 9.2 17 30 M M 10 1 26 20
13 66 44 55 -1 10 0 0.00 M M 4.8 14 40 M M 1 18 20 50
14 68 43 56 0 9 0 0.00 M M 5.2 15 50 M M 0 8 21 30
15 60 46 53 -2 12 0 0.00 M M 7.0 14 40 M M 2 18 60
16 75 53 64 9 1 0 0.00 M M 7.4 14 70 M M 2 19 90
17 77 56 67 12 0 2 T M M 6.6 14 70 M M 5 18 60
18 78 58 68 14 0 3 0.00 M M 7.5 18 10 M M 2 29 360
19 66 45 56 2 9 0 0.00 M M 6.2 13 20 M M 1 17 30
20 69 39 54 0 11 0 0.00 M M 8.1 15 80 M M 3 19 70
21 69 55 62 8 3 0 0.25 M M 9.5 17 180 M M 10 1 26 180
22 70 49 60 7 5 0 0.99 M M 9.4 23 320 M M 8 13 32 320
23 60 38 49 -4 16 0 0.00 M M 3.3 13 40 M M 0 16 340
24 62 45 54 1 11 0 T M M 2.7 10 10 M M 3 13 10
25 58 41 50 -3 15 0 0.00 M M 8.8 17 40 M M 0 24 60
26 48 34 41 -11 24 0 0.14 M M 4.9 10 300 M M 6 1 13 10
27 59 40 50 -2 15 0 T M M 7.7 15 320 M M 5 1 21 290
28 54 31 43 -9 22 0 0.00 M M 5.9 16 290 M M 0 23 290
29 53 28 41 -11 24 0 0.00 M M 4.0 10 220 M M 0 18 14 50
30 61 27 44 -8 21 0 0.00 M M 1.8 12 170 M M 0 17 130
================================================================================
SM 2002 1282 314 13 2.21 M 182.7 M 71
================================================================================
AV 66.7 42.7 6.1 FASTST M M 2 MAX(MPH)
MISC ----> 26 340 34 10
================================================================================
NOTES:
# LAST OF SEVERAL OCCURRENCES
COLUMN 17 PEAK WIND IN M.P.H.
PRELIMINARY LOCAL CLIMATOLOGICAL DATA (WS FORM: F-6) , PAGE 2
STATION: FLORENCE SOUTH CAROLINA
MONTH: NOVEMBER
YEAR: 2023
LATITUDE: 34 10 N
LONGITUDE: 79 43 W
[TEMPERATURE DATA] [PRECIPITATION DATA] SYMBOLS USED IN COLUMN 16
AVERAGE MONTHLY: 54.7 TOTAL FOR MONTH: 2.21 1 = FOG OR MIST
DPTR FM NORMAL: -0.6 DPTR FM NORMAL: -0.42 2 = FOG REDUCING VISIBILITY
HIGHEST: 83 ON 9 GRTST 24HR 1.21 ON 21-22 TO 1/4 MILE OR LESS
LOWEST: 27 ON 30 3 = THUNDER
SNOW, ICE PELLETS, HAIL 4 = ICE PELLETS
TOTAL MONTH: M 5 = HAIL
GRTST 24HR M ON M 6 = FREEZING RAIN OR DRIZZLE
GRTST DEPTH: M ON M 7 = DUSTSTORM OR SANDSTORM:
VSBY 1/2 MILE OR LESS
8 = SMOKE OR HAZE
[NO. OF DAYS WITH] [WEATHER - DAYS WITH] 9 = BLOWING SNOW
X = TORNADO
MAX 32 OR BELOW: 0 0.01 INCH OR MORE: 5
MAX 90 OR ABOVE: 0 0.10 INCH OR MORE: 5
MIN 32 OR BELOW: 4 0.50 INCH OR MORE: 2
MIN 0 OR BELOW: 0 1.00 INCH OR MORE: 0
[HDD (BASE 65) ]
TOTAL THIS MO. 314 CLEAR (SCALE 0-3) 21
DPTR FM NORMAL 4 PTCLDY (SCALE 4-7) 6
TOTAL FM JUL 1 395 CLOUDY (SCALE 8-10) 3
DPTR FM NORMAL -9
[CDD (BASE 65) ]
TOTAL THIS MO. 13
DPTR FM NORMAL -4 [PRESSURE DATA]
TOTAL FM JAN 1 2100 HIGHEST SLP 30.53 ON 2
DPTR FM NORMAL -151 LOWEST SLP 29.71 ON 22
[REMARKS]
#FINAL-11-23#