000
CXUS52 KTBW 011332
CF6FMY
PRELIMINARY LOCAL CLIMATOLOGICAL DATA (WS FORM: F-6)
STATION: FORT MYERS
MONTH: NOVEMBER
YEAR: 2021
LATITUDE: 26 34 N
LONGITUDE: 81 52 W
TEMPERATURE IN F: :PCPN: SNOW: WIND :SUNSHINE: SKY :PK WND
================================================================================
1 2 3 4 5 6A 6B 7 8 9 10 11 12 13 14 15 16 17 18
12Z AVG MX 2MIN
DY MAX MIN AVG DEP HDD CDD WTR SNW DPTH SPD SPD DIR MIN PSBL S-S WX SPD DR
================================================================================
1 80 61 71 -3 0 6 0.00 0.0 0 6.0 14 20 M M 3 18 20
2 84 65 75 1 0 10 0.00 0.0 0 4.2 14 100 M M 4 24 90
3 87 69 78 4 0 13 0.00 0.0 0 7.2 16 40 M M 5 24 80
4 84 69 77 3 0 12 0.06 0.0 0 8.2 16 70 M M 5 21 80
5 76 68 72 -1 0 7 2.31 0.0 0 9.1 17 260 M M 8 13 23 100
6 74 59 67 -6 0 2 T 0.0 0 13.1 22 330 M M 7 1 27 360
7 77 56 67 -6 0 2 0.00 0.0 0 9.9 20 310 M M 0 26 320
8 77 59 68 -5 0 3 0.00 0.0 0 7.8 15 20 M M 0 21 340
9 81 60 71 -1 0 6 0.00 0.0 0 8.6 17 60 M M 4 22 50
10 84 63 74 2 0 9 0.00 0.0 0 6.7 13 90 M M 3 17 90
11 84 67 76 4 0 11 0.01 0.0 0 4.3 14 120 M M 8 28 110
12 82 73 78 6 0 13 0.00 0.0 0 2.3 13 10 M M 5 20 80
13 83 69 76 4 0 11 0.00 0.0 0 5.2 17 320 M M 2 1 23 250
14 74 60 67 -5 0 2 0.00 0.0 0 7.8 15 290 M M 1 24 330
15 78 56 67 -4 0 2 0.00 0.0 0 7.6 17 40 M M 0 22 40
16 82 56 69 -2 0 4 0.00 0.0 0 8.1 16 90 M M 0 22 90
17 84 61 73 2 0 8 0.00 0.0 0 8.0 17 110 M M 1 23 90
18 75 69 72 1 0 7 0.05 0.0 0 5.5 12 50 M M 5 16 80
19 86 69 78 7 0 13 0.00 0.0 0 11.3 20 50 M M 5 31 70
20 82 68 75 4 0 10 T 0.0 0 11.6 23 60 M M 6 1 29 70
21 84 71 78 7 0 13 0.02 0.0 0 7.5 15 50 M M 8 1 24 90
22 81 68 75 5 0 10 0.00 0.0 0 7.0 20 350 M M 6 1 25 330
23 72 54 63 -7 2 0 0.00 0.0 0 12.5 20 40 M M 0 28 60
24 77 52 65 -5 0 0 0.00 0.0 0 10.1 18 70 M M 1 28 90
25 81 58 70 0 0 5 0.00 0.0 0 6.2 13 100 M M 3 18 60
26 80 58 69 -1 0 4 0.00 0.0 0 4.7 15 310 M M 1 24 330
27 75 56 66 -4 0 1 0.00 0.0 0 4.9 12 20 M M 2 19 210
28 77 52 65 -5 0 0 0.00 0.0 0 3.8 10 330 M M 1 15 330
29 76 56 66 -4 0 1 T 0.0 0 8.1 20 360 M M 5 28 330
30 77 52 65 -4 0 0 0.00 0.0 0 4.8 12 100 M M 0 8 21 80
================================================================================
SM 2394 1854 2 185 2.45 0.0 222.1 M 99
================================================================================
AV 79.8 61.8 7.4 FASTST M M 3 MAX(MPH)
MISC ----> 23 60 31 70
================================================================================
NOTES:
# LAST OF SEVERAL OCCURRENCES
COLUMN 17 PEAK WIND IN M.P.H.
PRELIMINARY LOCAL CLIMATOLOGICAL DATA (WS FORM: F-6) , PAGE 2
STATION: FORT MYERS
MONTH: NOVEMBER
YEAR: 2021
LATITUDE: 26 34 N
LONGITUDE: 81 52 W
[TEMPERATURE DATA] [PRECIPITATION DATA] SYMBOLS USED IN COLUMN 16
AVERAGE MONTHLY: 70.8 TOTAL FOR MONTH: 2.45 1 = FOG OR MIST
DPTR FM NORMAL: -0.7 DPTR FM NORMAL: 0.67 2 = FOG REDUCING VISIBILITY
HIGHEST: 87 ON 3 GRTST 24HR 2.31 ON 5- 5 TO 1/4 MILE OR LESS
LOWEST: 52 ON 30,28 3 = THUNDER
SNOW, ICE PELLETS, HAIL 4 = ICE PELLETS
TOTAL MONTH: 0.0 INCH 5 = HAIL
GRTST 24HR 0.0 6 = FREEZING RAIN OR DRIZZLE
GRTST DEPTH: 0 7 = DUSTSTORM OR SANDSTORM:
VSBY 1/2 MILE OR LESS
8 = SMOKE OR HAZE
[NO. OF DAYS WITH] [WEATHER - DAYS WITH] 9 = BLOWING SNOW
X = TORNADO
MAX 32 OR BELOW: 0 0.01 INCH OR MORE: 5
MAX 90 OR ABOVE: 0 0.10 INCH OR MORE: 1
MIN 32 OR BELOW: 0 0.50 INCH OR MORE: 1
MIN 0 OR BELOW: 0 1.00 INCH OR MORE: 1
[HDD (BASE 65) ]
TOTAL THIS MO. 2 CLEAR (SCALE 0-3) 14
DPTR FM NORMAL -14 PTCLDY (SCALE 4-7) 15
TOTAL FM JUL 1 2 CLOUDY (SCALE 8-10) 1
DPTR FM NORMAL -12
[CDD (BASE 65) ]
TOTAL THIS MO. 185
DPTR FM NORMAL -27 [PRESSURE DATA]
TOTAL FM JAN 1 4288 HIGHEST SLP 30.24 ON 24
DPTR FM NORMAL 377 LOWEST SLP 29.81 ON 5
[REMARKS]
#FINAL-11-21#