000
CXUS52 KMLB 010732
CF6FPR
PRELIMINARY LOCAL CLIMATOLOGICAL DATA (WS FORM: F-6)
STATION: FORT PIERCE
MONTH: FEBRUARY
YEAR: 2023
LATITUDE: 27 30 N
LONGITUDE: 80 22 W
TEMPERATURE IN F: :PCPN: SNOW: WIND :SUNSHINE: SKY :PK WND
================================================================================
1 2 3 4 5 6A 6B 7 8 9 10 11 12 13 14 15 16 17 18
12Z AVG MX 2MIN
DY MAX MIN AVG DEP HDD CDD WTR SNW DPTH SPD SPD DIR MIN PSBL S-S WX SPD DR
================================================================================
1 85 61 73 10 0 8 0.00 0.0 0 4.0 10 200 M M 3 12 15 80
2 86 61 74 11 0 9 0.00 0.0 0 6.0 15 130 M M 1 1 17 130
3 87 62 75 12 0 10 T 0.0 0 8.8 22 350 M M 7 12 34 360
4 73 64 69 6 0 4 0.00 0.0 0 12.1 20 90 M M 8 26 80
5 73 61 67 3 0 2 1.41 0.0 0 8.9 22 310 M M 7 1 27 320
6 74 54 64 0 1 0 0.00 0.0 0 4.9 13 20 M M 2 20 20
7 77 51 64 0 1 0 0.00 0.0 0 8.5 18 110 M M 2 23 100
8 79 65 72 8 0 7 0.00 0.0 0 10.9 20 100 M M 7 25 110
9 81 65 73 9 0 8 0.00 0.0 0 12.7 25 130 M M 4 31 120
10 83 61 72 8 0 7 0.00 0.0 0 8.1 21 120 M M 4 18 26 130
11 87 62 75 11 0 10 0.12 0.0 0 8.0 20 140 M M 3 18 24 120
12 76 61 69 4 0 4 0.00 0.0 0 15.2 32 270 M M 5 41 270
13 71 46 59 -6 6 0 0.00 0.0 0 6.7 18 300 M M 1 25 300
14 76 42 59 -6 6 0 0.00 0.0 0 5.7 17 110 M M 0 23 130
15 81 54 68 3 0 3 0.00 0.0 0 7.7 24 130 M M 3 29 130
16 83 66 75 10 0 10 0.02 0.0 0 10.4 22 130 M M 4 1 26 130
17 87 69 78 13 0 13 0.00 0.0 0 8.1 18 200 M M 2 27 190
18 73 65 69 4 0 4 0.00 0.0 0 9.3 15 10 M M 9 1 23 10
19 82 61 72 6 0 7 T 0.0 0 5.4 14 110 M M 5 21 110
20 87 59 73 7 0 8 0.00 0.0 0 5.6 15 240 M M 2 1 21 240
21 86 62 74 8 0 9 0.00 0.0 0 6.1 16 260 M M 0 1 23 240
22 85 57 71 5 0 6 0.00 0.0 0 7.8 23 140 M M 2 12 28 130
23 86 59 73 7 0 8 0.00 0.0 0 5.4 16 130 M M 1 1 22 120
24 85 58 72 6 0 7 0.00 0.0 0 3.1 12 90 M M 3 128 17 100
25 87 60 74 8 0 9 0.00 0.0 0 5.2 14 120 M M 3 12 17 130
26 86 58 72 6 0 7 0.00 0.0 0 4.2 12 100 M M 0 12 16 80
27 85 54 70 4 0 5 0.00 0.0 0 6.9 17 220 M M 1 8 24 200
28 88 56 72 6 0 7 0.00 0.0 0 6.0 15 270 M M 0 1 20 260
================================================================================
SM 2289 1654 14 172 1.55 0.0 211.7 M 89
================================================================================
AV 81.8 59.1 7.6 FASTST M M 3 MAX(MPH)
MISC ----> 32 270 41 270
================================================================================
NOTES:
# LAST OF SEVERAL OCCURRENCES
COLUMN 17 PEAK WIND IN M.P.H.
PRELIMINARY LOCAL CLIMATOLOGICAL DATA (WS FORM: F-6) , PAGE 2
STATION: FORT PIERCE
MONTH: FEBRUARY
YEAR: 2023
LATITUDE: 27 30 N
LONGITUDE: 80 22 W
[TEMPERATURE DATA] [PRECIPITATION DATA] SYMBOLS USED IN COLUMN 16
AVERAGE MONTHLY: 70.4 TOTAL FOR MONTH: 1.55 1 = FOG OR MIST
DPTR FM NORMAL: 5.6 DPTR FM NORMAL: -0.62 2 = FOG REDUCING VISIBILITY
HIGHEST: 88 ON 28 GRTST 24HR 1.41 ON 5- 5 TO 1/4 MILE OR LESS
LOWEST: 42 ON 14 3 = THUNDER
SNOW, ICE PELLETS, HAIL 4 = ICE PELLETS
TOTAL MONTH: 0.0 INCH 5 = HAIL
GRTST 24HR 0.0 6 = FREEZING RAIN OR DRIZZLE
GRTST DEPTH: 0 7 = DUSTSTORM OR SANDSTORM:
VSBY 1/2 MILE OR LESS
8 = SMOKE OR HAZE
[NO. OF DAYS WITH] [WEATHER - DAYS WITH] 9 = BLOWING SNOW
X = TORNADO
MAX 32 OR BELOW: 0 0.01 INCH OR MORE: 3
MAX 90 OR ABOVE: 0 0.10 INCH OR MORE: 2
MIN 32 OR BELOW: 0 0.50 INCH OR MORE: 1
MIN 0 OR BELOW: 0 1.00 INCH OR MORE: 1
[HDD (BASE 65) ]
TOTAL THIS MO. 14 CLEAR (SCALE 0-3) 15
DPTR FM NORMAL -72 PTCLDY (SCALE 4-7) 12
TOTAL FM JUL 1 166 CLOUDY (SCALE 8-10) 1
DPTR FM NORMAL -186
[CDD (BASE 65) ]
TOTAL THIS MO. 172
DPTR FM NORMAL 91 [PRESSURE DATA]
TOTAL FM JAN 1 280 HIGHEST SLP 30.34 ON 4
DPTR FM NORMAL 138 LOWEST SLP 29.86 ON 12
[REMARKS]
#FINAL-02-23#