000
CXUS54 KFWD 010830
CF6FTW
PRELIMINARY LOCAL CLIMATOLOGICAL DATA (WS FORM: F-6)
STATION: FORT WORTH MEACHAM
MONTH: JANUARY
YEAR: 2022
LATITUDE: 32 49 N
LONGITUDE: 97 21 W
TEMPERATURE IN F: :PCPN: SNOW: WIND :SUNSHINE: SKY :PK WND
================================================================================
1 2 3 4 5 6A 6B 7 8 9 10 11 12 13 14 15 16 17 18
12Z AVG MX 2MIN
DY MAX MIN AVG DEP HDD CDD WTR SNW DPTH SPD SPD DIR MIN PSBL S-S WX SPD DR
================================================================================
1 72 20 46 1 19 0 T M M 12.3 33 310 M M 7 1 46 320
2 38 17 28 -17 37 0 0.00 M M 14.8 28 320 M M 1 39 320
3 56 23 40 -5 25 0 0.00 M M 7.2 14 150 M M 0 8 19 150
4 64 32 48 3 17 0 0.00 M M 11.2 23 180 M M 0 33 180
5 58 35 47 2 18 0 0.00 M M 8.7 21 30 M M 0 29 30
6 38 24 31 -14 34 0 0.00 M M 12.4 25 350 M M 0 34 350
7 45 18 32 -13 33 0 0.00 M M 10.1 22 160 M M 4 27 150
8 61 43 52 7 13 0 T M M 10.6 17 170 M M 10 1 28 160
9 60 39 50 5 15 0 T M M 14.6 26 350 M M 6 1 36 350
10 55 29 42 -3 23 0 0.00 M M 6.4 16 350 M M 0 22 350
11 58 28 43 -2 22 0 0.00 M M 6.2 17 180 M M 2 23 190
12 63 31 47 2 18 0 0.00 M M 4.4 14 230 M M 0 18 220
13 73 38 56 11 9 0 0.00 M M 4.7 15 310 M M 0 19 310
14 76 39 58 12 7 0 0.00 M M 10.4 36 320 M M 0 52 330
15 47 31 39 -7 26 0 0.00 M M 22.2 38 330 M M 6 53 320
16 53 25 39 -7 26 0 0.00 0.0 M 7.0 17 310 M M 1 24 320
17 64 28 46 0 19 0 0.00 M M 5.5 15 150 M M 0 8 18 150
18 77 42 60 14 5 0 M M M 16.3 23 190 M M 0 35 180
19 60 31 46 0 19 0 T M M 16.0 30 350 M M 4 41 340
20 36 22 29 -17 36 0 0.00 M M 16.5 29 350 M M 7 38 340
21 43 16 30 -16 35 0 0.00 M M 6.0 15 360 M M 3 19 360
22 50 24 37 -9 28 0 0.00 M M 2.7 7 40 M M 0 11 170
23 64 30 47 1 18 0 0.00 M M 5.2 17 270 M M 0 24 250
24 55 41 48 2 17 0 0.01 M M 6.0 16 180 M M 7 1 20 180
25 58 35 47 1 18 0 0.00 M M 10.2 21 40 M M 2 12 27 40
26 48 26 37 -10 28 0 T M M 6.7 18 30 M M 2 24 10
27 51 34 43 -4 22 0 0.00 M M 6.6 13 340 M M 7 18 340
28 55 29 42 -5 23 0 0.00 M M 9.5 23 300 M M 0 30 340
29 68 31 50 3 15 0 0.00 M M 5.6 18 250 M M 0 27 260
30 71 38 55 8 10 0 0.00 M M 7.6 15 240 M M 0 20 230
31 67 44 56 9 9 0 0.00 M M 9.6 23 160 M M 3 31 170
================================================================================
SM 1784 943 644 0 0.01 0.0 293.2 M 72
================================================================================
AV 57.5 30.4 9.5 FASTST M M 2 MAX(MPH)
MISC ----> 38 330 53 320
================================================================================
NOTES:
# LAST OF SEVERAL OCCURRENCES
COLUMN 17 PEAK WIND IN M.P.H.
PRELIMINARY LOCAL CLIMATOLOGICAL DATA (WS FORM: F-6) , PAGE 2
STATION: FORT WORTH MEACHAM
MONTH: JANUARY
YEAR: 2022
LATITUDE: 32 49 N
LONGITUDE: 97 21 W
[TEMPERATURE DATA] [PRECIPITATION DATA] SYMBOLS USED IN COLUMN 16
AVERAGE MONTHLY: 44.0 TOTAL FOR MONTH: 0.01 1 = FOG OR MIST
DPTR FM NORMAL: -1.8 DPTR FM NORMAL: -2.04 2 = FOG REDUCING VISIBILITY
HIGHEST: 77 ON 18 GRTST 24HR 0.01 ON 24-24 TO 1/4 MILE OR LESS
LOWEST: 16 ON 21 3 = THUNDER
SNOW, ICE PELLETS, HAIL 4 = ICE PELLETS
TOTAL MONTH: 0.0 INCH 5 = HAIL
GRTST 24HR 0.0 6 = FREEZING RAIN OR DRIZZLE
GRTST DEPTH: M ON M 7 = DUSTSTORM OR SANDSTORM:
VSBY 1/2 MILE OR LESS
8 = SMOKE OR HAZE
[NO. OF DAYS WITH] [WEATHER - DAYS WITH] 9 = BLOWING SNOW
X = TORNADO
MAX 32 OR BELOW: 0 0.01 INCH OR MORE: 1
MAX 90 OR ABOVE: 0 0.10 INCH OR MORE: 0
MIN 32 OR BELOW: 20 0.50 INCH OR MORE: 0
MIN 0 OR BELOW: 0 1.00 INCH OR MORE: 0
[HDD (BASE 65) ]
TOTAL THIS MO. 644 CLEAR (SCALE 0-3) 21
DPTR FM NORMAL 49 PTCLDY (SCALE 4-7) 9
TOTAL FM JUL 1 1123 CLOUDY (SCALE 8-10) 1
DPTR FM NORMAL -406
[CDD (BASE 65) ]
TOTAL THIS MO. 0
DPTR FM NORMAL -2 [PRESSURE DATA]
TOTAL FM JAN 1 0 HIGHEST SLP 30.74 ON 10
DPTR FM NORMAL -2 LOWEST SLP 29.58 ON 1
[REMARKS]
#FINAL-01-22#