000
CXUS54 KFWD 251720
CF6FTW
PRELIMINARY LOCAL CLIMATOLOGICAL DATA (WS FORM: F-6)
STATION: FORT WORTH MEACHAM
MONTH: MARCH
YEAR: 2021
LATITUDE: 32 49 N
LONGITUDE: 97 21 W
TEMPERATURE IN F: :PCPN: SNOW: WIND :SUNSHINE: SKY :PK WND
================================================================================
1 2 3 4 5 6A 6B 7 8 9 10 11 12 13 14 15 16 17 18
12Z AVG MX 2MIN
DY MAX MIN AVG DEP HDD CDD WTR SNW DPTH SPD SPD DIR MIN PSBL S-S WX SPD DR
================================================================================
1 59 42 51 -2 14 0 0.07 M M 10.8 23 360 M M 7 30 350
2 62 38 50 -3 15 0 0.00 M M 2.9 12 300 M M 2 16 290
3 70 38 54 0 11 0 0.00 M M 8.2 17 150 M M 0 23 150
4 73 46 60 6 5 0 0.00 M M 13.1 24 150 M M 0 31 160
5 68 49 59 5 6 0 0.00 M M 13.3 29 360 M M 3 38 340
6 64 40 52 -2 13 0 0.00 M M 7.5 16 30 M M 0 21 40
7 66 41 54 -1 11 0 0.00 M M 8.0 20 130 M M 0 31 150
8 71 43 57 2 8 0 0.00 M M 11.2 21 130 M M 0 29 160
9 70 55 63 8 2 0 0.00 M M 19.1 29 170 M M 6 41 180
10 73 61 67 11 0 2 0.00 M M 18.7 31 160 M M 9 44 180
11 76 66 71 15 0 6 0.00 M M 15.5 26 190 M M 5 38 150
12 77 65 71 15 0 6 0.00 M M 15.3 24 170 M M 8 31 150
13 75 63 69 13 0 4 0.00 M M 16.6 28 140 M M 7 43 140
14 74 50 62 5 3 0 0.03 M M 10.1 24 260 M M 6 1 34 260
15 77 49 63 6 2 0 0.00 M M 8.6 20 250 M M 1 29 220
16 80 58 69 12 0 4 0.00 M M 12.2 24 140 M M 3 1 31 140
17 70 45 58 0 7 0 0.10 M M 20.3 33 300 M M 6 138 50 300
18 60 42 51 -7 14 0 0.00 M M 16.4 28 320 M M 0 42 330
19 64 38 51 -7 14 0 0.00 M M 9.1 21 360 M M 0 27 30
20 68 41 55 -3 10 0 0.00 M M 6.0 15 120 M M 0 19 110
21 68 43 56 -3 9 0 0.00 M M 14.5 23 140 M M 0 38 150
22 60 55 58 -1 7 0 0.97 M M 14.7 25 140 M M 8 13 32 150
23 72 46 59 0 6 0 0.00 M M 9.5 21 250 M M 1 8 32 260
24 75 47 61 1 4 0 0.68 M M 11.0 24 320 M M 3 13 33 310
25 66 50 58 -2 7 0 0.43 M M 8.7 32 320 M M 5 13 40 310
26 77 46 62 2 3 0 0.00 M M 11.6 23 140 M M 0 29 160
27 79 58 69 9 0 4 0.00 M M 11.2 24 350 M M 3 1 35 340
28 71 50 61 0 4 0 0.00 M M 9.3 21 350 M M 0 31 350
29 75 46 61 0 4 0 0.00 M M 11.2 21 170 M M 0 33 170
30 77 56 67 6 0 2 0.00 M M 13.6 26 190 M M 5 38 170
31 66 49 58 -3 7 0 0.00 M M 15.6 29 20 M M 5 39 360
================================================================================
SM 2183 1516 186 28 2.28 M 373.8 M 93
================================================================================
AV 70.4 48.9 12.1 FASTST M M 3 MAX(MPH)
MISC ----> 33 300 50 300
================================================================================
NOTES:
# LAST OF SEVERAL OCCURRENCES
COLUMN 17 PEAK WIND IN M.P.H.
PRELIMINARY LOCAL CLIMATOLOGICAL DATA (WS FORM: F-6) , PAGE 2
STATION: FORT WORTH MEACHAM
MONTH: MARCH
YEAR: 2021
LATITUDE: 32 49 N
LONGITUDE: 97 21 W
[TEMPERATURE DATA] [PRECIPITATION DATA] SYMBOLS USED IN COLUMN 16
AVERAGE MONTHLY: 59.7 TOTAL FOR MONTH: 2.28 1 = FOG OR MIST
DPTR FM NORMAL: 2.4 DPTR FM NORMAL: -0.88 2 = FOG REDUCING VISIBILITY
HIGHEST: 80 ON 16 GRTST 24HR 0.97 ON 22-22 TO 1/4 MILE OR LESS
LOWEST: 38 ON 19, 3 3 = THUNDER
SNOW, ICE PELLETS, HAIL 4 = ICE PELLETS
TOTAL MONTH: M 5 = HAIL
GRTST 24HR M ON M 6 = FREEZING RAIN OR DRIZZLE
GRTST DEPTH: M ON M 7 = DUSTSTORM OR SANDSTORM:
VSBY 1/2 MILE OR LESS
8 = SMOKE OR HAZE
[NO. OF DAYS WITH] [WEATHER - DAYS WITH] 9 = BLOWING SNOW
X = TORNADO
MAX 32 OR BELOW: 0 0.01 INCH OR MORE: 6
MAX 90 OR ABOVE: 0 0.10 INCH OR MORE: 4
MIN 32 OR BELOW: 0 0.50 INCH OR MORE: 2
MIN 0 OR BELOW: 0 1.00 INCH OR MORE: 0
[HDD (BASE 65) ]
TOTAL THIS MO. 186 CLEAR (SCALE 0-3) 18
DPTR FM NORMAL -84 PTCLDY (SCALE 4-7) 11
TOTAL FM JUL 1 2258 CLOUDY (SCALE 8-10) 2
DPTR FM NORMAL 30
[CDD (BASE 65) ]
TOTAL THIS MO. 28
DPTR FM NORMAL -2 [PRESSURE DATA]
TOTAL FM JAN 1 28 HIGHEST SLP 30.46 ON 31
DPTR FM NORMAL -11 LOWEST SLP 29.54 ON 17
[REMARKS]
#FINAL-03-21#