921
CXUS54 KFWD 110128
CF6FTW
PRELIMINARY LOCAL CLIMATOLOGICAL DATA (WS FORM: F-6)
STATION: FORT WORTH MEACHAM
MONTH: JUNE
YEAR: 2020
LATITUDE: 32 49 N
LONGITUDE: 97 21 W
TEMPERATURE IN F: :PCPN: SNOW: WIND :SUNSHINE: SKY :PK WND
================================================================================
1 2 3 4 5 6A 6B 7 8 9 10 11 12 13 14 15 16 17 18
12Z AVG MX 2MIN
DY MAX MIN AVG DEP HDD CDD WTR SNW DPTH SPD SPD DIR MIN PSBL S-S WX SPD DR
================================================================================
1 83 70 77 -1 0 12 0.00 0.0 0 7.2 13 130 M M 0 17 110
2 89 68 79 1 0 14 0.00 0.0 0 8.6 15 130 M M 3 21 150
3 91 71 81 3 0 16 0.00 0.0 0 8.6 14 170 M M 1 22 180
4 95 73 84 5 0 19 0.00 0.0 0 10.4 24 350 M M 1 32 350
5 95 74 85 6 0 20 0.00 0.0 0 9.0 22 150 M M 1 27 150
6 95 72 84 5 0 19 0.00 0.0 0 6.0 14 80 M M 1 8 20 90
7 93 76 85 6 0 20 0.00 0.0 0 8.1 15 110 M M 1 22 110
8 94 74 84 4 0 19 0.00 0.0 0 4.5 14 150 M M 1 20 160
9 94 69 82 2 0 17 0.00 0.0 0 16.1 28 320 M M 0 8 41 340
10 88 60 74 -6 0 9 0.00 0.0 0 9.1 21 310 M M 0 29 330
11 91 62 77 -3 0 12 0.00 0.0 0 4.0 14 60 M M 0 21 70
12 91 64 78 -2 0 13 0.00 0.0 0 5.1 14 100 M M 0 19 130
13 92 67 80 -1 0 15 0.00 0.0 0 5.7 16 120 M M 0 22 140
14 92 69 81 0 0 16 0.00 0.0 0 7.7 21 120 M M 0 27 130
15 93 70 82 1 0 17 0.00 0.0 0 7.5 17 120 M M 1 24 110
16 94 72 83 2 0 18 0.00 0.0 0 10.5 21 120 M M 1 27 130
17 94 72 83 2 0 18 0.00 0.0 0 13.1 23 150 M M 0 33 180
18 93 72 83 1 0 18 0.00 0.0 0 14.9 24 140 M M 0 32 150
19 94 65 80 -2 0 15 0.67 0.0 0 16.0 40 360 M M 4 138 54 360
20 88 66 77 -5 0 12 0.90 0.0 0 6.9 20 290 M M 3 13 30 290
21 88 65 77 -5 0 12 0.67 0.0 0 11.8 29 150 M M 3 13 35 150
22 90 65 78 -4 0 13 0.86 0.0 0 10.0 38 350 M M 1 13 53 350
23 79 68 74 -8 0 9 1.74 0.0 0 9.7 37 310 M M 5 13 48 310
24 89 69 79 -3 0 14 0.00 0.0 0 7.6 14 40 M M 2 21 30
25 89 73 81 -1 0 16 0.00 0.0 0 6.7 16 150 M M 2 21 150
26 90 73 82 -1 0 17 0.00 0.0 0 12.8 23 170 M M 3 31 180
27 91 74 83 0 0 18 0.00 0.0 0 15.2 24 170 M M 4 8 33 180
28 90 77 84 1 0 19 T 0.0 0 17.9 26 180 M M 5 36 160
29 92 78 85 2 0 20 0.00 0.0 0 18.7 26 180 M M 4 37 180
30 92 79 86 3 0 21 0.00 0.0 0 16.6 25 180 M M 2 35 180
================================================================================
SM 2729 2107 0 478 4.84 0.0 306.0 M 49
================================================================================
AV 91.0 70.2 10.2 FASTST M M 2 MAX(MPH)
MISC ----> # 40 360 # 54 360
================================================================================
NOTES:
# LAST OF SEVERAL OCCURRENCES
COLUMN 17 PEAK WIND IN M.P.H.
PRELIMINARY LOCAL CLIMATOLOGICAL DATA (WS FORM: F-6) , PAGE 2
STATION: FORT WORTH MEACHAM
MONTH: JUNE
YEAR: 2020
LATITUDE: 32 49 N
LONGITUDE: 97 21 W
[TEMPERATURE DATA] [PRECIPITATION DATA] SYMBOLS USED IN COLUMN 16
AVERAGE MONTHLY: 80.6 TOTAL FOR MONTH: 4.84 1 = FOG OR MIST
DPTR FM NORMAL: -0.3 DPTR FM NORMAL: -0.29 2 = FOG REDUCING VISIBILITY
HIGHEST: 95 ON 6, 5 GRTST 24HR 1.74 ON 23-23 TO 1/4 MILE OR LESS
LOWEST: 60 ON 10 3 = THUNDER
SNOW, ICE PELLETS, HAIL 4 = ICE PELLETS
TOTAL MONTH: 0.0 INCH 5 = HAIL
GRTST 24HR 0.0 6 = FREEZING RAIN OR DRIZZLE
GRTST DEPTH: 0 7 = DUSTSTORM OR SANDSTORM:
VSBY 1/2 MILE OR LESS
8 = SMOKE OR HAZE
[NO. OF DAYS WITH] [WEATHER - DAYS WITH] 9 = BLOWING SNOW
X = TORNADO
MAX 32 OR BELOW: 0 0.01 INCH OR MORE: 5
MAX 90 OR ABOVE: 22 0.10 INCH OR MORE: 5
MIN 32 OR BELOW: 0 0.50 INCH OR MORE: 5
MIN 0 OR BELOW: 0 1.00 INCH OR MORE: 1
[HDD (BASE 65) ]
TOTAL THIS MO. 0 CLEAR (SCALE 0-3) 24
DPTR FM NORMAL 0 PTCLDY (SCALE 4-7) 6
TOTAL FM JUL 1 2269 CLOUDY (SCALE 8-10) 0
DPTR FM NORMAL -104
[CDD (BASE 65) ]
TOTAL THIS MO. 478
DPTR FM NORMAL 2 [PRESSURE DATA]
TOTAL FM JAN 1 898 HIGHEST SLP 30.29 ON 12
DPTR FM NORMAL 25 LOWEST SLP 29.53 ON 9
[REMARKS]
#FINAL-06-20#