000
CXUS54 KTSA 011100
CLMFYV
CLIMATE REPORT
NATIONAL WEATHER SERVICE TULSA OK
600 AM CDT FRI SEP 01 2023
...................................
...THE FAYETTEVILLE ARKANSAS CLIMATE SUMMARY FOR THE MONTH OF AUGUST 2023...
CLIMATE NORMAL PERIOD 1991 TO 2020
CLIMATE RECORD PERIOD 1905 TO 2023
WEATHER OBSERVED NORMAL DEPART LAST YEAR`S
VALUE DATE(S) VALUE FROM VALUE DATE(S)
NORMAL
................................................................
TEMPERATURE (F)
RECORD
HIGH 110 08/03/2011
LOW 45 08/22/1956
HIGHEST 103 08/20 109 -6 97 08/15
08/21
LOWEST 56 08/16 44 12 60 08/25
AVG. MAXIMUM 93.0 89.0 4.0 89.9
AVG. MINIMUM 68.4 64.9 3.5 67.7
MEAN 80.7 76.9 3.8 78.8
DAYS MAX >= 90 19 15.0 4.0 20
DAYS MAX <= 32 0 0.0 0.0 0
DAYS MIN <= 32 0 0.0 0.0 0
DAYS MIN <= 0 0 0.0 0.0 0
PRECIPITATION (INCHES)
RECORD
MAXIMUM 9.12 1964
MINIMUM 0.02 2010
TOTALS 3.37 3.17 0.20 4.58
DAILY AVG. 0.11 0.10 0.01 0.15
DAYS >= .01 9 8.4 -8.4 6
DAYS >= .10 8 4.6 -4.6 6
DAYS >= .50 3 2.0 -2.0 3
DAYS >= 1.00 0 1.1 -1.1 2
GREATEST
24 HR. TOTAL 1.59 08/13 TO 08/14
DEGREE DAYS
HEATING TOTAL 0 1 -1 0
SINCE 7/1 0 0 0 MM
COOLING TOTAL 493 372 121 435
SINCE 1/1 1474 1159 315 MM
................................................................
WIND (MPH)
AVERAGE WIND SPEED 4.0
HIGHEST WIND SPEED/DIRECTION 37/310 DATE 08/13
HIGHEST GUST SPEED/DIRECTION 54/320 DATE 08/13
SKY COVER
POSSIBLE SUNSHINE (PERCENT) MM
AVERAGE SKY COVER 0.13
NUMBER OF DAYS FAIR 27
NUMBER OF DAYS PC 4
NUMBER OF DAYS CLOUDY 0
AVERAGE RH (PERCENT) 65
WEATHER CONDITIONS. NUMBER OF DAYS WITH
THUNDERSTORM 9 MIXED PRECIP 0
HEAVY RAIN 5 RAIN 7
LIGHT RAIN 9 FREEZING RAIN 0
LT FREEZING RAIN 0 HAIL 0
HEAVY SNOW 0 SNOW 0
LIGHT SNOW 0 SLEET 0
FOG 22 FOG W/VIS <= 1/4 MILE 2
HAZE 8
- INDICATES NEGATIVE NUMBERS.
R INDICATES RECORD WAS SET OR TIED.
MM INDICATES DATA IS MISSING.
T INDICATES TRACE AMOUNT.
$$