000
CXUS53 KUNR 011533
CF6GCC
PRELIMINARY LOCAL CLIMATOLOGICAL DATA (WS FORM: F-6)
STATION: GILLETTE AIRPORT WY
MONTH: APRIL
YEAR: 2022
LATITUDE: 44 20 N
LONGITUDE: 105 32 W
TEMPERATURE IN F: :PCPN: SNOW: WIND :SUNSHINE: SKY :PK WND
================================================================================
1 2 3 4 5 6A 6B 7 8 9 10 11 12 13 14 15 16 17 18
12Z AVG MX 2MIN
DY MAX MIN AVG DEP HDD CDD WTR SNW DPTH SPD SPD DIR MIN PSBL S-S WX SPD DR
================================================================================
1 46 23 35 -5 30 0 0.01 M M 8.1 20 320 M M 7 1 28 320
2 64 22 43 3 22 0 T M M 14.2 49 310 M M 1 65 300
3 53 26 40 0 25 0 0.00 M M 15.5 31 320 M M 0 41 310
4 64 30 47 7 18 0 T M M 13.8 38 280 M M 2 50 290
5 46 31 39 -2 26 0 0.02 M M 26.9 44 300 M M 6 1 56 320
6 45 25 35 -6 30 0 T M M 29.8 47 330 M M 4 8 62 330
7 49 26 38 -3 27 0 0.00 M M 21.7 30 350 M M 1 47 350
8 69 15 42 1 23 0 0.00 M M 9.0 23 170 M M 0 30 170
9 57 30 44 3 21 0 0.00 M M 14.7 31 340 M M 5 41 10
10 40 24 32 -9 33 0 0.07 M M 12.3 28 300 M M 8 12 33 300
11 47 16 32 -10 33 0 0.01 M M 6.3 20 140 M M 4 1 24 130
12 34 10 22 -20 43 0 0.29 M M 20.5 32 320 M M 9 1268 41 320
13 18 8 13 -29 52 0 T M M 23.9 38 310 M M 7 18 48 310
14 24 4 14 -28 51 0 0.00 M M 11.0 24 320 M M 3 28 320
15 28 16 22 -20 43 0 T M M 7.0 14 350 M M 10 8 17 340
16 47 12 30 -12 35 0 0.00 M M 18.4 36 150 M M 3 49 150
17 45 26 36 -6 29 0 0.00 M M 19.5 40 320 M M 4 56 330
18 55 28 42 -1 23 0 0.00 M M 16.0 30 160 M M 2 38 150
19 72 39 56 13 9 0 0.01 M M 16.1 31 160 M M 3 40 160
20 57 21 39 -4 26 0 T M M 12.3 29 310 M M 3 37 330
21 70 20 45 2 20 0 0.00 M M 18.4 39 160 M M 0 53 170
22 61 27 44 0 21 0 0.53 M M 12.2 31 340 M M 3 1 39 340
23 34 29 32 -12 33 0 0.59 M M 29.5 45 310 M M 9 12 63 300
24 41 31 36 -8 29 0 0.15 M M 22.4 38 310 M M 0 19 50 320
25 51 29 40 -4 25 0 0.00 M M 11.5 17 170 M M 0 22 190
26 65 33 49 4 16 0 0.00 M M 12.9 25 180 M M 0 32 170
27 62 34 48 3 17 0 T M M 8.1 29 160 M M 1 39 150
28 61 41 51 5 14 0 0.26 M M 9.0 23 150 M M 6 13 29 150
29 47 35 41 -5 24 0 0.74 M M 13.9 30 250 M M 10 1238 38 300
30 51 31 41 -5 24 0 0.01 M M 15.3 28 310 M M 7 39 320
================================================================================
SM 1503 742 822 0 2.69 M 470.2 M 118
================================================================================
AV 50.1 24.7 15.7 FASTST M M 4 MAX(MPH)
MISC ----> 49 310 65 300
================================================================================
NOTES:
# LAST OF SEVERAL OCCURRENCES
COLUMN 17 PEAK WIND IN M.P.H.
PRELIMINARY LOCAL CLIMATOLOGICAL DATA (WS FORM: F-6) , PAGE 2
STATION: GILLETTE AIRPORT WY
MONTH: APRIL
YEAR: 2022
LATITUDE: 44 20 N
LONGITUDE: 105 32 W
[TEMPERATURE DATA] [PRECIPITATION DATA] SYMBOLS USED IN COLUMN 16
AVERAGE MONTHLY: 37.4 TOTAL FOR MONTH: 2.69 1 = FOG OR MIST
DPTR FM NORMAL: -5.1 DPTR FM NORMAL: 1.09 2 = FOG REDUCING VISIBILITY
HIGHEST: 72 ON 19 GRTST 24HR 0.97 ON 22-23 TO 1/4 MILE OR LESS
LOWEST: 4 ON 14 3 = THUNDER
SNOW, ICE PELLETS, HAIL 4 = ICE PELLETS
TOTAL MONTH: M 5 = HAIL
GRTST 24HR M ON M 6 = FREEZING RAIN OR DRIZZLE
GRTST DEPTH: M ON M 7 = DUSTSTORM OR SANDSTORM:
VSBY 1/2 MILE OR LESS
8 = SMOKE OR HAZE
[NO. OF DAYS WITH] [WEATHER - DAYS WITH] 9 = BLOWING SNOW
X = TORNADO
MAX 32 OR BELOW: 3 0.01 INCH OR MORE: 12
MAX 90 OR ABOVE: 0 0.10 INCH OR MORE: 6
MIN 32 OR BELOW: 25 0.50 INCH OR MORE: 3
MIN 0 OR BELOW: 0 1.00 INCH OR MORE: 0
[HDD (BASE 65) ]
TOTAL THIS MO. 822 CLEAR (SCALE 0-3) 15
DPTR FM NORMAL 148 PTCLDY (SCALE 4-7) 11
TOTAL FM JUL 1 6506 CLOUDY (SCALE 8-10) 4
DPTR FM NORMAL -446
[CDD (BASE 65) ]
TOTAL THIS MO. 0
DPTR FM NORMAL 0 [PRESSURE DATA]
TOTAL FM JAN 1 0 HIGHEST SLP 30.47 ON 7
DPTR FM NORMAL 0 LOWEST SLP 29.21 ON 4
[REMARKS]
#FINAL-04-22#