000
CXUS54 KFWD 010731
CF6GDJ
PRELIMINARY LOCAL CLIMATOLOGICAL DATA (WS FORM: F-6)
STATION: GRANBURY
MONTH: MAY
YEAR: 2020
LATITUDE: 32 26 N
LONGITUDE: 97 48 W
TEMPERATURE IN F: :PCPN: SNOW: WIND :SUNSHINE: SKY :PK WND
================================================================================
1 2 3 4 5 6A 6B 7 8 9 10 11 12 13 14 15 16 17 18
12Z AVG MX 2MIN
DY MAX MIN AVG DEP HDD CDD WTR SNW DPTH SPD SPD DIR MIN PSBL S-S WX SPD DR
================================================================================
1 92 61 77 8 0 12 0.00 0.0 0 12.8 23 180 M M 0 31 190
2 94 67 81 12 0 16 0.00 0.0 0 13.3 20 170 M M 0 27 170
3 98 70 84 15 0 19 0.00 0.0 0 10.8 14 140 M M 0 18 180
4 99 71 85 16 0 20 0.00 0.0 0 11.7 20 160 M M 0 25 160
5 82 60 71 1 0 6 0.00 0.0 0 10.6 22 20 M M 4 32 20
6 84 48 66 -4 0 1 0.00 0.0 0 4.4 12 120 M M 0 M M
7 87 60 74 4 0 9 0.00 0.0 0 13.7 27 170 M M 4 3 36 160
8 78 54 66 -4 0 1 0.00 0.0 0 14.6 22 340 M M 4 33 350
9 76 48 62 -8 3 0 0.00 0.0 0 6.1 10 90 M M 1 18 90
10 79 49 64 -7 1 0 0.00 0.0 0 5.2 13 110 M M 0 20 110
11 83 54 69 -2 0 4 0.00 0.0 0 8.9 17 120 M M 1 23 130
12 80 69 75 4 0 10 0.11 0.0 0 9.4 15 160 M M 6 3 20 160
13 87 67 77 5 0 12 0.00 0.0 0 11.0 18 140 M M 6 8 23 160
14 92 73 83 11 0 18 0.00 0.0 0 11.2 15 170 M M 5 24 150
15 90 62 76 4 0 11 1.35 0.0 0 11.5 16 350 M M 6 3 37 50
16 67 62 65 -7 0 0 0.92 0.0 0 8.5 21 60 M M 9 3 24 60
17 87 64 76 4 0 11 0.00 0.0 0 6.4 15 320 M M 1 21 330
18 95 62 79 6 0 14 0.00 0.0 0 4.7 10 230 M M 0 M M
19 96 69 83 10 0 18 0.00 0.0 0 6.3 14 80 M M 0 M M
20 86 72 79 6 0 14 0.00 0.0 0 9.2 16 80 M M 7 8 18 80
21 90 71 81 8 0 16 0.02 0.0 0 8.0 16 140 M M 4 13 20 130
22 94 66 80 6 0 15 0.49 0.0 0 10.8 18 250 M M 2 3 27 250
23 93 69 81 7 0 16 0.00 0.0 0 12.2 20 30 M M 6 31 30
24 92 68 80 6 0 15 0.51 0.0 0 12.7 29 100 M M 6 3 39 100
25 76 65 71 -3 0 6 0.77 0.0 0 4.7 8 300 M M 7 M M
26 80 63 72 -3 0 7 0.00 0.0 0 6.3 14 310 M M 5 21 310
27 86 58 72 -3 0 7 0.06 0.0 0 3.1 10 50 M M 3 1 M M
28 87 63 75 0 0 10 0.00 0.0 0 4.4 9 10 M M 2 M M
29 88 64 76 1 0 11 0.00 0.0 0 6.4 13 40 M M 0 21 40
30 87 61 74 -2 0 9 0.00 0.0 0 4.9 10 30 M M 0 M M
31 87 61 74 -2 0 9 0.00 0.0 0 4.1 9 90 M M 2 16 100
================================================================================
SM 2692 1951 4 317 4.23 0.0 267.9 M 91
================================================================================
AV 86.8 62.9 8.6 FASTST M M 3 MAX(MPH)
MISC ----> # 29 100 # 39 100
================================================================================
NOTES:
# LAST OF SEVERAL OCCURRENCES
COLUMN 17 PEAK WIND IN M.P.H.
PRELIMINARY LOCAL CLIMATOLOGICAL DATA (WS FORM: F-6) , PAGE 2
STATION: GRANBURY
MONTH: MAY
YEAR: 2020
LATITUDE: 32 26 N
LONGITUDE: 97 48 W
[TEMPERATURE DATA] [PRECIPITATION DATA] SYMBOLS USED IN COLUMN 16
AVERAGE MONTHLY: 74.9 TOTAL FOR MONTH: 4.23 1 = FOG OR MIST
DPTR FM NORMAL: 2.7 DPTR FM NORMAL: M 2 = FOG REDUCING VISIBILITY
HIGHEST: 99 ON 4 GRTST 24HR 1.35 ON 15-15 TO 1/4 MILE OR LESS
LOWEST: 48 ON 9, 6 3 = THUNDER
SNOW, ICE PELLETS, HAIL 4 = ICE PELLETS
TOTAL MONTH: 0.0 INCH 5 = HAIL
GRTST 24HR 0.0 6 = FREEZING RAIN OR DRIZZLE
GRTST DEPTH: 0 7 = DUSTSTORM OR SANDSTORM:
VSBY 1/2 MILE OR LESS
8 = SMOKE OR HAZE
[NO. OF DAYS WITH] [WEATHER - DAYS WITH] 9 = BLOWING SNOW
X = TORNADO
MAX 32 OR BELOW: 0 0.01 INCH OR MORE: 8
MAX 90 OR ABOVE: 12 0.10 INCH OR MORE: 6
MIN 32 OR BELOW: 0 0.50 INCH OR MORE: 4
MIN 0 OR BELOW: 0 1.00 INCH OR MORE: 1
[HDD (BASE 65) ]
TOTAL THIS MO. 4 CLEAR (SCALE 0-3) 17
DPTR FM NORMAL -5 PTCLDY (SCALE 4-7) 13
TOTAL FM JUL 1 2069 CLOUDY (SCALE 8-10) 1
DPTR FM NORMAL -596
[CDD (BASE 65) ]
TOTAL THIS MO. 317
DPTR FM NORMAL 85 [PRESSURE DATA]
TOTAL FM JAN 1 540 HIGHEST SLP M ON M
DPTR FM NORMAL 206 LOWEST SLP M ON M
[REMARKS]
#FINAL-05-20#