000
CXUS56 KOTX 011600
CF6GEG
PRELIMINARY LOCAL CLIMATOLOGICAL DATA (WS FORM: F-6)
STATION: SPOKANE WA AIRPORT
MONTH: SEPTEMBER
YEAR: 2021
LATITUDE: 47 37 N
LONGITUDE: 117 32 W
TEMPERATURE IN F: :PCPN: SNOW: WIND :SUNSHINE: SKY :PK WND
================================================================================
1 2 3 4 5 6A 6B 7 8 9 10 11 12 13 14 15 16 17 18
12Z AVG MX 2MIN
DY MAX MIN AVG DEP HDD CDD WTR SNW DPTH SPD SPD DIR MIN PSBL S-S WX SPD DR
================================================================================
1 71 42 57 -9 8 0 0.00 0.0 0 5.4 14 340 M M 2 19 310
2 75 47 61 -5 4 0 0.00 0.0 0 3.9 9 70 M M 1 14 280
3 79 50 65 0 0 0 0.00 0.0 0 4.6 15 250 M M 3 18 260
4 82 55 69 4 0 4 0.00 0.0 0 5.7 15 220 M M 6 20 200
5 85 58 72 7 0 7 0.00 0.0 0 10.1 21 230 M M 3 8 26 200
6 81 58 70 6 0 5 0.00 0.0 0 8.6 17 200 M M 2 21 230
7 88 55 72 8 0 7 0.00 0.0 0 4.6 12 70 M M 6 14 50
8 86 60 73 9 0 8 0.00 0.0 0 9.3 25 250 M M 7 8 33 230
9 86 59 73 9 0 8 0.00 0.0 0 5.8 12 220 M M 7 8 16 240
10 74 57 66 3 0 1 0.17 0.0 0 7.3 25 240 M M 10 18 29 240
11 71 54 63 0 2 0 0.08 0.0 0 10.3 23 220 M M 6 1 28 220
12 74 53 64 2 1 0 T 0.0 0 6.1 16 230 M M 6 19 210
13 72 51 62 0 3 0 0.00 0.0 0 6.3 18 290 M M 4 26 310
14 75 48 62 0 3 0 0.00 0.0 0 9.1 18 230 M M 5 22 200
15 73 51 62 0 3 0 T 0.0 0 15.7 30 260 M M 7 39 260
16 65 41 53 -8 12 0 0.00 0.0 0 6.0 16 280 M M 3 20 280
17 68 46 57 -4 8 0 0.01 0.0 0 6.4 17 200 M M 9 22 210
18 65 50 58 -2 7 0 0.42 0.0 0 11.9 29 250 M M 9 18 33 250
19 63 48 56 -4 9 0 T 0.0 0 12.2 24 240 M M 8 3 30 260
20 64 45 55 -5 10 0 0.00 0.0 0 7.1 14 230 M M 5 23 200
21 73 43 58 -1 7 0 0.00 0.0 0 6.1 13 50 M M 1 17 130
22 71 49 60 1 5 0 0.00 0.0 0 7.6 15 220 M M 4 19 220
23 71 48 60 2 5 0 0.00 0.0 0 6.6 13 250 M M 4 17 220
24 77 48 63 5 2 0 0.00 0.0 0 4.2 10 60 M M 2 8 14 50
25 79 53 66 8 0 1 0.00 0.0 0 6.6 14 210 M M 4 17 190
26 77 55 66 9 0 1 0.00 0.0 0 10.3 21 220 M M 6 26 210
27 71 49 60 3 5 0 0.36 0.0 0 13.3 26 290 M M 8 1 33 280
28 58 47 53 -3 12 0 0.11 0.0 0 13.6 24 230 M M 7 1 27 230
29 59 41 50 -6 15 0 0.00 0.0 0 8.1 17 220 M M 5 24 190
30 73 43 58 2 7 0 0.20 0.0 0 8.7 28 280 M M 6 1 32 280
================================================================================
SM 2206 1504 128 42 1.35 0.0 241.5 M 156
================================================================================
AV 73.5 50.1 8.1 FASTST M M 5 MAX(MPH)
MISC ----> 30 260 39 260
================================================================================
NOTES:
# LAST OF SEVERAL OCCURRENCES
COLUMN 17 PEAK WIND IN M.P.H.
PRELIMINARY LOCAL CLIMATOLOGICAL DATA (WS FORM: F-6) , PAGE 2
STATION: SPOKANE WA AIRPORT
MONTH: SEPTEMBER
YEAR: 2021
LATITUDE: 47 37 N
LONGITUDE: 117 32 W
[TEMPERATURE DATA] [PRECIPITATION DATA] SYMBOLS USED IN COLUMN 16
AVERAGE MONTHLY: 61.8 TOTAL FOR MONTH: 1.35 1 = FOG OR MIST
DPTR FM NORMAL: 0.7 DPTR FM NORMAL: 0.77 2 = FOG REDUCING VISIBILITY
HIGHEST: 88 ON 7 GRTST 24HR 0.47 ON 27-28 TO 1/4 MILE OR LESS
LOWEST: 41 ON 29,16 3 = THUNDER
SNOW, ICE PELLETS, HAIL 4 = ICE PELLETS
TOTAL MONTH: 0.0 INCH 5 = HAIL
GRTST 24HR 0.0 6 = FREEZING RAIN OR DRIZZLE
GRTST DEPTH: 0 7 = DUSTSTORM OR SANDSTORM:
VSBY 1/2 MILE OR LESS
8 = SMOKE OR HAZE
[NO. OF DAYS WITH] [WEATHER - DAYS WITH] 9 = BLOWING SNOW
X = TORNADO
MAX 32 OR BELOW: 0 0.01 INCH OR MORE: 7
MAX 90 OR ABOVE: 0 0.10 INCH OR MORE: 5
MIN 32 OR BELOW: 0 0.50 INCH OR MORE: 0
MIN 0 OR BELOW: 0 1.00 INCH OR MORE: 0
[HDD (BASE 65) ]
TOTAL THIS MO. 128 CLEAR (SCALE 0-3) 7
DPTR FM NORMAL -34 PTCLDY (SCALE 4-7) 19
TOTAL FM JUL 1 153 CLOUDY (SCALE 8-10) 4
DPTR FM NORMAL -63
[CDD (BASE 65) ]
TOTAL THIS MO. 42
DPTR FM NORMAL -3 [PRESSURE DATA]
TOTAL FM JAN 1 919 HIGHEST SLP 30.40 ON 21
DPTR FM NORMAL 405 LOWEST SLP 29.58 ON 18
[REMARKS]
#FINAL-09-21#