000
CXUS56 KOTX 010900
CF6GEG
PRELIMINARY LOCAL CLIMATOLOGICAL DATA (WS FORM: F-6)
STATION: SPOKANE WA AIRPORT
MONTH: FEBRUARY
YEAR: 2020
LATITUDE: 47 37 N
LONGITUDE: 117 32 W
TEMPERATURE IN F: :PCPN: SNOW: WIND :SUNSHINE: SKY :PK WND
================================================================================
1 2 3 4 5 6A 6B 7 8 9 10 11 12 13 14 15 16 17 18
12Z AVG MX 2MIN
DY MAX MIN AVG DEP HDD CDD WTR SNW DPTH SPD SPD DIR MIN PSBL S-S WX SPD DR
================================================================================
1 53 32 43 12 22 0 T 0.0 0 26.3 43 230 M M 8 52 240
2 38 24 31 -1 34 0 0.00 0.0 0 5.6 15 260 M M 2 18 240
3 34 19 27 -5 38 0 0.00 0.0 0 5.8 12 260 M M 4 13 260
4 29 16 23 -9 42 0 0.05 0.5 1 8.2 16 210 M M 7 128 21 210
5 33 27 30 -2 35 0 0.30 2.7 2 4.7 9 220 M M 10 12 12 200
6 37 31 34 2 31 0 0.22 0.5 2 2.7 8 230 M M 10 126 9 230
7 40 32 36 4 29 0 0.06 T 2 5.8 31 230 M M 8 12 38 240
8 43 31 37 5 28 0 0.02 T 1 11.4 33 240 M M 7 15 39 240
9 34 26 30 -2 35 0 0.00 0.0 0 7.9 20 240 M M 6 1 23 240
10 42 27 35 3 30 0 0.00 0.0 0 4.8 13 360 M M 4 16 350
11 48 29 39 7 26 0 0.00 0.0 0 10.9 26 210 M M 5 33 210
12 43 28 36 4 29 0 0.00 0.0 0 6.4 14 210 M M 2 17 210
13 45 26 36 4 29 0 T T 0 9.6 21 210 M M 5 27 200
14 45 31 38 5 27 0 0.00 0.0 0 15.8 24 220 M M 6 29 230
15 39 31 35 2 30 0 0.05 0.1 0 13.5 24 200 M M 10 1 31 210
16 45 30 38 5 27 0 T T 0 12.0 24 280 M M 7 125 29 280
17 41 25 33 0 32 0 T T 0 6.1 15 260 M M 5 21 260
18 41 25 33 0 32 0 0.00 0.0 0 4.2 14 340 M M 4 17 330
19 40 22 31 -3 34 0 0.00 0.0 0 4.7 13 70 M M 1 14 70
20 43 23 33 -1 32 0 0.00 0.0 0 5.3 12 70 M M 1 15 70
21 47 23 35 1 30 0 0.00 0.0 0 4.7 14 220 M M 1 15 220
22 47 30 39 5 26 0 0.00 0.0 0 7.8 21 220 M M 6 24 220
23 43 32 38 4 27 0 0.19 T 0 16.0 37 260 M M 9 15 45 260
24 43 29 36 2 29 0 0.00 0.0 0 15.9 28 230 M M 5 35 220
25 41 25 33 -2 32 0 0.00 0.0 0 4.0 9 160 M M 7 12 160
26 48 33 41 6 24 0 0.00 0.0 0 6.2 16 270 M M 7 22 270
27 51 30 41 6 24 0 0.00 0.0 0 7.0 15 230 M M 6 21 120
28 60 31 46 10 19 0 0.00 0.0 0 11.9 30 220 M M 4 36 220
29 47 27 37 1 28 0 0.00 0.0 0 16.6 28 230 M M 6 34 230
================================================================================
SM 1240 795 861 0 0.89 3.8 261.8 M 163
================================================================================
AV 42.8 27.4 9.0 FASTST M M 6 MAX(MPH)
MISC ----> # 43 230 # 52 240
================================================================================
NOTES:
# LAST OF SEVERAL OCCURRENCES
COLUMN 17 PEAK WIND IN M.P.H.
PRELIMINARY LOCAL CLIMATOLOGICAL DATA (WS FORM: F-6) , PAGE 2
STATION: SPOKANE WA AIRPORT
MONTH: FEBRUARY
YEAR: 2020
LATITUDE: 47 37 N
LONGITUDE: 117 32 W
[TEMPERATURE DATA] [PRECIPITATION DATA] SYMBOLS USED IN COLUMN 16
AVERAGE MONTHLY: 35.1 TOTAL FOR MONTH: 0.89 1 = FOG OR MIST
DPTR FM NORMAL: 2.1 DPTR FM NORMAL: -0.44 2 = FOG REDUCING VISIBILITY
HIGHEST: 60 ON 28 GRTST 24HR 0.30 ON 5- 5 TO 1/4 MILE OR LESS
LOWEST: 16 ON 4 3 = THUNDER
SNOW, ICE PELLETS, HAIL 4 = ICE PELLETS
TOTAL MONTH: 3.8 INCHES 5 = HAIL
GRTST 24HR 2.7 ON 5- 5 6 = FREEZING RAIN OR DRIZZLE
GRTST DEPTH: 2 ON 7, 6 7 = DUSTSTORM OR SANDSTORM:
VSBY 1/2 MILE OR LESS
8 = SMOKE OR HAZE
[NO. OF DAYS WITH] [WEATHER - DAYS WITH] 9 = BLOWING SNOW
X = TORNADO
MAX 32 OR BELOW: 1 0.01 INCH OR MORE: 7
MAX 90 OR ABOVE: 0 0.10 INCH OR MORE: 3
MIN 32 OR BELOW: 28 0.50 INCH OR MORE: 0
MIN 0 OR BELOW: 0 1.00 INCH OR MORE: 0
[HDD (BASE 65) ]
TOTAL THIS MO. 861 CLEAR (SCALE 0-3) 5
DPTR FM NORMAL -35 PTCLDY (SCALE 4-7) 19
TOTAL FM JUL 1 4576 CLOUDY (SCALE 8-10) 5
DPTR FM NORMAL -282
[CDD (BASE 65) ]
TOTAL THIS MO. 0
DPTR FM NORMAL 0 [PRESSURE DATA]
TOTAL FM JAN 1 0 HIGHEST SLP 0.00 ON 27
DPTR FM NORMAL 0 LOWEST SLP 29.76 ON M
[REMARKS]
#FINAL-02-20#