000
CXUS55 KRIW 011010
CF6GEY
PRELIMINARY LOCAL CLIMATOLOGICAL DATA (WS FORM: F-6)
STATION: GREYBULL WY
MONTH: OCTOBER
YEAR: 2022
LATITUDE: 44 30 N
LONGITUDE: 108 4 W
TEMPERATURE IN F: :PCPN: SNOW: WIND :SUNSHINE: SKY :PK WND
================================================================================
1 2 3 4 5 6A 6B 7 8 9 10 11 12 13 14 15 16 17 18
12Z AVG MX 2MIN
DY MAX MIN AVG DEP HDD CDD WTR SNW DPTH SPD SPD DIR MIN PSBL S-S WX SPD DR
================================================================================
1 61 46 54 0 11 0 0.06 M M 2.3 10 170 M M 8 1 13 160
2 62 43 53 0 12 0 0.03 M M 3.0 10 50 M M 8 12 14 320
3 67 47 57 4 8 0 T M M 5.7 16 350 M M 6 20 350
4 71 42 57 5 8 0 0.00 M M 5.3 14 330 M M 2 19 310
5 72 39 56 4 9 0 0.00 M M 2.9 8 100 M M 0 12 110
6 66 38 52 1 13 0 0.00 M M 8.7 23 320 M M 1 31 320
7 61 41 51 0 14 0 0.00 M M 2.1 8 350 M M 6 11 300
8 69 35 52 2 13 0 0.00 M M 2.0 9 100 M M 0 1 14 100
9 74 34 54 4 11 0 0.00 M M 1.9 9 320 M M 0 11 320
10 77 35 56 7 9 0 0.00 M M 4.3 12 100 M M 0 18 150
11 61 39 50 1 15 0 T M M 9.9 35 350 M M 3 47 10
12 60 32 46 -2 19 0 0.00 M M 11.6 25 330 M M 2 31 330
13 66 39 53 5 12 0 0.00 M M 6.1 21 300 M M 1 28 300
14 72 30 51 3 14 0 0.00 M M 6.3 20 340 M M 0 27 350
15 62 37 50 3 15 0 0.00 M M 14.2 29 340 M M 2 44 360
16 61 30 46 0 19 0 0.00 M M 3.5 8 120 M M 0 11 120
17 68 29 49 3 16 0 0.00 M M 1.3 7 120 M M 0 10 120
18 73 30 52 6 13 0 0.00 M M 1.4 8 270 M M 0 10 130
19 72 30 51 6 14 0 0.00 M M 1.9 9 110 M M 0 13 110
20 76 28 52 7 13 0 0.00 M M 4.1 10 150 M M 0 17 180
21 74 40 57 13 8 0 0.00 M M 3.7 12 310 M M 1 16 240
22 62 45 54 10 11 0 0.02 M M 7.5 23 330 M M 7 31 320
23 46 32 39 -4 26 0 0.12 M M 17.6 31 320 M M 10 1 39 320
24 46 30 38 -5 27 0 T M M 7.7 26 330 M M 4 1 35 320
25 54 30 42 0 23 0 0.00 M M 4.6 15 290 M M 4 19 290
26 45 23 34 -8 31 0 0.00 M M 3.2 8 250 M M 0 12 100
27 51 18 35 -6 30 0 0.00 M M 2.9 13 130 M M 0 16 130
28 60 16 38 -3 27 0 0.00 M M 3.4 13 170 M M 0 19 130
29 58 22 40 0 25 0 0.00 M M 1.9 8 150 M M 0 11 180
30 60 20 40 0 25 0 0.00 M M 3.8 13 130 M M 0 15 130
31 62 25 44 5 21 0 0.00 M M 3.7 12 110 M M 0 14 80
================================================================================
SM 1969 1025 512 0 0.23 M 158.5 M 65
================================================================================
AV 63.5 33.1 5.1 FASTST M M 2 MAX(MPH)
MISC ----> 35 350 47 10
================================================================================
NOTES:
# LAST OF SEVERAL OCCURRENCES
COLUMN 17 PEAK WIND IN M.P.H.
PRELIMINARY LOCAL CLIMATOLOGICAL DATA (WS FORM: F-6) , PAGE 2
STATION: GREYBULL WY
MONTH: OCTOBER
YEAR: 2022
LATITUDE: 44 30 N
LONGITUDE: 108 4 W
[TEMPERATURE DATA] [PRECIPITATION DATA] SYMBOLS USED IN COLUMN 16
AVERAGE MONTHLY: 48.3 TOTAL FOR MONTH: 0.23 1 = FOG OR MIST
DPTR FM NORMAL: 1.8 DPTR FM NORMAL: -0.37 2 = FOG REDUCING VISIBILITY
HIGHEST: 77 ON 10 GRTST 24HR 0.18 ON 30- 1 TO 1/4 MILE OR LESS
LOWEST: 16 ON 28 3 = THUNDER
SNOW, ICE PELLETS, HAIL 4 = ICE PELLETS
TOTAL MONTH: M 5 = HAIL
GRTST 24HR M ON M 6 = FREEZING RAIN OR DRIZZLE
GRTST DEPTH: M ON M 7 = DUSTSTORM OR SANDSTORM:
VSBY 1/2 MILE OR LESS
8 = SMOKE OR HAZE
[NO. OF DAYS WITH] [WEATHER - DAYS WITH] 9 = BLOWING SNOW
X = TORNADO
MAX 32 OR BELOW: 0 0.01 INCH OR MORE: 4
MAX 90 OR ABOVE: 0 0.10 INCH OR MORE: 1
MIN 32 OR BELOW: 16 0.50 INCH OR MORE: 0
MIN 0 OR BELOW: 0 1.00 INCH OR MORE: 0
[HDD (BASE 65) ]
TOTAL THIS MO. 512 CLEAR (SCALE 0-3) 23
DPTR FM NORMAL -63 PTCLDY (SCALE 4-7) 6
TOTAL FM JUL 1 592 CLOUDY (SCALE 8-10) 2
DPTR FM NORMAL -170
[CDD (BASE 65) ]
TOTAL THIS MO. 0
DPTR FM NORMAL -2 [PRESSURE DATA]
TOTAL FM JAN 1 943 HIGHEST SLP 30.46 ON 7
DPTR FM NORMAL 199 LOWEST SLP 29.17 ON 22
[REMARKS]
#FINAL-10-22#