000
CXUS53 KIND 010700
CF6GEZ
PRELIMINARY LOCAL CLIMATOLOGICAL DATA (WS FORM: F-6)
STATION: SHELBYVILLE IN
MONTH: NOVEMBER
YEAR: 2023
LATITUDE: 39 35 N
LONGITUDE: 85 48 W
TEMPERATURE IN F: :PCPN: SNOW: WIND :SUNSHINE: SKY :PK WND
================================================================================
1 2 3 4 5 6A 6B 7 8 9 10 11 12 13 14 15 16 17 18
12Z AVG MX 2MIN
DY MAX MIN AVG DEP HDD CDD WTR SNW DPTH SPD SPD DIR MIN PSBL S-S WX SPD DR
================================================================================
1 49 30 40 -10 25 0 0.00 M M 3.5 12 300 M M 4 16 320
2 57 30 44 -5 21 0 0.00 M M 9.7 18 210 M M 0 27 200
3 63 35 49 0 16 0 0.00 M M 11.7 24 230 M M 0 33 220
4 69 47 58 10 7 0 0.00 M M 8.9 16 250 M M 3 24 230
5 65 35 50 2 15 0 0.00 M M 2.2 7 350 M M 2 128 10 280
6 77 38 58 10 7 0 0.00 M M 12.5 29 220 M M 4 39 210
7 75 46 61 14 4 0 0.00 M M 6.5 13 80 M M 2 18 17 80
8 82 52 67 20 0 2 0.00 M M 15.4 29 190 M M 5 41 190
9 72 48 60 14 5 0 T M M 9.0 20 320 M M 4 8 27 320
10 63 36 50 4 15 0 0.00 M M 7.4 20 300 M M 0 25 280
11 54 27 41 -5 24 0 0.00 M M 5.8 15 60 M M 0 21 70
12 60 32 46 1 19 0 0.00 M M 8.0 15 120 M M 0 19 120
13 67 35 51 6 14 0 0.00 M M 5.9 16 310 M M 0 23 320
14 65 26 46 2 19 0 0.00 M M 4.9 13 170 M M 0 17 140
15 69 30 50 6 15 0 0.00 M M 5.2 15 220 M M 0 20 210
16 69 34 52 8 13 0 T M M 8.1 21 190 M M 2 25 190
17 63 41 52 9 13 0 0.47 M M 11.4 17 350 M M 10 1 24 360
18 52 30 41 -2 24 0 0.00 M M 3.6 14 360 M M 1 19 350
19 61 31 46 3 19 0 0.00 M M 2.8 6 190 M M 0 7 210
20 54 43 49 7 16 0 0.08 M M 12.8 22 80 M M 5 31 80
21 54 43 49 7 16 0 0.13 M M 11.9 23 120 M M 10 18 30 120
22 52 39 46 4 19 0 0.00 M M 8.7 16 290 M M 6 21 290
23 57 35 46 5 19 0 0.00 M M 8.4 16 240 M M 2 22 240
24 43 32 38 -3 27 0 0.00 M M 10.4 21 20 M M 1 28 20
25 44 29 37 -3 28 0 0.00 M M 5.1 13 100 M M 0 17 110
26 43 28 36 -4 29 0 0.22 M M 9.7 24 280 M M 5 18 33 280
27 37 26 32 -8 33 0 0.00 M M 13.9 24 300 M M 8 32 300
28 27 17 22 -18 43 0 T M M 9.3 21 300 M M 5 28 300
29 49 18 34 -5 31 0 0.00 M M 10.4 20 230 M M 1 27 220
30 60 35 48 9 17 0 T M M 11.6 23 210 M M 4 33 210
================================================================================
SM 1752 1028 553 2 0.90 M 254.7 M 84
================================================================================
AV 58.4 34.3 8.5 FASTST M M 3 MAX(MPH)
MISC ----> # 29 220 41 190
================================================================================
NOTES:
# LAST OF SEVERAL OCCURRENCES
COLUMN 17 PEAK WIND IN M.P.H.
PRELIMINARY LOCAL CLIMATOLOGICAL DATA (WS FORM: F-6) , PAGE 2
STATION: SHELBYVILLE IN
MONTH: NOVEMBER
YEAR: 2023
LATITUDE: 39 35 N
LONGITUDE: 85 48 W
[TEMPERATURE DATA] [PRECIPITATION DATA] SYMBOLS USED IN COLUMN 16
AVERAGE MONTHLY: 46.3 TOTAL FOR MONTH: 0.90 1 = FOG OR MIST
DPTR FM NORMAL: 2.3 DPTR FM NORMAL: -2.71 2 = FOG REDUCING VISIBILITY
HIGHEST: 82 ON 8 GRTST 24HR 0.47 ON 17-17 TO 1/4 MILE OR LESS
LOWEST: 17 ON 28 3 = THUNDER
SNOW, ICE PELLETS, HAIL 4 = ICE PELLETS
TOTAL MONTH: M 5 = HAIL
GRTST 24HR M ON M 6 = FREEZING RAIN OR DRIZZLE
GRTST DEPTH: M ON M 7 = DUSTSTORM OR SANDSTORM:
VSBY 1/2 MILE OR LESS
8 = SMOKE OR HAZE
[NO. OF DAYS WITH] [WEATHER - DAYS WITH] 9 = BLOWING SNOW
X = TORNADO
MAX 32 OR BELOW: 1 0.01 INCH OR MORE: 4
MAX 90 OR ABOVE: 0 0.10 INCH OR MORE: 3
MIN 32 OR BELOW: 14 0.50 INCH OR MORE: 0
MIN 0 OR BELOW: 0 1.00 INCH OR MORE: 0
[HDD (BASE 65) ]
TOTAL THIS MO. 553 CLEAR (SCALE 0-3) 18
DPTR FM NORMAL -78 PTCLDY (SCALE 4-7) 10
TOTAL FM JUL 1 802 CLOUDY (SCALE 8-10) 2
DPTR FM NORMAL -193
[CDD (BASE 65) ]
TOTAL THIS MO. 2
DPTR FM NORMAL 1 [PRESSURE DATA]
TOTAL FM JAN 1 1266 HIGHEST SLP M ON M
DPTR FM NORMAL 117 LOWEST SLP 29.64 ON 8
[REMARKS]
#FINAL-11-23#