000
CXUS51 KALY 040702
CLAGFL
CLIMATE REPORT...CORRECTED
NATIONAL WEATHER SERVICE ALBANY NY
202 AM EST WED JAN 04 2023
...................................
...THE GLENS FALLS NY CLIMATE SUMMARY FOR THE YEAR OF 2022...
CLIMATE NORMAL PERIOD: 1991 TO 2020
CLIMATE RECORD PERIOD: 1893 TO 2023
WEATHER OBSERVED NORMAL DEPART LAST YEAR`S
VALUE DATE(S) VALUE FROM VALUE DATE(S)
NORMAL
................................................................
TEMPERATURE (F)
RECORD
HIGH 101 08/07/1918
07/04/1911
07/03/1911
LOW -36 01/05/1904
HIGHEST 92 08/04 93 06/28
LOWEST -15 01/22 -15 01/30
AVG. MAXIMUM 58.2 56.9 1.3 57.6
AVG. MINIMUM 34.6 34.5 0.1 36.8
MEAN 46.4 45.7 0.7 47.2
DAYS MAX >= 90 10 6.0 4.0 5
DAYS MAX <= 32 48 48.9 -0.9 53
DAYS MIN <= 32 168 160.3 7.7 157
DAYS MIN <= 0 17 18.1 -1.1 8
PRECIPITATION (INCHES)
RECORD
MAXIMUM 54.40 1983
MINIMUM 21.76 1964
TOTALS 37.66 38.21 -0.55 42.07
DAILY AVG. 0.10 0.12
DAYS >= .01 114 132.7 -18.7 145
DAYS >= .10 78 76.7 1.3 85
DAYS >= .50 28 26.0 2.0 30
DAYS >= 1.00 5 7.2 -2.2 9
GREATEST
24 HR. TOTAL 2.39 04/07 TO 04/08
DEGREE DAYS
HEATING TOTAL 7116 7408 -292 6827
SINCE 7/1 2575 2793 -218 2434
COOLING TOTAL 455 408 47 514
SINCE 1/1 455 408 47 514
................................................................
WIND (MPH)
AVERAGE WIND SPEED 5.4
HIGHEST WIND SPEED/DIRECTION 30/180 DATE 04/18
HIGHEST GUST SPEED/DIRECTION 44/190 DATE 04/18
WEATHER CONDITIONS. NUMBER OF DAYS WITH
THUNDERSTORM 26 MIXED PRECIP 0
HEAVY RAIN 30 RAIN 50
LIGHT RAIN 123 FREEZING RAIN 2
LT FREEZING RAIN 2 HAIL 0
HEAVY SNOW 3 SNOW 7
LIGHT SNOW 40 SLEET 0
FOG 223 FOG W/VIS <= 1/4 MILE 58
HAZE 23
- INDICATES NEGATIVE NUMBERS.
R INDICATES RECORD WAS SET OR TIED.
MM INDICATES DATA IS MISSING.
T INDICATES TRACE AMOUNT.
$$