000
CXUS54 KSHV 011300
CF6GGG
PRELIMINARY LOCAL CLIMATOLOGICAL DATA (WS FORM: F-6)
STATION: LONGVIEW
MONTH: OCTOBER
YEAR: 2022
LATITUDE: 32 22 N
LONGITUDE: 94 43 W
TEMPERATURE IN F: :PCPN: SNOW: WIND :SUNSHINE: SKY :PK WND
================================================================================
1 2 3 4 5 6A 6B 7 8 9 10 11 12 13 14 15 16 17 18
12Z AVG MX 2MIN
DY MAX MIN AVG DEP HDD CDD WTR SNW DPTH SPD SPD DIR MIN PSBL S-S WX SPD DR
================================================================================
1 82 45 64 -9 1 0 0.00 0.0 0 3.0 12 330 M M 0 15 320
2 85 47 66 -6 0 1 0.00 0.0 0 3.3 14 40 M M 0 19 60
3 87 49 68 -4 0 3 0.00 0.0 0 2.7 12 40 M M 0 16 90
4 86 51 69 -3 0 4 0.00 0.0 0 2.1 13 10 M M 0 16 70
5 87 52 70 -1 0 5 0.00 0.0 0 2.5 10 30 M M 0 17 40
6 90 53 72 1 0 7 0.00 0.0 0 1.8 10 310 M M 0 16 290
7 87 58 73 3 0 8 0.00 0.0 0 3.1 13 40 M M 0 18 340
8 83 57 70 0 0 5 0.00 0.0 0 5.2 13 60 M M 1 16 70
9 84 52 68 -2 0 3 0.00 0.0 0 2.6 12 340 M M 0 14 320
10 87 55 71 2 0 6 0.00 0.0 0 4.4 13 150 M M 0 1 17 180
11 87 58 73 4 0 8 T 0.0 0 6.0 16 130 M M 0 22 130
12 92 62 77 9 0 12 0.30 0.0 0 8.3 23 290 M M 4 13 30 300
13 85 M M M M M 0.00 0.0 0 3.8 10 340 M M 0 M M
14 87 48 68 0 0 3 0.00 0.0 0 4.4 14 330 M M 0 18 240
15 90 62 76 9 0 11 0.00 0.0 0 8.4 17 230 M M 1 24 230
16 74 66 70 3 0 5 0.46 0.0 0 5.9 20 140 M M 6 13 24 340
17 74 50 62 -5 3 0 0.00 0.0 0 8.6 20 340 M M 1 26 330
18 64 39 52 -14 13 0 0.00 0.0 0 7.8 21 350 M M 0 30 340
19 64 30 47 -19 18 0 0.00 0.0 0 3.9 14 310 M M 0 18 340
20 84 40 62 -4 3 0 0.00 0.0 0 7.0 17 220 M M 0 25 230
21 86 51 69 4 0 4 0.00 0.0 0 9.5 16 190 M M 0 22 190
22 86 58 72 7 0 7 0.00 0.0 0 14.9 28 200 M M 0 40 180
23 87 64 76 12 0 11 0.00 0.0 0 15.0 25 190 M M 3 39 180
24 80 64 72 8 0 7 0.47 0.0 0 15.0 35 200 M M 9 13 45 210
25 69 46 58 -6 7 0 T 0.0 0 11.5 26 280 M M 4 42 330
26 73 41 57 -6 8 0 0.00 0.0 0 2.3 10 80 M M 0 16 110
27 74 44 59 -4 6 0 0.00 0.0 0 5.7 13 130 M M 0 19 120
28 60 52 56 -6 9 0 1.42 0.0 0 7.0 21 70 M M 9 13 30 80
29 65 57 61 -1 4 0 0.44 0.0 0 5.7 12 300 M M 9 13 16 60
30 70 55 63 1 2 0 T 0.0 0 5.8 13 320 M M 7 1 18 310
31 78 50 64 3 1 0 0.00 0.0 0 1.6 10 300 M M 0 1 14 280
================================================================================
SM 2487 1556 75 110 3.09 0.0 188.8 M 54
================================================================================
AV 80.2 51.9 6.1 FASTST M M 2 MAX(MPH)
MISC ----> 35 200 45 210
================================================================================
NOTES:
# LAST OF SEVERAL OCCURRENCES
COLUMN 17 PEAK WIND IN M.P.H.
PRELIMINARY LOCAL CLIMATOLOGICAL DATA (WS FORM: F-6) , PAGE 2
STATION: LONGVIEW
MONTH: OCTOBER
YEAR: 2022
LATITUDE: 32 22 N
LONGITUDE: 94 43 W
[TEMPERATURE DATA] [PRECIPITATION DATA] SYMBOLS USED IN COLUMN 16
AVERAGE MONTHLY: 66.0 TOTAL FOR MONTH: 3.09 1 = FOG OR MIST
DPTR FM NORMAL: -1.0 DPTR FM NORMAL: -0.86 2 = FOG REDUCING VISIBILITY
HIGHEST: 92 ON 12 GRTST 24HR 1.74 ON 28-29 TO 1/4 MILE OR LESS
LOWEST: 30 ON 19 3 = THUNDER
SNOW, ICE PELLETS, HAIL 4 = ICE PELLETS
TOTAL MONTH: 0.0 INCH 5 = HAIL
GRTST 24HR 0.0 6 = FREEZING RAIN OR DRIZZLE
GRTST DEPTH: 0 7 = DUSTSTORM OR SANDSTORM:
VSBY 1/2 MILE OR LESS
8 = SMOKE OR HAZE
[NO. OF DAYS WITH] [WEATHER - DAYS WITH] 9 = BLOWING SNOW
X = TORNADO
MAX 32 OR BELOW: 0 0.01 INCH OR MORE: 5
MAX 90 OR ABOVE: 3 0.10 INCH OR MORE: 5
MIN 32 OR BELOW: 1 0.50 INCH OR MORE: 1
MIN 0 OR BELOW: 0 1.00 INCH OR MORE: 1
[HDD (BASE 65) ]
TOTAL THIS MO. 75 CLEAR (SCALE 0-3) 23
DPTR FM NORMAL -1 PTCLDY (SCALE 4-7) 5
TOTAL FM JUL 1 76 CLOUDY (SCALE 8-10) 3
DPTR FM NORMAL -5
[CDD (BASE 65) ]
TOTAL THIS MO. 110
DPTR FM NORMAL -28 [PRESSURE DATA]
TOTAL FM JAN 1 2945 HIGHEST SLP 30.37 ON 19
DPTR FM NORMAL 367 LOWEST SLP 29.65 ON 24
[REMARKS]
#FINAL-10-22#