000
CXUS55 KGGW 010800
CF6GGW
PRELIMINARY LOCAL CLIMATOLOGICAL DATA (WS FORM: F-6)
STATION: GLASGOW MT
MONTH: MARCH
YEAR: 2020
LATITUDE: 48 13 N
LONGITUDE: 106 37 W
TEMPERATURE IN F: :PCPN: SNOW: WIND :SUNSHINE: SKY :PK WND
================================================================================
1 2 3 4 5 6A 6B 7 8 9 10 11 12 13 14 15 16 17 18
12Z AVG MX 2MIN
DY MAX MIN AVG DEP HDD CDD WTR SNW DPTH SPD SPD DIR MIN PSBL S-S WX SPD DR
================================================================================
1 35 25 30 6 35 0 0.00 0.0 T 19.0 38 310 M M 5 48 290
2 44 27 36 11 29 0 0.01 0.1 T 16.5 36 300 M M 6 1 46 300
3 47 30 39 14 26 0 0.02 T T 8.8 30 310 M M 5 1 39 310
4 50 32 41 15 24 0 T 0.0 0 18.6 43 300 M M 2 54 280
5 48 26 37 11 28 0 0.00 0.0 0 11.4 22 300 M M 0 29 300
6 56 34 45 18 20 0 0.00 0.0 0 10.5 18 120 M M 0 22 120
7 58 34 46 19 19 0 0.00 0.0 0 9.7 25 330 M M 1 18 30 330
8 34 21 28 0 37 0 0.03 0.2 0 14.0 24 330 M M 6 8 31 330
9 40 22 31 3 34 0 0.00 0.0 0 8.9 21 120 M M 2 24 120
10 49 25 37 8 28 0 T T 0 9.1 20 250 M M 3 25 260
11 49 32 41 12 24 0 T 0.0 0 12.3 24 270 M M 6 29 280
12 40 27 34 4 31 0 T T 0 12.7 24 320 M M 4 31 300
13 29 18 24 -6 41 0 0.00 0.0 0 17.0 35 80 M M 4 42 80
14 28 18 23 -8 42 0 0.12 1.8 1 26.0 39 100 M M 10 46 100
15 24 15 20 -11 45 0 0.01 0.2 1 11.5 17 320 M M 10 21 80
16 23 9 16 -16 49 0 T T 1 10.6 21 280 M M 6 23 280
17 39 10 25 -7 40 0 0.00 0.0 1 11.6 18 130 M M 0 22 130
18 30 19 25 -8 40 0 0.04 0.6 0 10.5 16 80 M M 10 20 90
19 25 15 20 -13 45 0 0.01 0.2 1 10.2 16 50 M M 7 19 40
20 31 12 22 -12 43 0 0.00 0.0 T 13.0 22 140 M M 3 27 140
21 41 16 29 -5 36 0 0.00 0.0 T 6.4 13 330 M M 0 16 330
22 43 22 33 -2 32 0 0.00 0.0 0 5.8 13 310 M M 2 8 15 320
23 59 28 44 9 21 0 0.00 0.0 0 11.1 16 130 M M 1 18 130
24 45 28 37 1 28 0 0.01 0.0 0 14.5 29 310 M M 7 33 300
25 33 24 29 -7 36 0 0.13 1.8 0 6.3 17 120 M M 9 12 21 130
26 48 20 34 -3 31 0 0.02 0.7 1 7.5 14 230 M M 4 18 20 250
27 52 29 41 4 24 0 0.00 0.0 0 5.6 12 110 M M 1 17 290
28 59 32 46 8 19 0 0.00 0.0 0 8.7 18 310 M M 3 24 260
29 62 30 46 8 19 0 0.00 0.0 0 9.3 16 230 M M 1 22 210
30 63 35 49 11 16 0 0.00 0.0 0 8.8 15 130 M M 2 17 130
31 46 27 37 -2 28 0 0.00 0.0 0 12.4 21 310 M M 4 26 310
================================================================================
SM 1330 742 970 0 0.40 5.6 358.3 M 124
================================================================================
AV 42.9 23.9 11.6 FASTST M M 4 MAX(MPH)
MISC ----> # 43 300 # 54 280
================================================================================
NOTES:
# LAST OF SEVERAL OCCURRENCES
COLUMN 17 PEAK WIND IN M.P.H.
PRELIMINARY LOCAL CLIMATOLOGICAL DATA (WS FORM: F-6) , PAGE 2
STATION: GLASGOW MT
MONTH: MARCH
YEAR: 2020
LATITUDE: 48 13 N
LONGITUDE: 106 37 W
[TEMPERATURE DATA] [PRECIPITATION DATA] SYMBOLS USED IN COLUMN 16
AVERAGE MONTHLY: 33.4 TOTAL FOR MONTH: 0.40 1 = FOG OR MIST
DPTR FM NORMAL: 1.7 DPTR FM NORMAL: -0.02 2 = FOG REDUCING VISIBILITY
HIGHEST: 63 ON 30 GRTST 24HR 0.13 ON 25-25 TO 1/4 MILE OR LESS
LOWEST: 9 ON 16 3 = THUNDER
SNOW, ICE PELLETS, HAIL 4 = ICE PELLETS
TOTAL MONTH: 5.6 INCHES 5 = HAIL
GRTST 24HR 1.8 ON 25-25 6 = FREEZING RAIN OR DRIZZLE
GRTST DEPTH: 1 ON 26,19 7 = DUSTSTORM OR SANDSTORM:
VSBY 1/2 MILE OR LESS
8 = SMOKE OR HAZE
[NO. OF DAYS WITH] [WEATHER - DAYS WITH] 9 = BLOWING SNOW
X = TORNADO
MAX 32 OR BELOW: 7 0.01 INCH OR MORE: 10
MAX 90 OR ABOVE: 0 0.10 INCH OR MORE: 2
MIN 32 OR BELOW: 28 0.50 INCH OR MORE: 0
MIN 0 OR BELOW: 0 1.00 INCH OR MORE: 0
[HDD (BASE 65) ]
TOTAL THIS MO. 970 CLEAR (SCALE 0-3) 13
DPTR FM NORMAL -64 PTCLDY (SCALE 4-7) 14
TOTAL FM JUL 1 7063 CLOUDY (SCALE 8-10) 4
DPTR FM NORMAL -341
[CDD (BASE 65) ]
TOTAL THIS MO. 0
DPTR FM NORMAL 0 [PRESSURE DATA]
TOTAL FM JAN 1 0 HIGHEST SLP M ON M
DPTR FM NORMAL 0 LOWEST SLP 29.52 ON 2
[REMARKS]
#FINAL-03-20#