000
CXUS55 KGGW 010810
CF6GGW
PRELIMINARY LOCAL CLIMATOLOGICAL DATA (WS FORM: F-6)
STATION: GLASGOW MT
MONTH: OCTOBER
YEAR: 2023
LATITUDE: 48 13 N
LONGITUDE: 106 37 W
TEMPERATURE IN F: :PCPN: SNOW: WIND :SUNSHINE: SKY :PK WND
================================================================================
1 2 3 4 5 6A 6B 7 8 9 10 11 12 13 14 15 16 17 18
12Z AVG MX 2MIN
DY MAX MIN AVG DEP HDD CDD WTR SNW DPTH SPD SPD DIR MIN PSBL S-S WX SPD DR
================================================================================
1 62 51 57 4 8 0 0.07 0.0 0 8.9 22 310 M M 9 1 28 310
2 64 49 57 5 8 0 0.01 0.0 0 7.6 16 150 M M 8 12 20 150
3 60 44 52 0 13 0 0.30 0.0 0 9.4 26 340 M M 7 1 34 340
4 68 41 55 3 10 0 T 0.0 0 13.8 38 320 M M 4 54 300
5 59 34 47 -4 18 0 0.00 0.0 0 18.4 37 320 M M 4 50 300
6 54 23 39 -11 26 0 0.00 0.0 0 7.8 15 320 M M 0 19 310
7 78 35 57 7 8 0 0.00 0.0 0 7.0 16 280 M M 0 22 280
8 76 41 59 10 6 0 0.00 0.0 0 9.4 16 110 M M 0 20 130
9 78 46 62 13 3 0 0.00 0.0 0 15.2 20 130 M M 0 26 130
10 77 45 61 13 4 0 0.00 0.0 0 17.9 26 100 M M 0 8 33 100
11 62 45 54 6 11 0 T 0.0 0 18.9 28 120 M M 3 37 100
12 50 45 48 1 17 0 0.03 0.0 0 14.4 24 90 M M 10 1 32 90
13 55 37 46 -1 19 0 0.00 0.0 0 10.0 17 130 M M 8 25 140
14 57 34 46 0 19 0 0.00 0.0 0 13.8 22 140 M M 0 32 140
15 63 36 50 4 15 0 0.00 0.0 0 12.1 18 120 M M 0 21 120
16 73 37 55 10 10 0 0.00 0.0 0 6.4 14 110 M M 0 17 140
17 73 45 59 14 6 0 0.07 0.0 0 17.5 44 280 M M 5 59 280
18 62 45 54 10 11 0 0.00 0.0 0 9.8 26 320 M M 2 36 320
19 80 46 63 19 2 0 0.00 0.0 0 7.7 20 270 M M 0 27 280
20 70 45 58 15 7 0 0.00 0.0 0 9.1 16 10 M M 1 21 10
21 62 41 52 10 13 0 0.00 0.0 0 8.5 15 110 M M 4 19 130
22 65 37 51 9 14 0 0.25 0.0 0 9.0 17 20 M M 3 1 24 20
23 44 37 41 0 24 0 0.20 0.0 0 10.7 22 350 M M 10 1 29 350
24 44 23 34 -7 31 0 0.07 0.4 0 11.9 21 340 M M 10 18 26 340
25 23 17 20 -20 45 0 0.50 11.0 6 10.5 18 10 M M 10 1 21 360
26 19 15 17 -23 48 0 0.12 2.6 8 10.1 16 320 M M 10 1 19 320
27 20 4 12 -27 53 0 T T 9 8.0 16 280 M M 5 1 18 270
28 28 2 15 -24 50 0 T T 6 7.9 24 320 M M 3 30 320
29 31 15 23 -15 42 0 T T 5 10.6 24 330 M M 7 1 29 320
30 29 5 17 -21 48 0 0.00 0.0 4 8.1 22 340 M M 2 27 330
31 31 8 20 -17 45 0 0.00 0.0 4 8.7 17 130 M M 5 20 130
================================================================================
SM 1717 1028 634 0 1.62 14.0 339.1 M 130
================================================================================
AV 55.4 33.2 10.9 FASTST M M 4 MAX(MPH)
MISC ----> 44 280 59 280
================================================================================
NOTES:
# LAST OF SEVERAL OCCURRENCES
COLUMN 17 PEAK WIND IN M.P.H.
PRELIMINARY LOCAL CLIMATOLOGICAL DATA (WS FORM: F-6) , PAGE 2
STATION: GLASGOW MT
MONTH: OCTOBER
YEAR: 2023
LATITUDE: 48 13 N
LONGITUDE: 106 37 W
[TEMPERATURE DATA] [PRECIPITATION DATA] SYMBOLS USED IN COLUMN 16
AVERAGE MONTHLY: 44.3 TOTAL FOR MONTH: 1.62 1 = FOG OR MIST
DPTR FM NORMAL: -0.9 DPTR FM NORMAL: 0.70 2 = FOG REDUCING VISIBILITY
HIGHEST: 80 ON 19 GRTST 24HR 0.50 ON 25-25 TO 1/4 MILE OR LESS
LOWEST: 2 ON 28 3 = THUNDER
SNOW, ICE PELLETS, HAIL 4 = ICE PELLETS
TOTAL MONTH: 14.0 INCHES 5 = HAIL
GRTST 24HR 11.0 ON 25-25 6 = FREEZING RAIN OR DRIZZLE
GRTST DEPTH: 9 ON 27 7 = DUSTSTORM OR SANDSTORM:
VSBY 1/2 MILE OR LESS
8 = SMOKE OR HAZE
[NO. OF DAYS WITH] [WEATHER - DAYS WITH] 9 = BLOWING SNOW
X = TORNADO
MAX 32 OR BELOW: 7 0.01 INCH OR MORE: 10
MAX 90 OR ABOVE: 0 0.10 INCH OR MORE: 5
MIN 32 OR BELOW: 9 0.50 INCH OR MORE: 1
MIN 0 OR BELOW: 0 1.00 INCH OR MORE: 0
[HDD (BASE 65) ]
TOTAL THIS MO. 634 CLEAR (SCALE 0-3) 15
DPTR FM NORMAL 16 PTCLDY (SCALE 4-7) 10
TOTAL FM JUL 1 696 CLOUDY (SCALE 8-10) 6
DPTR FM NORMAL -166
[CDD (BASE 65) ]
TOTAL THIS MO. 0
DPTR FM NORMAL -2 [PRESSURE DATA]
TOTAL FM JAN 1 830 HIGHEST SLP M ON M
DPTR FM NORMAL 246 LOWEST SLP 29.45 ON 11
[REMARKS]
#FINAL-10-23#