000
CXUS55 KGJT 011812
CF6GJT
PRELIMINARY LOCAL CLIMATOLOGICAL DATA (WS FORM: F-6)
STATION: GRAND JUNCTION CO
MONTH: MARCH
YEAR: 2022
LATITUDE: 39 7 N
LONGITUDE: 108 32 W
TEMPERATURE IN F: :PCPN: SNOW: WIND :SUNSHINE: SKY :PK WND
================================================================================
1 2 3 4 5 6A 6B 7 8 9 10 11 12 13 14 15 16 17 18
12Z AVG MX 2MIN
DY MAX MIN AVG DEP HDD CDD WTR SNW DPTH SPD SPD DIR MIN PSBL S-S WX SPD DR
================================================================================
1 59 28 44 4 21 0 0.00 0.0 0 7.5 16 160 M M 0 20 150
2 61 32 47 6 18 0 0.00 0.0 0 7.7 17 110 M M 0 19 110
3 65 32 49 8 16 0 0.00 0.0 0 6.9 17 100 M M 0 21 100
4 58 40 49 7 16 0 T 0.0 0 13.9 31 200 M M 4 3 43 200
5 49 33 41 -1 24 0 0.16 0.0 0 6.4 24 330 M M 9 1 31 340
6 45 26 36 -6 29 0 0.10 1.0 0 8.3 24 340 M M 9 1 29 340
7 37 14 26 -17 39 0 0.03 0.4 1 4.3 20 270 M M 5 12 27 290
8 40 20 30 -13 35 0 0.00 0.0 0 5.3 23 160 M M 3 30 160
9 50 28 39 -4 26 0 0.05 0.7 0 9.5 30 250 M M 8 1 38 250
10 34 19 27 -17 38 0 0.00 0.0 1 7.4 21 350 M M 3 27 330
11 39 14 27 -17 38 0 0.00 0.0 0 5.2 13 130 M M 0 15 110
12 49 21 35 -9 30 0 0.00 0.0 0 5.9 14 90 M M 0 17 100
13 54 25 40 -4 25 0 T 0.0 0 7.4 24 310 M M 3 34 270
14 54 29 42 -3 23 0 0.02 T 0 5.2 14 270 M M 1 24 270
15 59 27 43 -2 22 0 0.00 0.0 0 6.2 16 90 M M 0 19 90
16 55 38 47 2 18 0 T 0.0 0 7.0 29 300 M M 5 34 300
17 51 32 42 -4 23 0 0.00 0.0 0 8.4 18 340 M M 4 26 350
18 55 26 41 -5 24 0 0.00 0.0 0 6.6 14 130 M M 0 19 170
19 61 28 45 -1 20 0 0.00 0.0 0 9.0 17 120 M M 0 22 110
20 61 45 53 7 12 0 T 0.0 0 9.0 21 210 M M 5 30 270
21 51 34 43 -3 22 0 0.00 0.0 0 12.2 23 30 M M 5 33 10
22 49 27 38 -9 27 0 0.00 0.0 0 9.9 24 10 M M 2 33 10
23 57 21 39 -8 26 0 0.00 0.0 0 4.6 10 100 M M 0 15 270
24 66 30 48 1 17 0 0.00 0.0 0 5.6 14 130 M M 1 17 110
25 72 36 54 7 11 0 0.00 0.0 0 7.2 16 110 M M 0 20 110
26 77 42 60 12 5 0 0.00 0.0 0 8.1 17 110 M M 0 21 120
27 78 43 61 13 4 0 0.00 0.0 0 8.5 17 120 M M 0 22 90
28 74 48 61 13 4 0 0.01 0.0 0 11.9 33 230 M M 3 45 230
29 50 41 46 -2 19 0 0.31 0.0 0 9.2 22 340 M M 8 13 27 340
30 55 38 47 -1 18 0 T 0.0 0 9.8 23 310 M M 4 35 330
31 60 32 46 -3 19 0 T 0.0 0 8.6 22 260 M M 3 34 270
================================================================================
SM 1725 949 669 0 0.68 2.1 242.7 M 85
================================================================================
AV 55.6 30.6 7.8 FASTST M M 3 MAX(MPH)
MISC ----> 33 230 45 230
================================================================================
NOTES:
# LAST OF SEVERAL OCCURRENCES
COLUMN 17 PEAK WIND IN M.P.H.
PRELIMINARY LOCAL CLIMATOLOGICAL DATA (WS FORM: F-6) , PAGE 2
STATION: GRAND JUNCTION CO
MONTH: MARCH
YEAR: 2022
LATITUDE: 39 7 N
LONGITUDE: 108 32 W
[TEMPERATURE DATA] [PRECIPITATION DATA] SYMBOLS USED IN COLUMN 16
AVERAGE MONTHLY: 43.1 TOTAL FOR MONTH: 0.68 1 = FOG OR MIST
DPTR FM NORMAL: -1.9 DPTR FM NORMAL: -0.12 2 = FOG REDUCING VISIBILITY
HIGHEST: 78 ON 27 GRTST 24HR 0.32 ON 28-29 TO 1/4 MILE OR LESS
LOWEST: 14 ON 11, 7 3 = THUNDER
SNOW, ICE PELLETS, HAIL 4 = ICE PELLETS
TOTAL MONTH: 2.1 INCHES 5 = HAIL
GRTST 24HR 1.0 ON 6- 6 6 = FREEZING RAIN OR DRIZZLE
GRTST DEPTH: 1 ON 10, 7 7 = DUSTSTORM OR SANDSTORM:
VSBY 1/2 MILE OR LESS
8 = SMOKE OR HAZE
[NO. OF DAYS WITH] [WEATHER - DAYS WITH] 9 = BLOWING SNOW
X = TORNADO
MAX 32 OR BELOW: 0 0.01 INCH OR MORE: 7
MAX 90 OR ABOVE: 0 0.10 INCH OR MORE: 3
MIN 32 OR BELOW: 20 0.50 INCH OR MORE: 0
MIN 0 OR BELOW: 0 1.00 INCH OR MORE: 0
[HDD (BASE 65) ]
TOTAL THIS MO. 669 CLEAR (SCALE 0-3) 18
DPTR FM NORMAL 49 PTCLDY (SCALE 4-7) 11
TOTAL FM JUL 1 4851 CLOUDY (SCALE 8-10) 2
DPTR FM NORMAL -83
[CDD (BASE 65) ]
TOTAL THIS MO. 0
DPTR FM NORMAL 0 [PRESSURE DATA]
TOTAL FM JAN 1 0 HIGHEST SLP 30.50 ON 12
DPTR FM NORMAL 0 LOWEST SLP 29.53 ON 29
[REMARKS]
#FINAL-03-22#