000
CXUS55 KGJT 011140
CLMGJT
CLIMATE REPORT
NATIONAL WEATHER SERVICE GRAND JUNCTION CO
540 AM MDT TUE AUG 01 2023
...................................
...THE GRAND JUNCTION CO CLIMATE SUMMARY FOR THE MONTH OF JULY 2023...
CLIMATE NORMAL PERIOD 1991 TO 2020
CLIMATE RECORD PERIOD 1893 TO 2023
WEATHER OBSERVED NORMAL DEPART LAST YEAR`S
VALUE DATE(S) VALUE FROM VALUE DATE(S)
NORMAL
................................................................
TEMPERATURE (F)
RECORD
HIGH 107 07/09/2021
LOW 44 07/05/1993
HIGHEST 107R 07/17 93 14 103 07/22
LOWEST 56 07/01 59 -3 58 07/29
AVG. MAXIMUM 99.3 94.5 4.8 95.5
AVG. MINIMUM 67.2 63.9 3.3 67.0
MEAN 83.3 79.2 4.1 81.3
DAYS MAX >= 90 31 26.0 5.0 29
DAYS MAX <= 32 0 0.0 0.0 0
DAYS MIN <= 32 0 0.0 0.0 0
DAYS MIN <= 0 0 0.0 0.0 0
PRECIPITATION (INCHES)
RECORD
MAXIMUM 2.72 1929
MINIMUM T 1898
TOTALS TR 0.59 -0.59 0.93
DAILY AVG. T 0.02 -0.02 0.03
DAYS >= .01 0 4.8 -4.8 5
DAYS >= .10 0 2.0 -2.0 2
DAYS >= .50 0 0.2 -0.2 1
DAYS >= 1.00 0 0.0 0.0 0
GREATEST
24 HR. TOTAL T 07/31 TO 07/31 0.72
SNOWFALL (INCHES)
RECORDS
TOTAL T 2015
TOTALS 0.0 0.0 0.0 0.0
SINCE 7/1 0.0 0.0 0.0 0.0
SNOWDEPTH AVG. 0 0
DAYS >= 1.0 0 0.0 0.0 0
GREATEST
SNOW DEPTH 0 0 07/31
24 HR TOTAL 0.0 0.0
DEGREE DAYS
HEATING TOTAL 0 0 0 0
SINCE 7/1 0 0 0 0
COOLING TOTAL 575 440 135 513
SINCE 1/1 840 756 84 872
................................................................
WIND (MPH)
AVERAGE WIND SPEED 7.9
HIGHEST WIND SPEED/DIRECTION 35/310 DATE 07/03
35/330 07/19
HIGHEST GUST SPEED/DIRECTION 47/310 DATE 07/03
SKY COVER
POSSIBLE SUNSHINE (PERCENT) MM
AVERAGE SKY COVER 0.02
NUMBER OF DAYS FAIR 31
NUMBER OF DAYS PC 0
NUMBER OF DAYS CLOUDY 0
AVERAGE RH (PERCENT) 25
WEATHER CONDITIONS. NUMBER OF DAYS WITH
THUNDERSTORM 4 MIXED PRECIP 0
HEAVY RAIN 0 RAIN 1
LIGHT RAIN 5 FREEZING RAIN 0
LT FREEZING RAIN 0 HAIL 0
HEAVY SNOW 0 SNOW 0
LIGHT SNOW 0 SLEET 0
FOG 0 FOG W/VIS <= 1/4 MILE 0
HAZE 5
- INDICATES NEGATIVE NUMBERS.
R INDICATES RECORD WAS SET OR TIED.
MM INDICATES DATA IS MISSING.
T INDICATES TRACE AMOUNT.
$$