000
CXUS54 KFWD 010831
CF6GKY
PRELIMINARY LOCAL CLIMATOLOGICAL DATA (WS FORM: F-6)
STATION: ARLINGTON
MONTH: FEBRUARY
YEAR: 2024
LATITUDE: 32 39 N
LONGITUDE: 97 6 W
TEMPERATURE IN F: :PCPN: SNOW: WIND :SUNSHINE: SKY :PK WND
================================================================================
1 2 3 4 5 6A 6B 7 8 9 10 11 12 13 14 15 16 17 18
12Z AVG MX 2MIN
DY MAX MIN AVG DEP HDD CDD WTR SNW DPTH SPD SPD DIR MIN PSBL S-S WX SPD DR
================================================================================
1 73 42 58 9 7 0 0.00 M M 7.1 23 150 M M 0 32 140
2 67 54 61 12 4 0 0.53 M M 11.2 25 280 M M 7 13 39 260
3 69 45 57 8 8 0 0.14 M M 6.5 18 60 M M 6 13 27 50
4 65 43 54 5 11 0 0.09 M M 12.0 25 340 M M 7 13 39 320
5 63 46 55 6 10 0 0.00 M M 13.4 24 330 M M 4 33 330
6 68 36 52 3 13 0 0.00 M M 2.7 8 100 M M 0 18 11 120
7 67 50 59 9 6 0 0.00 M M 10.5 23 150 M M 1 33 150
8 69 51 60 10 5 0 0.00 M M 7.7 15 160 M M 2 22 180
9 73 48 61 11 4 0 0.00 M M 4.3 17 200 M M 2 26 180
10 60 54 57 7 8 0 1.14 M M 6.6 16 70 M M 8 13 22 70
11 54 41 48 -2 17 0 0.52 M M 12.8 26 350 M M 10 13 30 350
12 57 35 46 -4 19 0 T M M 12.7 23 300 M M 4 35 280
13 64 30 47 -4 18 0 0.00 M M 5.1 15 150 M M 0 20 140
14 68 44 56 5 9 0 0.00 M M 9.5 21 160 M M 0 31 170
15 70 51 61 10 4 0 0.00 M M 6.9 13 170 M M 0 20 150
16 72 44 58 7 7 0 0.00 M M 14.0 28 360 M M 1 37 360
17 46 35 41 -10 24 0 0.00 M M 17.5 25 340 M M 4 34 360
18 54 25 40 -12 25 0 0.00 M M 4.5 16 330 M M 1 20 330
19 69 33 51 -1 14 0 M M M 8.3 21 160 M M 0 30 160
20 81 37 59 7 6 0 0.00 M M 7.9 21 150 M M 0 30 150
21 80 58 69 17 0 4 0.00 M M 13.7 24 150 M M 2 39 160
22 82 63 73 20 0 8 0.00 M M 10.4 21 310 M M 1 28 300
23 73 49 61 8 4 0 0.00 M M 10.5 20 330 M M 0 25 300
24 78 40 59 6 6 0 0.00 M M 5.0 13 170 M M 0 19 170
25 85 55 70 17 0 5 0.00 M M 10.2 20 170 M M 0 28 180
26 92 59 76 22 0 11 M M M 9.3 20 170 M M 0 32 180
27 77 67 72 18 0 7 0.00 M M 12.9 20 160 M M 3 1 29 180
28 75 41 58 4 7 0 0.00 M M 15.6 32 330 M M 1 45 320
29 54 42 48 -6 17 0 0.11 M M 6.9 16 90 M M 8 3 21 90
================================================================================
SM 2005 1318 253 35 2.53 M 275.7 M 72
================================================================================
AV 69.1 45.4 9.5 FASTST M M 2 MAX(MPH)
MISC ----> 32 330 45 320
================================================================================
NOTES:
# LAST OF SEVERAL OCCURRENCES
COLUMN 17 PEAK WIND IN M.P.H.
PRELIMINARY LOCAL CLIMATOLOGICAL DATA (WS FORM: F-6) , PAGE 2
STATION: ARLINGTON
MONTH: FEBRUARY
YEAR: 2024
LATITUDE: 32 39 N
LONGITUDE: 97 6 W
[TEMPERATURE DATA] [PRECIPITATION DATA] SYMBOLS USED IN COLUMN 16
AVERAGE MONTHLY: 57.3 TOTAL FOR MONTH: 2.53 1 = FOG OR MIST
DPTR FM NORMAL: 6.2 DPTR FM NORMAL: -0.10 2 = FOG REDUCING VISIBILITY
HIGHEST: 92 ON 26 GRTST 24HR 1.14 ON 10-10 TO 1/4 MILE OR LESS
LOWEST: 25 ON 18 3 = THUNDER
SNOW, ICE PELLETS, HAIL 4 = ICE PELLETS
TOTAL MONTH: M 5 = HAIL
GRTST 24HR M ON M 6 = FREEZING RAIN OR DRIZZLE
GRTST DEPTH: M ON M 7 = DUSTSTORM OR SANDSTORM:
VSBY 1/2 MILE OR LESS
8 = SMOKE OR HAZE
[NO. OF DAYS WITH] [WEATHER - DAYS WITH] 9 = BLOWING SNOW
X = TORNADO
MAX 32 OR BELOW: 0 0.01 INCH OR MORE: 6
MAX 90 OR ABOVE: 1 0.10 INCH OR MORE: 5
MIN 32 OR BELOW: 2 0.50 INCH OR MORE: 3
MIN 0 OR BELOW: 0 1.00 INCH OR MORE: 1
[HDD (BASE 65) ]
TOTAL THIS MO. 253 CLEAR (SCALE 0-3) 20
DPTR FM NORMAL -146 PTCLDY (SCALE 4-7) 7
TOTAL FM JUL 1 1676 CLOUDY (SCALE 8-10) 2
DPTR FM NORMAL -150
[CDD (BASE 65) ]
TOTAL THIS MO. 35
DPTR FM NORMAL 25 [PRESSURE DATA]
TOTAL FM JAN 1 35 HIGHEST SLP 30.41 ON 29
DPTR FM NORMAL 22 LOWEST SLP 29.46 ON 4
[REMARKS]
#FINAL-02-24#