000
CXUS54 KFWD 010730
CF6GLE
PRELIMINARY LOCAL CLIMATOLOGICAL DATA (WS FORM: F-6)
STATION: GAINESVILLE
MONTH: JUNE
YEAR: 2021
LATITUDE: 33 39 N
LONGITUDE: 97 12 W
TEMPERATURE IN F: :PCPN: SNOW: WIND :SUNSHINE: SKY :PK WND
================================================================================
1 2 3 4 5 6A 6B 7 8 9 10 11 12 13 14 15 16 17 18
12Z AVG MX 2MIN
DY MAX MIN AVG DEP HDD CDD WTR SNW DPTH SPD SPD DIR MIN PSBL S-S WX SPD DR
================================================================================
1 71 58 65 -10 0 0 0.00 M M 5.0 10 320 M M 7 M M
2 78 55 67 -8 0 2 0.00 M M 3.2 8 30 M M 2 M M
3 84 58 71 -4 0 6 0.00 M M 2.6 9 110 M M 1 M M
4 83 60 72 -4 0 7 0.00 M M 3.5 10 170 M M 2 17 170
5 82 67 75 -1 0 10 0.46 M M 4.3 12 30 M M 7 3 18 40
6 86 64 75 -1 0 10 0.00 M M 7.2 14 150 M M 4 17 150
7 78 65 72 -4 0 7 0.21 M M 6.0 13 260 M M 6 3 31 260
8 89 69 79 3 0 14 0.00 M M 7.0 13 160 M M 4 17 170
9 87 73 80 3 0 15 0.00 M M 7.4 14 170 M M 7 18 160
10 88 75 82 5 0 17 0.00 M M 5.4 13 180 M M 6 20 170
11 91 74 83 6 0 18 0.00 M M 10.4 17 170 M M 3 24 190
12 90 68 79 1 0 14 0.28 M M 5.5 15 170 M M 3 40 90
13 94 71 83 5 0 18 0.00 M M 2.3 8 340 M M 1 16 340
14 92 73 83 5 0 18 0.00 M M 3.4 8 40 M M 2 8 M M
15 92 70 81 3 0 16 0.00 M M 1.7 8 90 M M 1 M M
16 94 69 82 4 0 17 0.00 M M 1.3 6 60 M M 0 M M
17 94 70 82 4 0 17 0.00 M M 2.2 7 150 M M 1 M M
18 92 73 83 4 0 18 0.00 M M 5.4 12 130 M M 1 17 220
19 91 67 79 0 0 14 0.00 M M 4.7 13 150 M M 0 16 140
20 93 68 81 2 0 16 0.00 M M 9.4 17 200 M M 1 23 200
21 84 63 74 -5 0 9 0.05 M M 9.3 33 10 M M 6 44 10
22 83 59 71 -9 0 6 0.00 M M 6.7 13 150 M M 0 18 120
23 91 69 80 0 0 15 0.00 M M 9.5 14 180 M M 5 24 190
24 93 77 85 5 0 20 0.00 M M 11.2 17 200 M M 1 23 210
25 93 75 84 4 0 19 0.00 M M 12.1 17 190 M M 2 25 190
26 92 76 84 4 0 19 0.00 M M 11.1 18 150 M M 5 24 150
27 93 93 93 13 0 28 0.00 M M 8.6 13 90 M M 2 3 M M
28 M M M M M M M M M M M M M M M M M
29 M M M M M M M M M M M M M M M M M
30 M M M M M M M M M M M M M M M M M
================================================================================
SM 2378 1859 0 370 1.00 M 166.3 M 80
================================================================================
AV 88.1 68.9 6.2 FASTST M M 3 MAX(MPH)
MISC ----> 33 10 44 10
================================================================================
NOTES:
# LAST OF SEVERAL OCCURRENCES
COLUMN 17 PEAK WIND IN M.P.H.
PRELIMINARY LOCAL CLIMATOLOGICAL DATA (WS FORM: F-6) , PAGE 2
STATION: GAINESVILLE
MONTH: JUNE
YEAR: 2021
LATITUDE: 33 39 N
LONGITUDE: 97 12 W
[TEMPERATURE DATA] [PRECIPITATION DATA] SYMBOLS USED IN COLUMN 16
AVERAGE MONTHLY: 78.5 TOTAL FOR MONTH: 1.00 1 = FOG OR MIST
DPTR FM NORMAL: 0.5 DPTR FM NORMAL: -4.69 2 = FOG REDUCING VISIBILITY
HIGHEST: 94 ON 17,16 GRTST 24HR 0.46 ON 5- 5 TO 1/4 MILE OR LESS
LOWEST: 55 ON 2 3 = THUNDER
SNOW, ICE PELLETS, HAIL 4 = ICE PELLETS
TOTAL MONTH: M 5 = HAIL
GRTST 24HR M ON M 6 = FREEZING RAIN OR DRIZZLE
GRTST DEPTH: M ON M 7 = DUSTSTORM OR SANDSTORM:
VSBY 1/2 MILE OR LESS
8 = SMOKE OR HAZE
[NO. OF DAYS WITH] [WEATHER - DAYS WITH] 9 = BLOWING SNOW
X = TORNADO
MAX 32 OR BELOW: 0 0.01 INCH OR MORE: 4
MAX 90 OR ABOVE: 15 0.10 INCH OR MORE: 3
MIN 32 OR BELOW: 0 0.50 INCH OR MORE: 0
MIN 0 OR BELOW: 0 1.00 INCH OR MORE: 0
[HDD (BASE 65) ]
TOTAL THIS MO. 0 CLEAR (SCALE 0-3) 17
DPTR FM NORMAL -1 PTCLDY (SCALE 4-7) 10
TOTAL FM JUL 1 2889 CLOUDY (SCALE 8-10) 3
DPTR FM NORMAL -12
[CDD (BASE 65) ]
TOTAL THIS MO. 370
DPTR FM NORMAL -22 [PRESSURE DATA]
TOTAL FM JAN 1 539 HIGHEST SLP M ON M
DPTR FM NORMAL -114 LOWEST SLP M ON M
[REMARKS]
#FINAL-06-21#