000
CXUS54 KJAN 012216
CF6GLH
PRELIMINARY LOCAL CLIMATOLOGICAL DATA (WS FORM: F-6)
STATION: GREENVILLE
MONTH: JULY
YEAR: 2023
LATITUDE: 33 29 N
LONGITUDE: 90 59 W
TEMPERATURE IN F: :PCPN: SNOW: WIND :SUNSHINE: SKY :PK WND
================================================================================
1 2 3 4 5 6A 6B 7 8 9 10 11 12 13 14 15 16 17 18
12Z AVG MX 2MIN
DY MAX MIN AVG DEP HDD CDD WTR SNW DPTH SPD SPD DIR MIN PSBL S-S WX SPD DR
================================================================================
1 95 79 87 5 0 22 0.00 0.0 0 9.0 17 220 M M 0 1 22 210
2 94 75 85 3 0 20 0.27 0.0 0 7.5 26 280 M M 3 13 36 280
3 94 74 84 2 0 19 0.32 0.0 0 5.7 17 100 M M 1 13 21 60
4 93 72 83 1 0 18 1.13 0.0 0 4.6 24 150 M M 2 13 35 150
5 93 71 82 0 0 17 0.00 0.0 0 4.7 20 310 M M 1 13 29 330
6 90 73 82 0 0 17 0.00 0.0 0 7.0 20 230 M M 1 3 25 230
7 89 73 81 -1 0 16 T 0.0 0 4.3 12 260 M M 2 14 240
8 92 75 84 2 0 19 0.14 0.0 0 7.4 23 320 M M 2 138 32 320
9 87 70 79 -3 0 14 0.31 0.0 0 5.5 25 250 M M 5 13 37 230
10 86 68 77 -5 0 12 0.00 0.0 0 3.4 9 320 M M 6 12 50
11 85 68 77 -5 0 12 0.15 0.0 0 4.1 14 220 M M 3 13 18 230
12 85 73 79 -3 0 14 0.07 0.0 0 6.1 14 250 M M 6 3 19 250
13 91 78 85 3 0 20 0.01 0.0 0 7.1 18 190 M M 5 1 22 260
14 90 78 84 2 0 19 0.00 0.0 0 5.8 13 260 M M 1 18 250
15 91 71 81 -2 0 16 0.91 0.0 0 7.9 35 320 M M 4 138 50 340
16 93 70 82 -1 0 17 0.00 0.0 0 1.4 8 180 M M 0 1 11 250
17 91 71 81 -2 0 16 0.00 0.0 0 5.3 13 140 M M 0 16 170
18 95 76 86 3 0 21 0.00 0.0 0 7.6 16 200 M M 0 21 200
19 94 78 86 3 0 21 0.00 0.0 0 9.6 18 220 M M 0 24 210
20 94 77 86 3 0 21 0.00 0.0 0 6.9 13 240 M M 0 18 240
21 94 74 84 1 0 19 0.00 0.0 0 6.0 16 340 M M 1 13 21 330
22 87 66 77 -6 0 12 0.05 0.0 0 5.3 13 20 M M 5 13 17 30
23 90 63 77 -6 0 12 0.00 0.0 0 1.7 9 20 M M 0 12 15 10
24 93 65 79 -4 0 14 0.00 0.0 0 1.3 8 260 M M 1 12 11 250
25 93 67 80 -3 0 15 0.00 0.0 0 4.6 12 170 M M 0 1 16 210
26 94 70 82 -1 0 17 0.00 0.0 0 5.1 15 200 M M 0 20 190
27 97 73 85 2 0 20 0.00 0.0 0 2.8 10 250 M M 0 1 15 250
28 99 73 86 3 0 21 0.00 0.0 0 2.7 9 160 M M 0 1 13 270
29 97 73 85 2 0 20 0.00 0.0 0 4.5 10 230 M M 0 14 240
30 97 75 86 3 0 21 0.00 0.0 0 4.8 12 330 M M 1 15 10
31 96 74 85 2 0 20 0.00 0.0 0 5.4 22 350 M M 0 31 340
================================================================================
SM 2859 2243 0 542 3.36 0.0 165.1 M 50
================================================================================
AV 92.2 72.4 5.3 FASTST M M 2 MAX(MPH)
MISC ----> 35 320 50 340
================================================================================
NOTES:
# LAST OF SEVERAL OCCURRENCES
COLUMN 17 PEAK WIND IN M.P.H.
PRELIMINARY LOCAL CLIMATOLOGICAL DATA (WS FORM: F-6) , PAGE 2
STATION: GREENVILLE
MONTH: JULY
YEAR: 2023
LATITUDE: 33 29 N
LONGITUDE: 90 59 W
[TEMPERATURE DATA] [PRECIPITATION DATA] SYMBOLS USED IN COLUMN 16
AVERAGE MONTHLY: 82.3 TOTAL FOR MONTH: 3.36 1 = FOG OR MIST
DPTR FM NORMAL: -0.1 DPTR FM NORMAL: 0.18 2 = FOG REDUCING VISIBILITY
HIGHEST: 99 ON 28 GRTST 24HR 1.43 ON 3- 4 TO 1/4 MILE OR LESS
LOWEST: 63 ON 23 3 = THUNDER
SNOW, ICE PELLETS, HAIL 4 = ICE PELLETS
TOTAL MONTH: 0.0 INCH 5 = HAIL
GRTST 24HR 0.0 6 = FREEZING RAIN OR DRIZZLE
GRTST DEPTH: 0 7 = DUSTSTORM OR SANDSTORM:
VSBY 1/2 MILE OR LESS
8 = SMOKE OR HAZE
[NO. OF DAYS WITH] [WEATHER - DAYS WITH] 9 = BLOWING SNOW
X = TORNADO
MAX 32 OR BELOW: 0 0.01 INCH OR MORE: 10
MAX 90 OR ABOVE: 25 0.10 INCH OR MORE: 7
MIN 32 OR BELOW: 0 0.50 INCH OR MORE: 2
MIN 0 OR BELOW: 0 1.00 INCH OR MORE: 1
[HDD (BASE 65) ]
TOTAL THIS MO. 0 CLEAR (SCALE 0-3) 24
DPTR FM NORMAL 0 PTCLDY (SCALE 4-7) 7
TOTAL FM JUL 1 0 CLOUDY (SCALE 8-10) 0
DPTR FM NORMAL 0
[CDD (BASE 65) ]
TOTAL THIS MO. 542
DPTR FM NORMAL 1 [PRESSURE DATA]
TOTAL FM JAN 1 1376 HIGHEST SLP 30.18 ON 25
DPTR FM NORMAL 53 LOWEST SLP 29.83 ON 14
[REMARKS]
#FINAL-07-23#