000
CXUS53 KAPX 010830
CF6GLR
PRELIMINARY LOCAL CLIMATOLOGICAL DATA (WS FORM: F-6)
STATION: GAYLORD
MONTH: FEBRUARY
YEAR: 2024
LATITUDE: 45 0 N
LONGITUDE: 84 42 W
TEMPERATURE IN F: :PCPN: SNOW: WIND :SUNSHINE: SKY :PK WND
================================================================================
1 2 3 4 5 6A 6B 7 8 9 10 11 12 13 14 15 16 17 18
12Z AVG MX 2MIN
DY MAX MIN AVG DEP HDD CDD WTR SNW DPTH SPD SPD DIR MIN PSBL S-S WX SPD DR
================================================================================
1 40 30 35 19 30 0 0.00 M M 7.5 18 250 M M 10 26 250
2 38 26 32 16 33 0 0.00 M M 3.2 12 40 M M 5 18 60
3 46 20 33 17 32 0 0.00 M M 1.3 7 190 M M 1 1 9 180
4 45 20 33 16 32 0 T M M 2.4 7 310 M M 3 128 11 310
5 43 26 35 18 30 0 0.00 M M 2.2 6 130 M M 6 1 10 360
6 41 27 34 17 31 0 0.00 M M 4.4 10 170 M M 6 1 13 160
7 47 31 39 22 26 0 0.00 M M 6.1 9 170 M M 1 14 220
8 54 36 45 28 20 0 T M M 10.4 23 190 M M 2 35 190
9 51 38 45 28 20 0 T M M 17.4 29 240 M M 10 38 230
10 38 29 34 17 31 0 0.05 M M 10.7 21 250 M M 10 18 30 260
11 30 22 26 9 39 0 T M M 6.5 14 240 M M 9 22 270
12 39 21 30 12 35 0 T M M 7.7 18 240 M M 7 26 220
13 31 18 25 7 40 0 0.01 M M 5.0 14 300 M M 8 24 330
14 34 11 23 5 42 0 0.00 M M 5.5 15 190 M M 8 20 240
15 34 24 29 11 36 0 0.29 M M 8.3 20 300 M M 10 1 35 320
16 24 7 16 -2 49 0 0.04 M M 6.2 16 300 M M 10 25 280
17 27 2 15 -3 50 0 0.02 M M 9.7 26 240 M M 10 18 34 250
18 31 20 26 7 39 0 0.01 M M 10.9 24 250 M M 10 34 250
19 37 9 23 4 42 0 0.00 M M 4.4 17 240 M M 5 24 240
20 44 8 26 7 39 0 0.00 M M 5.5 15 170 M M 1 20 170
21 50 26 38 18 27 0 T M M 5.8 15 230 M M 3 19 230
22 51 25 38 18 27 0 0.00 M M 1.7 12 260 M M 5 128 16 260
23 40 12 26 6 39 0 0.00 M M 6.4 13 30 M M 2 23 20
24 29 5 17 -3 48 0 0.00 M M 6.1 18 220 M M 0 25 230
25 45 25 35 14 30 0 T M M 11.1 21 240 M M 6 28 190
26 48 21 35 14 30 0 0.00 M M 7.7 20 160 M M 1 29 160
27 68 39 54 33 11 0 0.00 M M 9.8 20 200 M M 0 30 220
28 54 13 34 12 31 0 0.45 M M 11.8 23 300 M M 9 136 41 300
29 25 13 19 -3 46 0 T M M 8.1 18 250 M M 9 26 270
================================================================================
SM 1184 604 985 0 0.87 M 203.8 M 167
================================================================================
AV 40.8 20.8 7.0 FASTST M M 6 MAX(MPH)
MISC ----> 29 240 41 300
================================================================================
NOTES:
# LAST OF SEVERAL OCCURRENCES
COLUMN 17 PEAK WIND IN M.P.H.
PRELIMINARY LOCAL CLIMATOLOGICAL DATA (WS FORM: F-6) , PAGE 2
STATION: GAYLORD
MONTH: FEBRUARY
YEAR: 2024
LATITUDE: 45 0 N
LONGITUDE: 84 42 W
[TEMPERATURE DATA] [PRECIPITATION DATA] SYMBOLS USED IN COLUMN 16
AVERAGE MONTHLY: 30.8 TOTAL FOR MONTH: 0.87 1 = FOG OR MIST
DPTR FM NORMAL: 12.5 DPTR FM NORMAL: -0.22 2 = FOG REDUCING VISIBILITY
HIGHEST: 68 ON 27 GRTST 24HR 0.45 ON 28-28 TO 1/4 MILE OR LESS
LOWEST: 2 ON 17 3 = THUNDER
SNOW, ICE PELLETS, HAIL 4 = ICE PELLETS
TOTAL MONTH: M 5 = HAIL
GRTST 24HR M ON M 6 = FREEZING RAIN OR DRIZZLE
GRTST DEPTH: M ON M 7 = DUSTSTORM OR SANDSTORM:
VSBY 1/2 MILE OR LESS
8 = SMOKE OR HAZE
[NO. OF DAYS WITH] [WEATHER - DAYS WITH] 9 = BLOWING SNOW
X = TORNADO
MAX 32 OR BELOW: 7 0.01 INCH OR MORE: 7
MAX 90 OR ABOVE: 0 0.10 INCH OR MORE: 2
MIN 32 OR BELOW: 26 0.50 INCH OR MORE: 0
MIN 0 OR BELOW: 0 1.00 INCH OR MORE: 0
[HDD (BASE 65) ]
TOTAL THIS MO. 985 CLEAR (SCALE 0-3) 9
DPTR FM NORMAL -321 PTCLDY (SCALE 4-7) 10
TOTAL FM JUL 1 4738 CLOUDY (SCALE 8-10) 10
DPTR FM NORMAL -1292
[CDD (BASE 65) ]
TOTAL THIS MO. 0
DPTR FM NORMAL 0 [PRESSURE DATA]
TOTAL FM JAN 1 0 HIGHEST SLP 30.41 ON 29
DPTR FM NORMAL 0 LOWEST SLP 29.17 ON 28
[REMARKS]
#FINAL-02-24#