814
CXUS54 KOUN 010700
CF6GOK
PRELIMINARY LOCAL CLIMATOLOGICAL DATA (WS FORM: F-6)
STATION: GUTHRIE MUNICIPAL
MONTH: AUGUST
YEAR: 2020
LATITUDE: 35 50 N
LONGITUDE: 97 25 W
TEMPERATURE IN F: :PCPN: SNOW: WIND :SUNSHINE: SKY :PK WND
================================================================================
1 2 3 4 5 6A 6B 7 8 9 10 11 12 13 14 15 16 17 18
12Z AVG MX 2MIN
DY MAX MIN AVG DEP HDD CDD WTR SNW DPTH SPD SPD DIR MIN PSBL S-S WX SPD DR
================================================================================
1 86 63 75 -9 0 10 0.00 0.0 0 2.7 10 300 M M 0 1 16 320
2 88 63 76 -8 0 11 0.00 0.0 0 3.5 10 350 M M 0 15 10
3 84 59 72 -12 0 7 0.00 0.0 0 3.9 10 50 M M 1 15 80
4 82 63 73 -11 0 8 T 0.0 0 6.9 15 120 M M 4 19 80
5 82 60 71 -13 0 6 0.51 0.0 0 6.4 18 150 M M 5 13 25 150
6 86 68 77 -7 0 12 T 0.0 0 8.5 15 100 M M 3 1 21 100
7 91 74 83 -1 0 18 0.09 0.0 0 14.1 20 180 M M 1 3 31 180
8 96 78 87 3 0 22 0.00 0.0 0 13.8 22 200 M M 0 28 200
9 97 78 88 5 0 23 0.00 0.0 0 13.3 21 190 M M 0 29 160
10 97 68 83 0 0 18 0.29 0.0 0 12.4 29 300 M M 0 13 45 320
11 90 67 79 -4 0 14 0.38 0.0 0 5.6 21 120 M M 2 13 26 120
12 91 70 81 -2 0 16 0.00 0.0 0 9.3 16 160 M M 4 23 140
13 93 74 84 1 0 19 0.00 0.0 0 10.4 22 160 M M 0 27 170
14 92 72 82 -1 0 17 0.00 0.0 0 8.5 18 120 M M 0 23 120
15 93 72 83 0 0 18 0.00 0.0 0 6.2 14 80 M M 0 18 40
16 86 71 79 -4 0 14 T 0.0 0 6.0 16 320 M M 1 24 320
17 92 67 80 -3 0 15 0.00 0.0 0 4.7 15 70 M M 1 21 60
18 89 61 75 -7 0 10 0.00 0.0 0 4.1 12 70 M M 0 8 14 90
19 87 61 74 -8 0 9 0.00 0.0 0 5.5 10 60 M M 0 14 100
20 90 60 75 -7 0 10 0.00 0.0 0 6.1 13 90 M M 1 16 190
21 92 66 79 -3 0 14 T 0.0 0 6.4 13 190 M M 0 17 200
22 93 63 78 -4 0 13 0.00 0.0 0 5.8 12 190 M M 0 17 170
23 95 68 82 0 0 17 0.00 0.0 0 6.7 14 180 M M 0 19 180
24 95 68 82 1 0 17 0.00 0.0 0 6.8 12 180 M M 0 M M
25 94 66 80 -1 0 15 0.00 0.0 0 6.9 14 130 M M 0 20 140
26 94 70 82 1 0 17 T 0.0 0 7.8 24 150 M M 1 3 34 130
27 93 65 79 -2 0 14 0.00 0.0 0 6.1 17 170 M M 1 3 24 170
28 103 68 86 6 0 21 0.00 0.0 M 7.2 16 220 M M 0 22 190
29 87 72 80 0 0 15 0.00 0.0 0 7.4 18 80 M M 1 24 70
30 95 69 82 2 0 17 0.14 0.0 0 5.9 16 200 M M 2 1 22 200
31 97 71 84 4 0 19 0.64 0.0 0 7.3 20 120 M M 3 13 26 130
================================================================================
SM 2830 2095 0 456 2.05 0.0 226.2 M 31
================================================================================
AV 91.3 67.6 7.3 FASTST M M 1 MAX(MPH)
MISC ----> # 29 300 # 45 320
================================================================================
NOTES:
# LAST OF SEVERAL OCCURRENCES
COLUMN 17 PEAK WIND IN M.P.H.
PRELIMINARY LOCAL CLIMATOLOGICAL DATA (WS FORM: F-6) , PAGE 2
STATION: GUTHRIE MUNICIPAL
MONTH: AUGUST
YEAR: 2020
LATITUDE: 35 50 N
LONGITUDE: 97 25 W
[TEMPERATURE DATA] [PRECIPITATION DATA] SYMBOLS USED IN COLUMN 16
AVERAGE MONTHLY: 79.4 TOTAL FOR MONTH: 2.05 1 = FOG OR MIST
DPTR FM NORMAL: -2.9 DPTR FM NORMAL: -0.97 2 = FOG REDUCING VISIBILITY
HIGHEST: 103 ON 28 GRTST 24HR 0.64 ON 31-31 TO 1/4 MILE OR LESS
LOWEST: 59 ON 3 3 = THUNDER
SNOW, ICE PELLETS, HAIL 4 = ICE PELLETS
TOTAL MONTH: 0.0 INCH 5 = HAIL
GRTST 24HR 0.0 6 = FREEZING RAIN OR DRIZZLE
GRTST DEPTH: 0 7 = DUSTSTORM OR SANDSTORM:
VSBY 1/2 MILE OR LESS
8 = SMOKE OR HAZE
[NO. OF DAYS WITH] [WEATHER - DAYS WITH] 9 = BLOWING SNOW
X = TORNADO
MAX 32 OR BELOW: 0 0.01 INCH OR MORE: 6
MAX 90 OR ABOVE: 21 0.10 INCH OR MORE: 5
MIN 32 OR BELOW: 0 0.50 INCH OR MORE: 2
MIN 0 OR BELOW: 0 1.00 INCH OR MORE: 0
[HDD (BASE 65) ]
TOTAL THIS MO. 0 CLEAR (SCALE 0-3) 27
DPTR FM NORMAL 0 PTCLDY (SCALE 4-7) 4
TOTAL FM JUL 1 0 CLOUDY (SCALE 8-10) 0
DPTR FM NORMAL 0
[CDD (BASE 65) ]
TOTAL THIS MO. 456
DPTR FM NORMAL -82 [PRESSURE DATA]
TOTAL FM JAN 1 1644 HIGHEST SLP M ON M
DPTR FM NORMAL -72 LOWEST SLP 28.40 ON 31
[REMARKS]
#FINAL-08-20#