000
CXUS55 KMSO 032121
CF6GPI
PRELIMINARY LOCAL CLIMATOLOGICAL DATA (WS FORM: F-6)
STATION: KALISPELL MT
MONTH: JANUARY
YEAR: 2023
LATITUDE: 48 17 N
LONGITUDE: 114 16 W
TEMPERATURE IN F: :PCPN: SNOW: WIND :SUNSHINE: SKY :PK WND
================================================================================
1 2 3 4 5 6A 6B 7 8 9 10 11 12 13 14 15 16 17 18
12Z AVG MX 2MIN
DY MAX MIN AVG DEP HDD CDD WTR SNW DPTH SPD SPD DIR MIN PSBL S-S WX SPD DR
================================================================================
1 34 25 30 8 35 0 0.00 0.0 12 0.8 9 190 M M 10 12 11 180
2 35 8 22 0 43 0 0.00 0.0 11 0.7 6 300 M M 4 12 10 340
3 23 1 12 -10 53 0 T 0.1 11 0.7 5 220 M M 7 1 6 330
4 31 14 23 1 42 0 T T 11 1.0 7 220 M M 9 1 9 330
5 30 12 21 -2 44 0 0.03 0.2 11 2.6 12 40 M M 6 1 17 340
6 33 20 27 4 38 0 0.00 0.0 12 0.7 6 90 M M 9 1 6 240
7 29 12 21 -2 44 0 0.00 0.0 11 1.2 7 210 M M 6 12 7 210
8 34 20 27 4 38 0 0.00 0.0 11 2.2 18 160 M M 9 12 23 160
9 36 21 29 6 36 0 0.14 0.8 11 4.2 16 150 M M 6 1 26 140
10 36 15 26 3 39 0 0.02 T 12 2.2 8 160 M M 10 12 10 160
11 29 16 23 0 42 0 T T 12 1.6 8 150 M M 10 12 10 160
12 31 22 27 4 38 0 0.04 0.2 12 0.3 5 250 M M 10 12 6 220
13 31 21 26 3 39 0 0.00 0.0 12 0.3 5 60 M M 9 12 6 110
14 37 27 32 9 33 0 0.00 0.0 12 1.4 8 100 M M 9 128 9 110
15 36 29 33 9 32 0 0.09 0.0 12 0.6 7 340 M M 10 126 9 340
16 35 32 34 10 31 0 0.04 T 11 0.6 6 110 M M 10 12 11 120
17 35 31 33 9 32 0 T T 11 4.7 9 140 M M 10 12 11 150
18 36 30 33 9 32 0 0.00 0.0 11 4.0 10 140 M M 10 17 130
19 34 30 32 8 33 0 0.05 1.2 12 4.4 10 150 M M 10 1 19 130
20 32 20 26 2 39 0 0.00 0.0 11 3.7 10 140 M M 7 15 140
21 35 19 27 3 38 0 0.00 0.0 11 1.1 7 270 M M 8 8 9 80
22 30 22 26 2 39 0 T T 11 0.4 7 190 M M 10 1 8 190
23 30 15 23 -1 42 0 T T 11 6.2 17 150 M M 10 128 26 130
24 32 26 29 5 36 0 0.00 0.0 11 7.4 13 150 M M 10 17 140
25 34 19 27 3 38 0 0.00 0.0 11 0.6 6 210 M M 9 1 7 120
26 39 29 34 9 31 0 0.00 0.0 11 4.4 15 170 M M 10 20 160
27 37 27 32 7 33 0 0.28 1.0 10 8.4 33 30 M M 10 12 40 30
28 27 -2 13 -12 52 0 0.00 T 11 17.7 32 30 M M 4 43 20
29 12 -14 -1 -26 66 0 0.00 0.0 11 2.7 9 10 M M 1 12 10
30 12 0 6 -19 59 0 0.02 0.4 11 1.1 7 10 M M 10 18 10 140
31 17 9 13 -12 52 0 0.16 4.8 12 1.1 7 250 M M 10 1 8 230
================================================================================
SM 962 556 1249 0 0.87 8.7 89.0 M 263
================================================================================
AV 31.0 17.9 2.9 FASTST M M 8 MAX(MPH)
MISC ----> 33 30 43 20
================================================================================
NOTES:
# LAST OF SEVERAL OCCURRENCES
COLUMN 17 PEAK WIND IN M.P.H.
PRELIMINARY LOCAL CLIMATOLOGICAL DATA (WS FORM: F-6) , PAGE 2
STATION: KALISPELL MT
MONTH: JANUARY
YEAR: 2023
LATITUDE: 48 17 N
LONGITUDE: 114 16 W
[TEMPERATURE DATA] [PRECIPITATION DATA] SYMBOLS USED IN COLUMN 16
AVERAGE MONTHLY: 24.5 TOTAL FOR MONTH: 0.87 1 = FOG OR MIST
DPTR FM NORMAL: 0.8 DPTR FM NORMAL: -0.53 2 = FOG REDUCING VISIBILITY
HIGHEST: 39 ON 26 GRTST 24HR 0.30 ON 27-28 TO 1/4 MILE OR LESS
LOWEST: -14 ON 29 3 = THUNDER
SNOW, ICE PELLETS, HAIL 4 = ICE PELLETS
TOTAL MONTH: 8.8 INCHES 5 = HAIL
GRTST 24HR 4.8 ON 31-31 6 = FREEZING RAIN OR DRIZZLE
GRTST DEPTH: 12 ON 31,19 7 = DUSTSTORM OR SANDSTORM:
VSBY 1/2 MILE OR LESS
8 = SMOKE OR HAZE
[NO. OF DAYS WITH] [WEATHER - DAYS WITH] 9 = BLOWING SNOW
X = TORNADO
MAX 32 OR BELOW: 15 0.01 INCH OR MORE: 10
MAX 90 OR ABOVE: 0 0.10 INCH OR MORE: 3
MIN 32 OR BELOW: 31 0.50 INCH OR MORE: 0
MIN 0 OR BELOW: 3 1.00 INCH OR MORE: 0
[HDD (BASE 65) ]
TOTAL THIS MO. 1249 CLEAR (SCALE 0-3) 1
DPTR FM NORMAL -33 PTCLDY (SCALE 4-7) 8
TOTAL FM JUL 1 4775 CLOUDY (SCALE 8-10) 22
DPTR FM NORMAL 2
[CDD (BASE 65) ]
TOTAL THIS MO. 0
DPTR FM NORMAL 0 [PRESSURE DATA]
TOTAL FM JAN 1 0 HIGHEST SLP 30.72 ON 29
DPTR FM NORMAL 0 LOWEST SLP 29.52 ON 15
[REMARKS]
#FINAL-01-23#