000
CXUS54 KLIX 250810
CF6GPT
PRELIMINARY LOCAL CLIMATOLOGICAL DATA (WS FORM: F-6)
STATION: GULFPORT
MONTH: APRIL
YEAR: 2024
LATITUDE: 30 23 N
LONGITUDE: 89 4 W
TEMPERATURE IN F: :PCPN: SNOW: WIND :SUNSHINE: SKY :PK WND
================================================================================
1 2 3 4 5 6A 6B 7 8 9 10 11 12 13 14 15 16 17 18
12Z AVG MX 2MIN
DY MAX MIN AVG DEP HDD CDD WTR SNW DPTH SPD SPD DIR MIN PSBL S-S WX SPD DR
================================================================================
1 79 70 75 11 0 10 0.00 0.0 M 10.4 17 140 M M 9 24 160
2 76 70 73 9 0 8 0.02 0.0 M 8.6 16 140 M M 10 1 25 180
3 76 53 65 0 0 0 T 0.0 M 12.6 25 300 M M 0 39 310
4 77 43 60 -5 5 0 0.00 0.0 M 6.4 20 290 M M 0 27 310
5 83 49 66 1 0 1 0.00 0.0 M 4.4 17 290 M M 0 18 24 300
6 72 52 62 -3 3 0 0.00 0.0 M 6.9 14 140 M M 0 19 150
7 77 56 67 1 0 2 0.00 0.0 M 8.7 21 130 M M 4 12 29 130
8 75 69 72 6 0 7 0.10 0.0 M 13.4 23 120 M M 7 138 31 110
9 77 69 73 7 0 8 T 0.0 M 17.2 25 120 M M 10 34 120
10 73 66 70 4 0 5 4.00 0.0 M 16.8 44 130 M M 10 13 59 120
11 73 55 64 -2 1 0 T 0.0 M 11.7 31 310 M M 4 45 310
12 81 49 65 -2 0 0 0.00 0.0 M 5.8 18 360 M M 0 27 340
13 77 48 63 -4 2 0 0.00 0.0 M 3.2 13 190 M M 0 18 200
14 77 53 65 -2 0 0 0.00 0.0 M 4.8 14 150 M M 0 20 170
15 79 59 69 2 0 4 0.00 0.0 M 8.2 17 150 M M 3 28 130
16 80 71 76 8 0 11 0.00 0.0 M 13.2 23 140 M M 4 31 140
17 79 73 76 8 0 11 0.00 0.0 M 9.5 21 130 M M 8 25 130
18 80 71 76 8 0 11 0.00 0.0 M 7.4 20 140 M M 7 25 140
19 82 68 75 7 0 10 0.00 0.0 M 5.1 16 160 M M 4 1 22 150
20 85 66 76 8 0 11 0.00 0.0 M 5.8 16 160 M M 2 25 170
21 73 57 65 -4 0 0 0.13 0.0 M 11.6 21 320 M M 5 1 31 310
22 75 50 63 -6 2 0 0.00 0.0 M 7.1 16 10 M M 0 26 40
23 75 47 61 -8 4 0 0.00 0.0 M 5.3 15 150 M M 0 27 150
24 79 57 68 -1 0 3 0.00 0.0 M 3.7 14 160 M M 2 18 20 180
================================================================================
SM 1860 1421 17 102 4.25 0.0 207.8 M 89
================================================================================
AV 77.5 59.2 8.7 FASTST M M 4 MAX(MPH)
MISC ----> 44 130 59 120
================================================================================
NOTES:
# LAST OF SEVERAL OCCURRENCES
COLUMN 17 PEAK WIND IN M.P.H.
PRELIMINARY LOCAL CLIMATOLOGICAL DATA (WS FORM: F-6) , PAGE 2
STATION: GULFPORT
MONTH: APRIL
YEAR: 2024
LATITUDE: 30 23 N
LONGITUDE: 89 4 W
[TEMPERATURE DATA] [PRECIPITATION DATA] SYMBOLS USED IN COLUMN 16
AVERAGE MONTHLY: 68.4 TOTAL FOR MONTH: 4.25 1 = FOG OR MIST
DPTR FM NORMAL: 1.6 DPTR FM NORMAL: -0.33 2 = FOG REDUCING VISIBILITY
HIGHEST: 85 ON 20 GRTST 24HR 4.00 ON 9-10 TO 1/4 MILE OR LESS
LOWEST: 43 ON 4 3 = THUNDER
SNOW, ICE PELLETS, HAIL 4 = ICE PELLETS
TOTAL MONTH: 0.0 INCH 5 = HAIL
GRTST 24HR 0.0 6 = FREEZING RAIN OR DRIZZLE
GRTST DEPTH: M ON M 7 = DUSTSTORM OR SANDSTORM:
VSBY 1/2 MILE OR LESS
8 = SMOKE OR HAZE
[NO. OF DAYS WITH] [WEATHER - DAYS WITH] 9 = BLOWING SNOW
X = TORNADO
MAX 32 OR BELOW: 0 0.01 INCH OR MORE: 4
MAX 90 OR ABOVE: 0 0.10 INCH OR MORE: 3
MIN 32 OR BELOW: 0 0.50 INCH OR MORE: 1
MIN 0 OR BELOW: 0 1.00 INCH OR MORE: 1
[HDD (BASE 65) ]
TOTAL THIS MO. 17 CLEAR (SCALE 0-3) 12
DPTR FM NORMAL -28 PTCLDY (SCALE 4-7) 8
TOTAL FM JUL 1 1216 CLOUDY (SCALE 8-10) 4
DPTR FM NORMAL -285
[CDD (BASE 65) ]
TOTAL THIS MO. 102
DPTR FM NORMAL 13 [PRESSURE DATA]
TOTAL FM JAN 1 179 HIGHEST SLP M ON M
DPTR FM NORMAL 21 LOWEST SLP 29.55 ON 10
[REMARKS]