000
CXUS54 KLIX 010810
CF6GPT
PRELIMINARY LOCAL CLIMATOLOGICAL DATA (WS FORM: F-6)
STATION: GULFPORT
MONTH: APRIL
YEAR: 2023
LATITUDE: 30 23 N
LONGITUDE: 89 4 W
TEMPERATURE IN F: :PCPN: SNOW: WIND :SUNSHINE: SKY :PK WND
================================================================================
1 2 3 4 5 6A 6B 7 8 9 10 11 12 13 14 15 16 17 18
12Z AVG MX 2MIN
DY MAX MIN AVG DEP HDD CDD WTR SNW DPTH SPD SPD DIR MIN PSBL S-S WX SPD DR
================================================================================
1 86 59 73 9 0 8 0.22 0.0 M 5.2 15 320 M M 6 138 24 270
2 78 59 69 5 0 4 0.00 0.0 M 8.8 18 140 M M 2 23 140
3 84 73 79 14 0 14 T 0.0 M 9.3 15 200 M M 7 1 26 220
4 81 74 78 13 0 13 0.00 0.0 M 12.7 22 140 M M 10 1 30 140
5 81 74 78 13 0 13 0.00 0.0 M 12.2 21 150 M M 9 1 28 150
6 82 75 79 14 0 14 0.00 0.0 M 11.5 18 130 M M 7 24 120
7 79 69 74 8 0 9 0.02 0.0 M 7.1 15 140 M M 8 1 19 130
8 79 61 70 4 0 5 0.64 0.0 M 7.9 17 20 M M 9 13 24 10
9 63 53 58 -8 7 0 0.00 0.0 M 8.9 17 50 M M 10 23 50
10 75 59 67 1 0 2 0.00 0.0 M 9.3 16 60 M M 9 24 60
11 75 61 68 2 0 3 0.00 0.0 M 8.5 18 150 M M 4 27 80
12 69 59 64 -3 1 0 0.73 0.0 M 9.2 18 60 M M M 26 60
13 72 58 65 -2 0 0 0.50 0.0 M 8.9 28 20 M M M 45 30
14 77 57 67 0 0 2 0.00 0.0 M 5.6 15 160 M M 1 21 210
15 77 62 70 3 0 5 1.03 0.0 M 7.5 33 300 M M 5 13 52 300
16 76 54 65 -3 0 0 0.43 0.0 M 9.2 22 310 M M 3 13 29 330
17 78 47 63 -5 2 0 0.00 0.0 M 4.0 15 310 M M 0 20 20
18 76 48 62 -6 3 0 0.00 0.0 M 2.8 13 150 M M 0 18 140
19 76 53 65 -3 0 0 0.00 0.0 M 7.4 17 140 M M 0 25 130
20 80 61 71 3 0 6 0.00 0.0 M 9.6 20 120 M M 4 12 26 130
21 78 63 71 2 0 6 T 0.0 M 6.0 18 150 M M 2 23 160
22 81 56 69 0 0 4 0.00 0.0 M 8.1 21 30 M M 3 36 40
23 77 56 67 -2 0 2 0.00 0.0 M 7.4 16 130 M M 1 24 150
24 75 57 66 -3 0 1 0.00 0.0 M 9.6 15 30 M M 5 25 10
25 83 55 69 -1 0 4 0.00 0.0 M 5.2 14 160 M M 0 8 18 140
26 80 62 71 1 0 6 0.00 0.0 M 8.3 16 140 M M 2 1 25 160
27 80 68 74 4 0 9 1.32 0.0 M 7.0 24 130 M M 6 13 31 120
28 87 66 77 7 0 12 0.00 0.0 M 5.9 16 290 M M 0 23 300
29 79 61 70 -1 0 5 0.13 0.0 M 5.6 20 140 M M 4 13 23 300
30 82 60 71 0 0 6 0.00 0.0 M 11.7 22 320 M M 2 30 310
================================================================================
SM 2346 1820 13 153 5.02 0.0 240.4 M 119
================================================================================
AV 78.2 60.7 8.0 FASTST M M 4 MAX(MPH)
MISC ----> 33 300 52 300
================================================================================
NOTES:
# LAST OF SEVERAL OCCURRENCES
COLUMN 17 PEAK WIND IN M.P.H.
PRELIMINARY LOCAL CLIMATOLOGICAL DATA (WS FORM: F-6) , PAGE 2
STATION: GULFPORT
MONTH: APRIL
YEAR: 2023
LATITUDE: 30 23 N
LONGITUDE: 89 4 W
[TEMPERATURE DATA] [PRECIPITATION DATA] SYMBOLS USED IN COLUMN 16
AVERAGE MONTHLY: 69.4 TOTAL FOR MONTH: 5.02 1 = FOG OR MIST
DPTR FM NORMAL: 1.9 DPTR FM NORMAL: -0.49 2 = FOG REDUCING VISIBILITY
HIGHEST: 87 ON 28 GRTST 24HR 1.46 ON 15-16 TO 1/4 MILE OR LESS
LOWEST: 47 ON 17 3 = THUNDER
SNOW, ICE PELLETS, HAIL 4 = ICE PELLETS
TOTAL MONTH: 0.0 INCH 5 = HAIL
GRTST 24HR 0.0 6 = FREEZING RAIN OR DRIZZLE
GRTST DEPTH: M ON M 7 = DUSTSTORM OR SANDSTORM:
VSBY 1/2 MILE OR LESS
8 = SMOKE OR HAZE
[NO. OF DAYS WITH] [WEATHER - DAYS WITH] 9 = BLOWING SNOW
X = TORNADO
MAX 32 OR BELOW: 0 0.01 INCH OR MORE: 9
MAX 90 OR ABOVE: 0 0.10 INCH OR MORE: 8
MIN 32 OR BELOW: 0 0.50 INCH OR MORE: 5
MIN 0 OR BELOW: 0 1.00 INCH OR MORE: 2
[HDD (BASE 65) ]
TOTAL THIS MO. 13 CLEAR (SCALE 0-3) 12
DPTR FM NORMAL -35 PTCLDY (SCALE 4-7) 11
TOTAL FM JUL 1 1039 CLOUDY (SCALE 8-10) 7
DPTR FM NORMAL -464
[CDD (BASE 65) ]
TOTAL THIS MO. 153
DPTR FM NORMAL 31 [PRESSURE DATA]
TOTAL FM JAN 1 414 HIGHEST SLP M ON M
DPTR FM NORMAL 223 LOWEST SLP 29.62 ON 29
[REMARKS]
#FINAL-04-23#