000
CXUS54 KLIX 010910
CF6GPT
PRELIMINARY LOCAL CLIMATOLOGICAL DATA (WS FORM: F-6)
STATION: GULFPORT
MONTH: JANUARY
YEAR: 2023
LATITUDE: 30 23 N
LONGITUDE: 89 4 W
TEMPERATURE IN F: :PCPN: SNOW: WIND :SUNSHINE: SKY :PK WND
================================================================================
1 2 3 4 5 6A 6B 7 8 9 10 11 12 13 14 15 16 17 18
12Z AVG MX 2MIN
DY MAX MIN AVG DEP HDD CDD WTR SNW DPTH SPD SPD DIR MIN PSBL S-S WX SPD DR
================================================================================
1 68 50 59 7 6 0 T 0.0 M 3.6 12 140 M M 8 12 15 130
2 77 65 71 19 0 6 0.00 0.0 M 10.9 20 140 M M 10 12 26 150
3 73 67 70 18 0 5 0.00 0.0 M 11.2 21 150 M M 10 12 30 150
4 77 56 67 15 0 2 0.62 0.0 M 5.3 22 290 M M 3 13 36 210
5 71 45 58 6 7 0 0.00 0.0 M 4.6 15 330 M M 0 21 310
6 66 40 53 1 12 0 0.00 0.0 M 2.7 12 150 M M 0 8 16 40
7 70 44 57 5 8 0 0.00 0.0 M 4.3 14 140 M M 0 1 17 140
8 66 53 60 8 5 0 0.07 0.0 M 3.3 17 160 M M 6 1 21 160
9 66 44 55 3 10 0 0.00 0.0 M 5.5 15 350 M M 1 20 350
10 65 40 53 1 12 0 0.00 0.0 M 3.6 10 150 M M 1 15 180
11 76 62 69 18 0 4 0.00 0.0 M 6.7 14 220 M M 8 1 28 240
12 77 54 66 15 0 1 0.20 0.0 M 10.6 24 330 M M 4 13 36 330
13 57 38 48 -3 17 0 T M M 14.7 29 340 M M 4 47 350
14 58 32 45 -7 20 0 0.00 0.0 M 5.5 14 310 M M 0 18 10
15 58 32 45 -7 20 0 0.00 0.0 M 3.2 10 120 M M 0 16 120
16 68 44 56 4 9 0 0.00 0.0 M 5.2 14 180 M M 7 1 21 170
17 76 63 70 18 0 5 T 0.0 M 6.5 14 210 M M 7 1 21 220
18 76 61 69 17 0 4 0.00 0.0 M 7.1 17 180 M M 7 12 26 180
19 77 47 62 10 3 0 0.07 0.0 M 4.3 22 330 M M 3 1 30 330
20 64 42 53 1 12 0 0.00 0.0 M 5.7 15 30 M M 4 21 40
21 67 51 59 7 6 0 0.84 0.0 M 7.5 15 50 M M 10 13 24 160
22 67 45 56 4 9 0 0.07 0.0 M 7.0 17 310 M M 7 1 25 330
23 60 39 50 -2 15 0 0.00 0.0 M 6.3 16 320 M M 0 23 360
24 68 42 55 3 10 0 0.08 M M 15.9 30 110 M M 5 13 42 100
25 70 44 57 5 8 0 0.20 0.0 M 10.4 23 180 M M 5 13 38 170
26 59 38 49 -3 16 0 0.00 0.0 M 7.3 17 340 M M 2 33 350
27 58 33 46 -6 19 0 0.00 0.0 M 2.3 12 160 M M 0 17 140
28 65 37 51 -1 14 0 0.00 0.0 M 10.4 24 110 M M 0 30 110
29 67 57 62 9 3 0 0.38 0.0 M 5.2 23 330 M M 7 13 29 340
30 78 63 71 18 0 6 0.00 0.0 M 4.2 13 150 M M 10 12 15 150
31 73 64 69 16 0 4 0.00 0.0 M 2.0 10 160 M M 10 12 12 150
================================================================================
SM 2118 1492 241 37 2.53 0.0 203.0 M 139
================================================================================
AV 68.3 48.1 6.5 FASTST M M 4 MAX(MPH)
MISC ----> 30 110 47 350
================================================================================
NOTES:
# LAST OF SEVERAL OCCURRENCES
COLUMN 17 PEAK WIND IN M.P.H.
PRELIMINARY LOCAL CLIMATOLOGICAL DATA (WS FORM: F-6) , PAGE 2
STATION: GULFPORT
MONTH: JANUARY
YEAR: 2023
LATITUDE: 30 23 N
LONGITUDE: 89 4 W
[TEMPERATURE DATA] [PRECIPITATION DATA] SYMBOLS USED IN COLUMN 16
AVERAGE MONTHLY: 58.2 TOTAL FOR MONTH: 2.53 1 = FOG OR MIST
DPTR FM NORMAL: 6.4 DPTR FM NORMAL: -2.34 2 = FOG REDUCING VISIBILITY
HIGHEST: 78 ON 30 GRTST 24HR 4.33 ON 29-30 TO 1/4 MILE OR LESS
LOWEST: 32 ON 15,14 3 = THUNDER
SNOW, ICE PELLETS, HAIL 4 = ICE PELLETS
TOTAL MONTH: 0.0 INCH 5 = HAIL
GRTST 24HR 0.0 6 = FREEZING RAIN OR DRIZZLE
GRTST DEPTH: M ON M 7 = DUSTSTORM OR SANDSTORM:
VSBY 1/2 MILE OR LESS
8 = SMOKE OR HAZE
[NO. OF DAYS WITH] [WEATHER - DAYS WITH] 9 = BLOWING SNOW
X = TORNADO
MAX 32 OR BELOW: 0 0.01 INCH OR MORE: 9
MAX 90 OR ABOVE: 0 0.10 INCH OR MORE: 5
MIN 32 OR BELOW: 2 0.50 INCH OR MORE: 2
MIN 0 OR BELOW: 0 1.00 INCH OR MORE: 0
[HDD (BASE 65) ]
TOTAL THIS MO. 241 CLEAR (SCALE 0-3) 13
DPTR FM NORMAL -175 PTCLDY (SCALE 4-7) 13
TOTAL FM JUL 1 751 CLOUDY (SCALE 8-10) 5
DPTR FM NORMAL -262
[CDD (BASE 65) ]
TOTAL THIS MO. 37
DPTR FM NORMAL 29 [PRESSURE DATA]
TOTAL FM JAN 1 37 HIGHEST SLP 30.43 ON 27
DPTR FM NORMAL 29 LOWEST SLP 29.71 ON 25
[REMARKS]
#FINAL-01-23#