000
CXUS54 KLIX 010810
CF6GPT
PRELIMINARY LOCAL CLIMATOLOGICAL DATA (WS FORM: F-6)
STATION: GULFPORT
MONTH: OCTOBER
YEAR: 2021
LATITUDE: 30 23 N
LONGITUDE: 89 4 W
TEMPERATURE IN F: :PCPN: SNOW: WIND :SUNSHINE: SKY :PK WND
================================================================================
1 2 3 4 5 6A 6B 7 8 9 10 11 12 13 14 15 16 17 18
12Z AVG MX 2MIN
DY MAX MIN AVG DEP HDD CDD WTR SNW DPTH SPD SPD DIR MIN PSBL S-S WX SPD DR
================================================================================
1 85 72 79 3 0 14 0.00 0.0 M 7.9 18 110 M M 0 22 110
2 83 72 78 3 0 13 0.87 0.0 M 3.5 23 140 M M 3 13 30 130
3 83 73 78 3 0 13 0.19 M M 4.6 16 150 M M 8 1 19 140
4 82 71 77 2 0 12 1.19 M M 3.4 15 340 M M 8 13 19 340
5 83 71 77 3 0 12 0.00 M M 3.3 10 340 M M 5 1 14 340
6 85 68 77 3 0 12 0.00 M M 2.6 12 140 M M 3 12 15 140
7 88 68 78 4 0 13 0.00 M M 2.3 12 130 M M 1 1 15 140
8 89 66 78 5 0 13 0.00 M M 3.8 14 340 M M 0 19 350
9 86 64 75 2 0 10 0.00 M M 1.7 8 160 M M 0 11 160
10 84 67 76 4 0 11 0.00 0.0 M 5.6 15 140 M M 1 19 160
11 84 76 80 8 0 15 0.00 0.0 M 7.6 15 160 M M 2 21 140
12 85 72 79 7 0 14 0.00 0.0 M 4.9 13 140 M M 3 20 140
13 85 69 77 6 0 12 0.00 0.0 M 5.8 16 130 M M 2 21 130
14 85 73 79 8 0 14 0.00 0.0 M 8.1 17 140 M M 4 21 130
15 86 69 78 8 0 13 0.00 M M 3.7 12 150 M M 3 1 15 150
16 80 58 69 -1 0 4 0.01 M M 13.6 24 350 M M 2 32 330
17 75 51 63 -7 2 0 0.00 M M 8.0 17 20 M M 0 23 350
18 76 51 64 -5 1 0 0.00 M M 3.5 9 30 M M 0 13 40
19 80 53 67 -2 0 2 0.00 M M 6.1 14 110 M M 1 19 100
20 83 70 77 9 0 12 T M M 9.2 17 120 M M 8 3 24 120
21 84 71 78 10 0 13 0.39 0.0 M 3.4 15 140 M M 4 13 18 130
22 88 66 77 9 0 12 0.00 0.0 M 2.6 12 360 M M 4 12 14 340
23 80 63 72 5 0 7 0.00 0.0 M 6.1 15 120 M M 0 18 130
24 82 67 75 8 0 10 0.02 0.0 M 5.9 17 160 M M 2 1 28 150
25 88 68 78 12 0 13 0.00 0.0 M 4.2 15 320 M M 4 12 19 320
26 81 61 71 5 0 6 0.00 0.0 M 4.1 12 30 M M 0 16 30
27 80 63 72 6 0 7 1.84 M M 11.2 25 140 M M 5 13 34 130
28 76 61 69 4 0 4 0.00 0.0 M 11.7 31 290 M M 3 46 300
29 66 54 60 -5 5 0 0.00 0.0 M 10.7 23 310 M M 7 31 300
30 63 50 57 -7 8 0 0.00 M M 6.3 16 310 M M 3 21 290
31 71 47 59 -5 6 0 0.00 M M 2.1 10 170 M M 0 13 160
================================================================================
SM 2526 2005 22 281 4.51 0.0 177.5 M 86
================================================================================
AV 81.5 64.7 5.7 FASTST M M 3 MAX(MPH)
MISC ----> 31 290 46 300
================================================================================
NOTES:
# LAST OF SEVERAL OCCURRENCES
COLUMN 17 PEAK WIND IN M.P.H.
PRELIMINARY LOCAL CLIMATOLOGICAL DATA (WS FORM: F-6) , PAGE 2
STATION: GULFPORT
MONTH: OCTOBER
YEAR: 2021
LATITUDE: 30 23 N
LONGITUDE: 89 4 W
[TEMPERATURE DATA] [PRECIPITATION DATA] SYMBOLS USED IN COLUMN 16
AVERAGE MONTHLY: 73.1 TOTAL FOR MONTH: 4.51 1 = FOG OR MIST
DPTR FM NORMAL: 3.1 DPTR FM NORMAL: 0.80 2 = FOG REDUCING VISIBILITY
HIGHEST: 89 ON 8 GRTST 24HR 1.84 ON 27-27 TO 1/4 MILE OR LESS
LOWEST: 47 ON 31 3 = THUNDER
SNOW, ICE PELLETS, HAIL 4 = ICE PELLETS
TOTAL MONTH: 0.0 INCH 5 = HAIL
GRTST 24HR 0.0 6 = FREEZING RAIN OR DRIZZLE
GRTST DEPTH: M ON M 7 = DUSTSTORM OR SANDSTORM:
VSBY 1/2 MILE OR LESS
8 = SMOKE OR HAZE
[NO. OF DAYS WITH] [WEATHER - DAYS WITH] 9 = BLOWING SNOW
X = TORNADO
MAX 32 OR BELOW: 0 0.01 INCH OR MORE: 7
MAX 90 OR ABOVE: 0 0.10 INCH OR MORE: 5
MIN 32 OR BELOW: 0 0.50 INCH OR MORE: 3
MIN 0 OR BELOW: 0 1.00 INCH OR MORE: 2
[HDD (BASE 65) ]
TOTAL THIS MO. 22 CLEAR (SCALE 0-3) 17
DPTR FM NORMAL -17 PTCLDY (SCALE 4-7) 14
TOTAL FM JUL 1 22 CLOUDY (SCALE 8-10) 0
DPTR FM NORMAL -15
[CDD (BASE 65) ]
TOTAL THIS MO. 281
DPTR FM NORMAL 87 [PRESSURE DATA]
TOTAL FM JAN 1 2768 HIGHEST SLP M ON M
DPTR FM NORMAL 72 LOWEST SLP 29.53 ON 28
[REMARKS]
#FINAL-10-21#