000
CXUS54 KLIX 010810
CF6GPT
PRELIMINARY LOCAL CLIMATOLOGICAL DATA (WS FORM: F-6)
STATION: GULFPORT
MONTH: SEPTEMBER
YEAR: 2021
LATITUDE: 30 23 N
LONGITUDE: 89 4 W
TEMPERATURE IN F: :PCPN: SNOW: WIND :SUNSHINE: SKY :PK WND
================================================================================
1 2 3 4 5 6A 6B 7 8 9 10 11 12 13 14 15 16 17 18
12Z AVG MX 2MIN
DY MAX MIN AVG DEP HDD CDD WTR SNW DPTH SPD SPD DIR MIN PSBL S-S WX SPD DR
================================================================================
1 94 76 85 3 0 20 0.00 M M 4.8 15 210 M M 2 21 180
2 94 74 84 2 0 19 0.00 M M 4.1 13 290 M M 2 3 16 290
3 91 74 83 2 0 18 0.00 M M 2.4 10 200 M M 2 13 220
4 90 74 82 1 0 17 0.03 M M 5.1 15 130 M M 4 17 130
5 91 76 84 3 0 19 T M M 4.3 13 150 M M 2 16 150
6 87 74 81 0 0 16 0.64 M M 2.0 17 160 M M 4 1 21 150
7 88 75 82 1 0 17 T 0.0 M 3.2 16 140 M M 4 1 20 140
8 85 75 80 -1 0 15 T M M 2.4 9 80 M M 3 11 90
9 89 72 81 0 0 16 T M M 7.5 15 340 M M 1 21 340
10 88 63 76 -4 0 11 0.00 M M 4.1 13 80 M M 0 19 40
11 88 62 75 -5 0 10 0.00 M M 5.1 16 150 M M 0 19 130
12 87 73 80 0 0 15 0.48 M M 5.5 26 140 M M 4 1 30 140
13 87 74 81 1 0 16 0.14 M M 7.2 17 110 M M 2 21 130
14 78 75 77 -3 0 12 0.82 0.0 M 7.2 16 100 M M 8 1 21 110
15 79 73 76 -4 0 11 2.90 M M 8.1 24 130 M M 10 1 35 140
16 86 76 81 2 0 16 0.04 M M 7.0 18 150 M M 8 24 170
17 82 75 79 0 0 14 0.82 0.0 M 5.8 20 150 M M 7 13 24 180
18 85 74 80 1 0 15 0.03 0.0 M 4.6 14 140 M M 3 13 18 140
19 87 74 81 2 0 16 0.00 0.0 M 5.0 14 120 M M 5 1 18 150
20 87 74 81 3 0 16 T 0.0 M 3.4 14 150 M M 4 3 17 150
21 89 73 81 3 0 16 0.25 0.0 M 4.3 20 110 M M 5 1 24 120
22 81 66 74 -4 0 9 T M M 10.4 22 340 M M 3 27 330
23 80 58 69 -9 0 4 0.00 M M 6.9 17 350 M M 0 23 350
24 81 57 69 -9 0 4 0.00 M M 3.3 13 340 M M 0 15 330
25 83 56 70 -7 0 5 0.00 M M 2.9 12 160 M M 0 14 200
26 84 58 71 -6 0 6 0.00 M M 3.1 12 160 M M 0 14 160
27 84 62 73 -4 0 8 0.00 M M 4.3 12 150 M M 3 18 150
28 83 72 78 2 0 13 0.55 M M 4.1 15 130 M M 7 13 19 130
29 84 73 79 3 0 14 0.54 0.0 M 4.6 18 160 M M 5 1 23 170
30 85 73 79 3 0 14 T 0.0 M 5.5 18 120 M M 5 1 23 120
================================================================================
SM 2577 2111 0 402 7.24 0.0 148.2 M 103
================================================================================
AV 85.9 70.4 4.9 FASTST M M 3 MAX(MPH)
MISC ----> 26 140 35 140
================================================================================
NOTES:
# LAST OF SEVERAL OCCURRENCES
COLUMN 17 PEAK WIND IN M.P.H.
PRELIMINARY LOCAL CLIMATOLOGICAL DATA (WS FORM: F-6) , PAGE 2
STATION: GULFPORT
MONTH: SEPTEMBER
YEAR: 2021
LATITUDE: 30 23 N
LONGITUDE: 89 4 W
[TEMPERATURE DATA] [PRECIPITATION DATA] SYMBOLS USED IN COLUMN 16
AVERAGE MONTHLY: 78.1 TOTAL FOR MONTH: 7.24 1 = FOG OR MIST
DPTR FM NORMAL: -1.1 DPTR FM NORMAL: 2.06 2 = FOG REDUCING VISIBILITY
HIGHEST: 94 ON 2, 1 GRTST 24HR 3.31 ON 14-15 TO 1/4 MILE OR LESS
LOWEST: 56 ON 25 3 = THUNDER
SNOW, ICE PELLETS, HAIL 4 = ICE PELLETS
TOTAL MONTH: 0.0 INCH 5 = HAIL
GRTST 24HR 0.0 6 = FREEZING RAIN OR DRIZZLE
GRTST DEPTH: M ON M 7 = DUSTSTORM OR SANDSTORM:
VSBY 1/2 MILE OR LESS
8 = SMOKE OR HAZE
[NO. OF DAYS WITH] [WEATHER - DAYS WITH] 9 = BLOWING SNOW
X = TORNADO
MAX 32 OR BELOW: 0 0.01 INCH OR MORE: 12
MAX 90 OR ABOVE: 5 0.10 INCH OR MORE: 9
MIN 32 OR BELOW: 0 0.50 INCH OR MORE: 6
MIN 0 OR BELOW: 0 1.00 INCH OR MORE: 1
[HDD (BASE 65) ]
TOTAL THIS MO. 0 CLEAR (SCALE 0-3) 15
DPTR FM NORMAL 0 PTCLDY (SCALE 4-7) 13
TOTAL FM JUL 1 0 CLOUDY (SCALE 8-10) 2
DPTR FM NORMAL 0
[CDD (BASE 65) ]
TOTAL THIS MO. 402
DPTR FM NORMAL -24 [PRESSURE DATA]
TOTAL FM JAN 1 2487 HIGHEST SLP M ON M
DPTR FM NORMAL -15 LOWEST SLP 29.76 ON 15
[REMARKS]
#FINAL-09-21#