000
CXUS54 KLIX 022256
CF6GPT
PRELIMINARY LOCAL CLIMATOLOGICAL DATA (WS FORM: F-6)
STATION: GULFPORT
MONTH: DECEMBER
YEAR: 2023
LATITUDE: 30 23 N
LONGITUDE: 89 4 W
TEMPERATURE IN F: :PCPN: SNOW: WIND :SUNSHINE: SKY :PK WND
================================================================================
1 2 3 4 5 6A 6B 7 8 9 10 11 12 13 14 15 16 17 18
12Z AVG MX 2MIN
DY MAX MIN AVG DEP HDD CDD WTR SNW DPTH SPD SPD DIR MIN PSBL S-S WX SPD DR
================================================================================
1 74 60 67 11 0 2 0.58 0.0 M 7.6 21 310 M M 9 13 31 300
2 72 68 70 14 0 5 5.65 0.0 M 6.7 24 110 M M 9 13 31 110
3 74 58 66 10 0 1 0.00 0.0 M 4.5 13 340 M M 3 12 18 310
4 70 49 60 4 5 0 0.00 0.0 M 3.9 15 290 M M 0 1 23 310
5 66 42 54 -2 11 0 0.00 0.0 M 4.0 12 310 M M 0 19 340
6 61 39 50 -6 15 0 0.00 0.0 M 5.3 15 350 M M 0 23 350
7 63 35 49 -6 16 0 0.00 0.0 M 1.7 7 170 M M 0 12 80
8 71 47 59 4 6 0 0.00 0.0 M 6.5 16 130 M M 4 20 130
9 76 66 71 16 0 6 0.00 0.0 M 7.8 13 170 M M 9 12 19 180
10 70 40 55 0 10 0 0.23 M M 11.8 25 340 M M 5 123 36 350
11 63 35 49 -6 16 0 0.00 0.0 M 3.7 13 350 M M 0 21 60
12 63 36 50 -5 15 0 0.00 0.0 M 4.6 13 50 M M 0 20 60
13 66 42 54 0 11 0 0.00 0.0 M 8.2 15 50 M M 0 21 80
14 67 49 58 4 7 0 0.00 0.0 M 8.9 15 70 M M 1 22 50
15 69 50 60 6 5 0 0.00 0.0 M 10.8 22 110 M M 2 29 110
16 66 56 61 7 4 0 0.10 0.0 M 8.6 14 50 M M 7 1 20 80
17 64 45 55 1 10 0 T M M 9.5 20 340 M M 5 1 29 310
18 69 37 53 -1 12 0 0.00 0.0 M 6.5 18 350 M M 0 25 330
19 60 37 49 -5 16 0 0.00 0.0 M 6.3 14 50 M M 0 18 40
20 64 38 51 -2 14 0 0.00 0.0 M 5.4 13 110 M M 0 20 110
21 68 44 56 3 9 0 0.00 0.0 M 6.4 16 120 M M 0 19 110
22 71 53 62 9 3 0 0.00 0.0 M 8.1 20 120 M M 1 25 130
23 72 52 62 9 3 0 0.00 0.0 M 9.1 18 110 M M 1 24 110
24 68 64 66 13 0 1 1.28 0.0 M 19.3 36 120 M M 9 1 50 110
25 72 55 64 11 1 0 0.01 0.0 M 6.9 29 140 M M 4 1 40 150
26 61 47 54 1 11 0 0.00 0.0 M 5.2 14 340 M M 5 19 340
27 60 46 53 1 12 0 0.00 0.0 M 2.0 8 290 M M 2 13 280
28 55 37 46 -6 19 0 0.00 0.0 M 7.2 16 310 M M 0 23 340
29 55 32 44 -8 21 0 0.00 0.0 M 4.7 15 280 M M 0 21 290
30 56 33 45 -7 20 0 0.00 0.0 M 3.4 12 150 M M 0 16 340
31 60 32 46 -6 19 0 0.00 0.0 M 2.0 10 150 M M M 15 170
================================================================================
SM 2046 1424 291 15 7.85 0.0 206.6 M 76
================================================================================
AV 66.0 45.9 6.7 FASTST M M 3 MAX(MPH)
MISC ----> 36 120 50 110
================================================================================
NOTES:
# LAST OF SEVERAL OCCURRENCES
COLUMN 17 PEAK WIND IN M.P.H.
PRELIMINARY LOCAL CLIMATOLOGICAL DATA (WS FORM: F-6) , PAGE 2
STATION: GULFPORT
MONTH: DECEMBER
YEAR: 2023
LATITUDE: 30 23 N
LONGITUDE: 89 4 W
[TEMPERATURE DATA] [PRECIPITATION DATA] SYMBOLS USED IN COLUMN 16
AVERAGE MONTHLY: 56.0 TOTAL FOR MONTH: 7.85 1 = FOG OR MIST
DPTR FM NORMAL: 2.0 DPTR FM NORMAL: 3.36 2 = FOG REDUCING VISIBILITY
HIGHEST: 76 ON 9 GRTST 24HR 5.66 ON 1- 2 TO 1/4 MILE OR LESS
LOWEST: 32 ON 31,29 3 = THUNDER
SNOW, ICE PELLETS, HAIL 4 = ICE PELLETS
TOTAL MONTH: 0.0 INCH 5 = HAIL
GRTST 24HR 0.0 6 = FREEZING RAIN OR DRIZZLE
GRTST DEPTH: M ON M 7 = DUSTSTORM OR SANDSTORM:
VSBY 1/2 MILE OR LESS
8 = SMOKE OR HAZE
[NO. OF DAYS WITH] [WEATHER - DAYS WITH] 9 = BLOWING SNOW
X = TORNADO
MAX 32 OR BELOW: 0 0.01 INCH OR MORE: 6
MAX 90 OR ABOVE: 0 0.10 INCH OR MORE: 5
MIN 32 OR BELOW: 2 0.50 INCH OR MORE: 3
MIN 0 OR BELOW: 0 1.00 INCH OR MORE: 2
[HDD (BASE 65) ]
TOTAL THIS MO. 291 CLEAR (SCALE 0-3) 20
DPTR FM NORMAL -64 PTCLDY (SCALE 4-7) 6
TOTAL FM JUL 1 474 CLOUDY (SCALE 8-10) 5
DPTR FM NORMAL -117
[CDD (BASE 65) ]
TOTAL THIS MO. 15
DPTR FM NORMAL 0 [PRESSURE DATA]
TOTAL FM JAN 1 3479 HIGHEST SLP 30.51 ON 13
DPTR FM NORMAL 732 LOWEST SLP 29.76 ON 25
[REMARKS]
#FINAL-12-23#