000
CXUS54 KLIX 010810
CF6GPT
PRELIMINARY LOCAL CLIMATOLOGICAL DATA (WS FORM: F-6)
STATION: GULFPORT
MONTH: MARCH
YEAR: 2020
LATITUDE: 30 23 N
LONGITUDE: 89 4 W
TEMPERATURE IN F: :PCPN: SNOW: WIND :SUNSHINE: SKY :PK WND
================================================================================
1 2 3 4 5 6A 6B 7 8 9 10 11 12 13 14 15 16 17 18
12Z AVG MX 2MIN
DY MAX MIN AVG DEP HDD CDD WTR SNW DPTH SPD SPD DIR MIN PSBL S-S WX SPD DR
================================================================================
1 68 41 55 -1 10 0 0.00 0.0 M 7.7 18 150 M M 3 1 22 150
2 73 61 67 11 0 2 0.00 0.0 M 7.9 15 200 M M 8 23 170
3 76 64 70 13 0 5 0.04 0.0 M 5.9 13 150 M M 8 18 16 150
4 72 56 64 7 1 0 0.11 0.0 M 8.9 23 40 M M 10 12 34 50
5 68 52 60 3 5 0 0.01 0.0 M 10.6 24 340 M M 7 1 31 330
6 71 45 58 1 7 0 0.00 0.0 M 10.6 25 360 M M 0 33 10
7 68 41 55 -2 10 0 0.00 0.0 M 6.2 17 30 M M 0 22 30
8 69 48 59 1 6 0 0.00 0.0 0 11.5 23 110 M M 3 28 100
9 73 59 66 8 0 1 0.00 0.0 M 14.7 24 120 M M 4 30 120
10 71 62 67 9 0 2 0.04 0.0 M 3.9 12 160 M M 9 18 15 150
11 75 64 70 12 0 5 0.00 0.0 M 5.6 14 180 M M 6 1 20 190
12 74 65 70 12 0 5 0.00 0.0 M 6.0 13 160 M M 6 18 17 190
13 77 66 72 13 0 7 0.00 0.0 M 5.4 15 150 M M 5 1 17 170
14 77 65 71 12 0 6 0.00 0.0 M 5.7 13 150 M M 5 1 16 150
15 83 63 73 14 0 8 0.00 0.0 M 4.1 12 160 M M 3 12 14 140
16 78 60 69 10 0 4 0.00 0.0 M 5.3 13 150 M M 2 18 15 150
17 80 65 73 13 0 8 0.00 0.0 M 5.4 13 160 M M 7 17 150
18 79 69 74 14 0 9 T 0.0 M 10.5 18 140 M M 8 23 140
19 80 73 77 17 0 12 0.00 0.0 M 13.2 22 140 M M 9 8 27 140
20 79 67 73 13 0 8 0.01 0.0 M 8.4 18 340 M M 9 22 150
21 78 62 70 10 0 5 T 0.0 M 9.0 14 40 M M 9 18 30
22 76 60 68 7 0 3 0.00 0.0 M 7.5 17 360 M M 7 21 360
23 82 71 77 16 0 12 0.00 0.0 M 7.2 16 170 M M 5 23 160
24 82 72 77 16 0 12 0.00 0.0 M 8.7 17 190 M M 4 24 200
25 85 67 76 15 0 11 0.00 0.0 M 5.3 13 310 M M 4 1 18 310
26 82 63 73 11 0 8 0.00 0.0 M 6.3 15 160 M M 1 128 20 170
27 83 73 78 16 0 13 0.00 0.0 M 10.4 18 150 M M 4 25 150
28 82 75 79 17 0 14 0.00 0.0 M 11.7 18 160 M M 8 25 160
29 87 68 78 16 0 13 T 0.0 M 5.9 15 350 M M 4 20 360
30 82 61 72 9 0 7 0.00 0.0 M 8.2 14 150 M M 3 17 160
31 82 54 68 5 0 3 0.01 0.0 M 13.8 28 320 M M 4 36 310
================================================================================
SM 2392 1912 39 183 0.22 0.0 251.5 M 165
================================================================================
AV 77.2 61.7 8.1 FASTST M M 5 MAX(MPH)
MISC ----> 28 320 36 310
================================================================================
NOTES:
# LAST OF SEVERAL OCCURRENCES
COLUMN 17 PEAK WIND IN M.P.H.
PRELIMINARY LOCAL CLIMATOLOGICAL DATA (WS FORM: F-6) , PAGE 2
STATION: GULFPORT
MONTH: MARCH
YEAR: 2020
LATITUDE: 30 23 N
LONGITUDE: 89 4 W
[TEMPERATURE DATA] [PRECIPITATION DATA] SYMBOLS USED IN COLUMN 16
AVERAGE MONTHLY: 69.4 TOTAL FOR MONTH: 0.22 1 = FOG OR MIST
DPTR FM NORMAL: 10.1 DPTR FM NORMAL: -5.77 2 = FOG REDUCING VISIBILITY
HIGHEST: 87 ON 29 GRTST 24HR 0.15 ON 3- 4 TO 1/4 MILE OR LESS
LOWEST: 41 ON 7, 1 3 = THUNDER
SNOW, ICE PELLETS, HAIL 4 = ICE PELLETS
TOTAL MONTH: 0.0 INCH 5 = HAIL
GRTST 24HR 0.0 6 = FREEZING RAIN OR DRIZZLE
GRTST DEPTH: 0 7 = DUSTSTORM OR SANDSTORM:
VSBY 1/2 MILE OR LESS
8 = SMOKE OR HAZE
[NO. OF DAYS WITH] [WEATHER - DAYS WITH] 9 = BLOWING SNOW
X = TORNADO
MAX 32 OR BELOW: 0 0.01 INCH OR MORE: 6
MAX 90 OR ABOVE: 0 0.10 INCH OR MORE: 1
MIN 32 OR BELOW: 0 0.50 INCH OR MORE: 0
MIN 0 OR BELOW: 0 1.00 INCH OR MORE: 0
[HDD (BASE 65) ]
TOTAL THIS MO. 39 CLEAR (SCALE 0-3) 7
DPTR FM NORMAL -160 PTCLDY (SCALE 4-7) 15
TOTAL FM JUL 1 1191 CLOUDY (SCALE 8-10) 9
DPTR FM NORMAL -377
[CDD (BASE 65) ]
TOTAL THIS MO. 183
DPTR FM NORMAL 160 [PRESSURE DATA]
TOTAL FM JAN 1 227 HIGHEST SLP M ON M
DPTR FM NORMAL 191 LOWEST SLP 29.76 ON 31
[REMARKS]
#FINAL-03-20#