000
CXUS54 KLIX 010910
CF6GPT
PRELIMINARY LOCAL CLIMATOLOGICAL DATA (WS FORM: F-6)
STATION: GULFPORT
MONTH: NOVEMBER
YEAR: 2023
LATITUDE: 30 23 N
LONGITUDE: 89 4 W
TEMPERATURE IN F: :PCPN: SNOW: WIND :SUNSHINE: SKY :PK WND
================================================================================
1 2 3 4 5 6A 6B 7 8 9 10 11 12 13 14 15 16 17 18
12Z AVG MX 2MIN
DY MAX MIN AVG DEP HDD CDD WTR SNW DPTH SPD SPD DIR MIN PSBL S-S WX SPD DR
================================================================================
1 61 41 51 -13 14 0 0.00 0.0 M 11.0 20 350 M M 0 32 350
2 68 38 53 -10 12 0 0.00 0.0 M 6.2 15 130 M M 0 23 40
3 74 41 58 -5 7 0 0.00 0.0 M 4.2 15 140 M M 0 21 110
4 79 48 64 1 1 0 0.00 0.0 M 3.3 12 150 M M 0 16 160
5 81 49 65 3 0 0 0.00 0.0 M 2.5 13 160 M M 0 1 15 170
6 80 50 65 3 0 0 0.00 0.0 M 4.1 13 190 M M 0 1 18 190
7 79 53 66 4 0 1 0.00 0.0 M 4.3 15 160 M M 0 18 21 150
8 79 58 69 8 0 4 0.00 0.0 M 5.2 15 160 M M 3 12 21 170
9 80 59 70 9 0 5 0.00 0.0 M 6.0 16 140 M M 3 12 21 160
10 79 67 73 12 0 8 0.10 0.0 M 6.6 12 10 M M 9 1 16 40
11 67 62 65 5 0 0 0.05 0.0 M 8.0 14 10 M M 10 18 40
12 73 61 67 7 0 2 0.00 0.0 M 7.2 15 40 M M 10 1 21 50
13 64 59 62 2 3 0 0.32 0.0 M 8.4 14 20 M M 10 1 20 30
14 62 57 60 0 5 0 0.14 0.0 M 9.0 16 70 M M 9 1 24 80
15 66 58 62 3 3 0 0.06 0.0 M 11.0 21 40 M M 10 1 27 40
16 70 62 66 7 0 1 0.03 0.0 M 7.3 16 50 M M 10 1 23 60
17 81 60 71 12 0 6 0.00 0.0 M 3.4 10 360 M M 5 14 360
18 75 50 63 4 2 0 0.00 0.0 M 6.9 17 340 M M 3 24 350
19 70 45 58 0 7 0 0.00 0.0 M 3.5 10 340 M M 0 16 340
20 78 51 65 7 0 0 0.02 0.0 M 10.1 23 150 M M 7 30 150
21 77 57 67 9 0 2 2.21 0.0 M 10.0 22 340 M M 8 1 32 160
22 64 48 56 -2 9 0 0.00 0.0 M 9.2 20 350 M M 2 26 360
23 55 44 50 -8 15 0 T M M 3.3 8 350 M M 4 13 20
24 64 52 58 0 7 0 0.00 0.0 M 4.0 13 40 M M 9 18 20
25 68 51 60 3 5 0 0.04 0.0 M 5.7 12 150 M M 8 17 140
26 69 53 61 4 4 0 0.67 0.0 M 7.0 18 120 M M 7 1 25 120
27 59 41 50 -7 15 0 0.00 0.0 M 9.7 17 360 M M 0 24 10
28 62 39 51 -6 14 0 0.00 0.0 M 5.2 16 360 M M 0 21 10
29 61 33 47 -10 18 0 0.00 0.0 M 2.2 12 160 M M 0 1 14 140
30 66 40 53 -3 12 0 0.00 0.0 M 6.9 20 110 M M 2 27 100
================================================================================
SM 2111 1527 153 29 3.64 0.0 191.4 M 129
================================================================================
AV 70.4 50.9 6.4 FASTST M M 4 MAX(MPH)
MISC ----> 23 150 # 32 350
================================================================================
NOTES:
# LAST OF SEVERAL OCCURRENCES
COLUMN 17 PEAK WIND IN M.P.H.
PRELIMINARY LOCAL CLIMATOLOGICAL DATA (WS FORM: F-6) , PAGE 2
STATION: GULFPORT
MONTH: NOVEMBER
YEAR: 2023
LATITUDE: 30 23 N
LONGITUDE: 89 4 W
[TEMPERATURE DATA] [PRECIPITATION DATA] SYMBOLS USED IN COLUMN 16
AVERAGE MONTHLY: 60.6 TOTAL FOR MONTH: 3.64 1 = FOG OR MIST
DPTR FM NORMAL: 1.0 DPTR FM NORMAL: -0.39 2 = FOG REDUCING VISIBILITY
HIGHEST: 81 ON 17, 5 GRTST 24HR 2.23 ON 20-21 TO 1/4 MILE OR LESS
LOWEST: 33 ON 29 3 = THUNDER
SNOW, ICE PELLETS, HAIL 4 = ICE PELLETS
TOTAL MONTH: 0.0 INCH 5 = HAIL
GRTST 24HR 0.0 6 = FREEZING RAIN OR DRIZZLE
GRTST DEPTH: M ON M 7 = DUSTSTORM OR SANDSTORM:
VSBY 1/2 MILE OR LESS
8 = SMOKE OR HAZE
[NO. OF DAYS WITH] [WEATHER - DAYS WITH] 9 = BLOWING SNOW
X = TORNADO
MAX 32 OR BELOW: 0 0.01 INCH OR MORE: 10
MAX 90 OR ABOVE: 0 0.10 INCH OR MORE: 5
MIN 32 OR BELOW: 0 0.50 INCH OR MORE: 2
MIN 0 OR BELOW: 0 1.00 INCH OR MORE: 1
[HDD (BASE 65) ]
TOTAL THIS MO. 153 CLEAR (SCALE 0-3) 14
DPTR FM NORMAL -45 PTCLDY (SCALE 4-7) 8
TOTAL FM JUL 1 183 CLOUDY (SCALE 8-10) 8
DPTR FM NORMAL -53
[CDD (BASE 65) ]
TOTAL THIS MO. 29
DPTR FM NORMAL -7 [PRESSURE DATA]
TOTAL FM JAN 1 3464 HIGHEST SLP 30.40 ON 28
DPTR FM NORMAL 732 LOWEST SLP 29.81 ON 21
[REMARKS]
#FINAL-11-23#