000
CDUS43 KGRB 172222
CLIGRB


CLIMATE REPORT
NATIONAL WEATHER SERVICE GREEN BAY
421 PM CST SUN DEC 17 2017


...................................

...THE GREEN BAY WI CLIMATE SUMMARY FOR DECEMBER 17 2017...
VALID TODAY AS OF 0400 PM LOCAL TIME.

CLIMATE NORMAL PERIOD 1981 TO 2010
CLIMATE RECORD PERIOD 1886 TO 2017


WEATHER ITEM   OBSERVED TIME   RECORD YEAR NORMAL DEPARTURE LAST
                VALUE   (LST)  VALUE       VALUE  FROM      YEAR
                                                  NORMAL
..................................................................
TEMPERATURE (F)
 TODAY
  MAXIMUM         32    237 PM  49    1895  28      4       23
  MINIMUM         26    855 AM -14    1985  14     12       12
                                      1950
  AVERAGE         29                        21      8       18

PRECIPITATION (IN)
  TODAY            0.00          0.59 1908   0.04  -0.04     0.20
  MONTH TO DATE    1.15                      0.91   0.24     1.10
  SINCE DEC 1      1.15                      0.91   0.24     1.10
  SINCE JAN 1     31.81                     28.92   2.89    31.96

SNOWFALL (IN)
  TODAY            0.0           5.8  1888   0.5   -0.5      4.0
  MONTH TO DATE    9.8                       7.2    2.6     17.2
  SINCE DEC 1      9.8                       7.2    2.6     17.2
  SINCE JUL 1     10.4                      11.4   -1.0     18.1
  SNOW DEPTH       7

DEGREE DAYS
 HEATING
  TODAY           36                        44     -8       47
  MONTH TO DATE  657                       704    -47      699
  SINCE DEC 1    657                       704    -47      699
  SINCE JUL 1   2073                      2444   -371     1761

 COOLING
  TODAY            0                         0      0        0
  MONTH TO DATE    0                         0      0        0
  SINCE DEC 1      0                         0      0        0
  SINCE JAN 1    477                       398     79      577
..................................................................


WIND (MPH)
  HIGHEST WIND SPEED    12   HIGHEST WIND DIRECTION    NE (30)
  HIGHEST GUST SPEED    13   HIGHEST GUST DIRECTION    NE (40)
  AVERAGE WIND SPEED     6.6


SKY COVER
  POSSIBLE SUNSHINE  MM
  AVERAGE SKY COVER 1.0


WEATHER CONDITIONS
 THE FOLLOWING WEATHER WAS RECORDED TODAY.
  FOG
  HAZE


RELATIVE HUMIDITY (PERCENT)
 HIGHEST    85           600 AM
 LOWEST     75          1200 AM
 AVERAGE    80

..........................................................


THE GREEN BAY WI CLIMATE NORMALS FOR TOMORROW
                         NORMAL    RECORD    YEAR
 MAXIMUM TEMPERATURE (F)   27        50      1931
 MINIMUM TEMPERATURE (F)   13       -18      1983


SUNRISE AND SUNSET
DECEMBER 17 2017......SUNRISE   724 AM CST   SUNSET   414 PM CST
DECEMBER 18 2017......SUNRISE   724 AM CST   SUNSET   414 PM CST


-  INDICATES NEGATIVE NUMBERS.
R  INDICATES RECORD WAS SET OR TIED.
MM INDICATES DATA IS MISSING.
T  INDICATES TRACE AMOUNT.




$$
