000
CDUS43 KGRB 240658
CLIGRB


CLIMATE REPORT
NATIONAL WEATHER SERVICE GREEN BAY
1257 AM CST MON NOV 24 2014


...................................

...THE GREEN BAY WI CLIMATE SUMMARY FOR NOVEMBER 23 2014...

CLIMATE NORMAL PERIOD 1981 TO 2010
CLIMATE RECORD PERIOD 1886 TO 2014


WEATHER ITEM   OBSERVED TIME   RECORD YEAR NORMAL DEPARTURE LAST
                VALUE   (LST)  VALUE       VALUE  FROM      YEAR
                                                  NORMAL
..................................................................
TEMPERATURE (F)
 YESTERDAY
  MAXIMUM         49    100 PM  65    1931  38     11       26
  MINIMUM         42   1142 PM  -6    1950  24     18       12
  AVERAGE         46                        31     15       19

PRECIPITATION (IN)
  YESTERDAY        0.29          1.54 2003   0.07   0.22      T
  MONTH TO DATE    1.72                      1.66   0.06     3.36
  SINCE SEP 1      8.92                      7.14   1.78     9.20
  SINCE JAN 1     29.64                     27.54   2.10    33.19

SNOWFALL (IN)
  YESTERDAY        0.0           5.1  1978   0.2   -0.2       T
  MONTH TO DATE    2.4                       2.3    0.1      0.3
  SINCE SEP 1      2.4                       2.5   -0.1      0.3
  SINCE JUL 1      2.4                       2.5   -0.1      0.3
  SNOW DEPTH       0

DEGREE DAYS
 HEATING
  YESTERDAY       19                        34    -15       46
  MONTH TO DATE  792                       663    129      618
  SINCE SEP 1   1509                      1426     83     1276
  SINCE JUL 1   1538                      1489     49     1316

 COOLING
  YESTERDAY        0                         0      0        0
  MONTH TO DATE    0                         0      0        0
  SINCE SEP 1     19                        36    -17       57
  SINCE JAN 1    362                       398    -36      535
..................................................................


WIND (MPH)
  HIGHEST WIND SPEED    15   HIGHEST WIND DIRECTION     S (170)
  HIGHEST GUST SPEED    20   HIGHEST GUST DIRECTION     S (200)
  AVERAGE WIND SPEED     7.4


SKY COVER
  POSSIBLE SUNSHINE  MM
  AVERAGE SKY COVER 1.0


WEATHER CONDITIONS
 THE FOLLOWING WEATHER WAS RECORDED YESTERDAY.
  LIGHT RAIN
  FOG
  FOG W/VISIBILITY <= 1/4 MILE


RELATIVE HUMIDITY (PERCENT)
 HIGHEST   100           100 AM
 LOWEST     93           200 AM
 AVERAGE    97

..........................................................


THE GREEN BAY WI CLIMATE NORMALS FOR TODAY
                         NORMAL    RECORD    YEAR
 MAXIMUM TEMPERATURE (F)   38        65      1931
 MINIMUM TEMPERATURE (F)   23        -7      1950


SUNRISE AND SUNSET
NOVEMBER 24 2014......SUNRISE   700 AM CST   SUNSET   418 PM CST
NOVEMBER 25 2014......SUNRISE   702 AM CST   SUNSET   417 PM CST


-  INDICATES NEGATIVE NUMBERS.
R  INDICATES RECORD WAS SET OR TIED.
MM INDICATES DATA IS MISSING.
T  INDICATES TRACE AMOUNT.




$$
