000
CDUS43 KGRB 282125
CLIGRB


CLIMATE REPORT
NATIONAL WEATHER SERVICE GREEN BAY
424 PM CDT FRI APR 28 2017


...................................

...THE GREEN BAY WI CLIMATE SUMMARY FOR APRIL 28 2017...
VALID TODAY AS OF 0400 PM LOCAL TIME.

CLIMATE NORMAL PERIOD 1981 TO 2010
CLIMATE RECORD PERIOD 1886 TO 2017


WEATHER ITEM   OBSERVED TIME   RECORD YEAR NORMAL DEPARTURE LAST
                VALUE   (LST)  VALUE       VALUE  FROM      YEAR
                                                  NORMAL
..................................................................
TEMPERATURE (F)
 TODAY
  MAXIMUM         52    259 PM  85    1974  60     -8       48
  MINIMUM         36    610 AM  25    1965  38     -2       40
  AVERAGE         44                        49     -5       44

PRECIPITATION (IN)
  TODAY            T             1.16 1899   0.09  -0.09     0.01
  MONTH TO DATE    4.17                      2.45   1.72     1.29
  SINCE MAR 1      6.47                      4.30   2.17     5.34
  SINCE JAN 1      9.72                      6.54   3.18     7.82

SNOWFALL (IN)
  TODAY            0.0           1.3  2008   0.0    0.0       T
  MONTH TO DATE    T                         2.8   -2.8      4.4
  SINCE MAR 1      9.0                      10.9   -1.9     16.2
  SINCE JUL 1     53.2                      51.1    2.1     50.0
  SNOW DEPTH       0

DEGREE DAYS
 HEATING
  TODAY           21                        16      5       21
  MONTH TO DATE  439                       606   -167      633
  SINCE MAR 1   1463                      1666   -203     1498
  SINCE JUL 1   6036                      7506  -1470     6309

 COOLING
  TODAY            0                         0      0        0
  MONTH TO DATE    0                         0      0        0
  SINCE MAR 1      0                         0      0        0
  SINCE JAN 1      0                         0      0        0
..................................................................


WIND (MPH)
  HIGHEST WIND SPEED    20   HIGHEST WIND DIRECTION     W (250)
  HIGHEST GUST SPEED    26   HIGHEST GUST DIRECTION     W (290)
  AVERAGE WIND SPEED    11.3


SKY COVER
  POSSIBLE SUNSHINE  MM
  AVERAGE SKY COVER 0.8


WEATHER CONDITIONS
 THE FOLLOWING WEATHER WAS RECORDED TODAY.
  LIGHT RAIN


RELATIVE HUMIDITY (PERCENT)
 HIGHEST    89           400 AM
 LOWEST     56           200 PM
 AVERAGE    73

..........................................................


THE GREEN BAY WI CLIMATE NORMALS FOR TOMORROW
                         NORMAL    RECORD    YEAR
 MAXIMUM TEMPERATURE (F)   60        85      2007
 MINIMUM TEMPERATURE (F)   39        22      1969
                                             1956


SUNRISE AND SUNSET
APRIL 28 2017.........SUNRISE   547 AM CDT   SUNSET   754 PM CDT
APRIL 29 2017.........SUNRISE   546 AM CDT   SUNSET   755 PM CDT


-  INDICATES NEGATIVE NUMBERS.
R  INDICATES RECORD WAS SET OR TIED.
MM INDICATES DATA IS MISSING.
T  INDICATES TRACE AMOUNT.




$$
