000
CDUS43 KGRB 012113
CLIGRB


CLIMATE REPORT
NATIONAL WEATHER SERVICE GREEN BAY
412 PM CDT WED OCT 1 2014


...................................

...THE GREEN BAY WI CLIMATE SUMMARY FOR OCTOBER 1 2014...
VALID TODAY AS OF 0400 PM LOCAL TIME.

CLIMATE NORMAL PERIOD 1981 TO 2010
CLIMATE RECORD PERIOD 1886 TO 2014


WEATHER ITEM   OBSERVED TIME   RECORD YEAR NORMAL DEPARTURE LAST
                VALUE   (LST)  VALUE       VALUE  FROM      YEAR
                                                  NORMAL
..................................................................
TEMPERATURE (F)
 TODAY
  MAXIMUM         62        MM  85    1976  63     -1       81
  MINIMUM         48        MM  27    1974  42      6       52
  AVERAGE         55                        53      2       67

PRECIPITATION (IN)
  TODAY            0.01          1.00 1901   0.08  -0.07     0.00
  MONTH TO DATE    0.01                      0.08  -0.07     0.00
  SINCE SEP 1      4.70                      3.12   1.58     2.89
  SINCE JAN 1     25.42                     23.52   1.90    26.88

SNOWFALL (IN)
  TODAY            0.0           T    2003   0.0    0.0      0.0
                                      1974
  MONTH TO DATE    0.0                       0.0    0.0      0.0
  SINCE SEP 1      0.0                       0.0    0.0      0.0
  SINCE JUL 1      0.0                       0.0    0.0      0.0
  SNOW DEPTH       0

DEGREE DAYS
 HEATING
  TODAY           10                        13     -3        0
  MONTH TO DATE   10                        13     -3        0
  SINCE SEP 1    207                       220    -13      171
  SINCE JUL 1    236                       283    -47      211

 COOLING
  TODAY            0                         0      0        2
  MONTH TO DATE    0                         0      0        2
  SINCE SEP 1     19                        33    -14       57
  SINCE JAN 1    362                       395    -33      535
..................................................................


WIND (MPH)
  HIGHEST WIND SPEED    14   HIGHEST WIND DIRECTION    SE (140)
  HIGHEST GUST SPEED    MM   HIGHEST GUST DIRECTION    MM
  AVERAGE WIND SPEED     6.0


SKY COVER
  POSSIBLE SUNSHINE  MM
  AVERAGE SKY COVER 1.0


WEATHER CONDITIONS
 THE FOLLOWING WEATHER WAS RECORDED TODAY.
  FOG


RELATIVE HUMIDITY (PERCENT)
 HIGHEST   100           300 AM
 LOWEST     67          1200 PM
 AVERAGE    84

..........................................................


THE GREEN BAY WI CLIMATE NORMALS FOR TOMORROW
                         NORMAL    RECORD    YEAR
 MAXIMUM TEMPERATURE (F)   63        84      1971
                                             1891
 MINIMUM TEMPERATURE (F)   42        26      2003
                                             1952


SUNRISE AND SUNSET
OCTOBER  1 2014.......SUNRISE   650 AM CDT   SUNSET   633 PM CDT
OCTOBER  2 2014.......SUNRISE   652 AM CDT   SUNSET   631 PM CDT


-  INDICATES NEGATIVE NUMBERS.
R  INDICATES RECORD WAS SET OR TIED.
MM INDICATES DATA IS MISSING.
T  INDICATES TRACE AMOUNT.




$$
