000
CDUS43 KGRB 280635
CLIGRB


CLIMATE REPORT
NATIONAL WEATHER SERVICE GREEN BAY
135 AM CDT THU AUG 28 2014


...................................

...THE GREEN BAY WI CLIMATE SUMMARY FOR AUGUST 27 2014...

CLIMATE NORMAL PERIOD 1981 TO 2010
CLIMATE RECORD PERIOD 1886 TO 2014


WEATHER ITEM   OBSERVED TIME   RECORD YEAR NORMAL DEPARTURE LAST
                VALUE   (LST)  VALUE       VALUE  FROM      YEAR
                                                  NORMAL
..................................................................
TEMPERATURE (F)
 YESTERDAY
  MAXIMUM         75    352 PM  98    1976  76     -1       89
  MINIMUM         55   1159 PM  39    1968  55      0       71
  AVERAGE         65                        66     -1       80

PRECIPITATION (IN)
  YESTERDAY        0.00          1.81 1979   0.10  -0.10     0.35
  MONTH TO DATE    3.62                      2.96   0.66     3.05
  SINCE JUN 1      8.88                     10.34  -1.46    10.22
  SINCE JAN 1     19.54                     19.99  -0.45    23.99

SNOWFALL (IN)
  YESTERDAY        0.0           0.0    MM   0.0    0.0      0.0
  MONTH TO DATE    0.0                       0.0    0.0      0.0
  SINCE JUN 1      0.0                       0.0    0.0      0.0
  SINCE JUL 1      0.0                       0.0    0.0      0.0
  SNOW DEPTH       0

DEGREE DAYS
 HEATING
  YESTERDAY        0                         2     -2        0
  MONTH TO DATE   12                        31    -19       18
  SINCE JUN 1     58                       146    -88      112
  SINCE JUL 1     27                        54    -27       40

 COOLING
  YESTERDAY        0                         3     -3       15
  MONTH TO DATE  103                        99      4      101
  SINCE JUN 1    308                       332    -24      404
  SINCE JAN 1    324                       350    -26      442
..................................................................


WIND (MPH)
  HIGHEST WIND SPEED     9   HIGHEST WIND DIRECTION    SE (130)
  HIGHEST GUST SPEED    12   HIGHEST GUST DIRECTION    NW (310)
  AVERAGE WIND SPEED     2.6


SKY COVER
  POSSIBLE SUNSHINE  MM
  AVERAGE SKY COVER 0.3


WEATHER CONDITIONS
 THE FOLLOWING WEATHER WAS RECORDED YESTERDAY.
  NO SIGNIFICANT WEATHER WAS OBSERVED.


RELATIVE HUMIDITY (PERCENT)
 HIGHEST    93           500 AM
 LOWEST     53           300 PM
 AVERAGE    73

..........................................................


THE GREEN BAY WI CLIMATE NORMALS FOR TODAY
                         NORMAL    RECORD    YEAR
 MAXIMUM TEMPERATURE (F)   76        93      1991
                                             1973
                                             1953
 MINIMUM TEMPERATURE (F)   55        39      1986
                                             1968


SUNRISE AND SUNSET
AUGUST 28 2014........SUNRISE   610 AM CDT   SUNSET   736 PM CDT
AUGUST 29 2014........SUNRISE   612 AM CDT   SUNSET   734 PM CDT


-  INDICATES NEGATIVE NUMBERS.
R  INDICATES RECORD WAS SET OR TIED.
MM INDICATES DATA IS MISSING.
T  INDICATES TRACE AMOUNT.




$$
