000
CDUS43 KGRB 150758
CLIGRB


CLIMATE REPORT
NATIONAL WEATHER SERVICE GREEN BAY
156 AM CST MON DEC 15 2014


...................................

...THE GREEN BAY WI CLIMATE SUMMARY FOR DECEMBER 14 2014...

CLIMATE NORMAL PERIOD 1981 TO 2010
CLIMATE RECORD PERIOD 1886 TO 2014


WEATHER ITEM   OBSERVED TIME   RECORD YEAR NORMAL DEPARTURE LAST
                VALUE   (LST)  VALUE       VALUE  FROM      YEAR
                                                  NORMAL
..................................................................
TEMPERATURE (F)
 YESTERDAY
  MAXIMUM         42    649 PM  55    1975  29     13       22
  MINIMUM         36    523 AM -17    1985  15     21       14
  AVERAGE         39                        22     17       18

PRECIPITATION (IN)
  YESTERDAY        T             1.94 1891   0.04  -0.04     0.15
  MONTH TO DATE    0.27                      0.77  -0.50     0.92
  SINCE DEC 1      0.27                      0.77  -0.50     0.92
  SINCE JAN 1     30.70                     28.78   1.92    34.19

SNOWFALL (IN)
  YESTERDAY        0.0           7.8  1989   0.4   -0.4      2.2
  MONTH TO DATE    2.5                       5.8   -3.3     10.9
  SINCE DEC 1      2.5                       5.8   -3.3     10.9
  SINCE JUL 1     10.7                      10.0    0.7     12.1
  SNOW DEPTH       T

DEGREE DAYS
 HEATING
  YESTERDAY       26                        43    -17       47
  MONTH TO DATE  571                       572     -1      667
  SINCE DEC 1    571                       572     -1      667
  SINCE JUL 1   2408                      2312     96     2278

 COOLING
  YESTERDAY        0                         0      0        0
  MONTH TO DATE    0                         0      0        0
  SINCE DEC 1      0                         0      0        0
  SINCE JAN 1    362                       398    -36      535
..................................................................


WIND (MPH)
  HIGHEST WIND SPEED     9   HIGHEST WIND DIRECTION    SW (240)
  HIGHEST GUST SPEED    14   HIGHEST GUST DIRECTION     W (260)
  AVERAGE WIND SPEED     3.8


SKY COVER
  POSSIBLE SUNSHINE  MM
  AVERAGE SKY COVER 1.0


WEATHER CONDITIONS
 THE FOLLOWING WEATHER WAS RECORDED YESTERDAY.
  FOG
  FOG W/VISIBILITY <= 1/4 MILE


RELATIVE HUMIDITY (PERCENT)
 HIGHEST   100          1200 AM
 LOWEST     92           500 AM
 AVERAGE    96

..........................................................


THE GREEN BAY WI CLIMATE NORMALS FOR TODAY
                         NORMAL    RECORD    YEAR
 MAXIMUM TEMPERATURE (F)   28        49      1998
 MINIMUM TEMPERATURE (F)   14       -20      1901


SUNRISE AND SUNSET
DECEMBER 15 2014......SUNRISE   722 AM CST   SUNSET   413 PM CST
DECEMBER 16 2014......SUNRISE   723 AM CST   SUNSET   414 PM CST


-  INDICATES NEGATIVE NUMBERS.
R  INDICATES RECORD WAS SET OR TIED.
MM INDICATES DATA IS MISSING.
T  INDICATES TRACE AMOUNT.

$$
