000
CDUS43 KGRB 180731
CLIGRB


CLIMATE REPORT
NATIONAL WEATHER SERVICE GREEN BAY
229 AM CDT MON SEP 18 2017


...................................

...THE GREEN BAY WI CLIMATE SUMMARY FOR SEPTEMBER 17 2017...

CLIMATE NORMAL PERIOD 1981 TO 2010
CLIMATE RECORD PERIOD 1886 TO 2017


WEATHER ITEM   OBSERVED TIME   RECORD YEAR NORMAL DEPARTURE LAST
                VALUE   (LST)  VALUE       VALUE  FROM      YEAR
                                                  NORMAL
..................................................................
TEMPERATURE (F)
 YESTERDAY
  MAXIMUM         74   1114 AM  90    1955  70      4       78
                                      1891
  MINIMUM         54   1159 PM  32    1959  48      6       58
  AVERAGE         64                        59      5       68

PRECIPITATION (IN)
  YESTERDAY        0.01          2.81 1914   0.10  -0.09     0.00
  MONTH TO DATE    0.52                      1.72  -1.20     2.41
  SINCE SEP 1      0.52                      1.72  -1.20     2.41
  SINCE JAN 1     25.91                     22.12   3.79    24.03

SNOWFALL (IN)
  YESTERDAY        0.0           0.0    MM   0.0    0.0      0.0
  MONTH TO DATE    0.0                       0.0    0.0      0.0
  SINCE SEP 1      0.0                       0.0    0.0      0.0
  SINCE JUL 1      0.0                       0.0    0.0      0.0
  SNOW DEPTH       0

DEGREE DAYS
 HEATING
  YESTERDAY        1                         7     -6        0
  MONTH TO DATE   79                        81     -2       23
  SINCE SEP 1     79                        81     -2       23
  SINCE JUL 1    120                       144    -24       36

 COOLING
  YESTERDAY        0                         1     -1        3
  MONTH TO DATE   22                        27     -5       43
  SINCE SEP 1     22                        27     -5       43
  SINCE JAN 1    399                       389     10      565
..................................................................


WIND (MPH)
  HIGHEST WIND SPEED    16   HIGHEST WIND DIRECTION     W (260)
  HIGHEST GUST SPEED    20   HIGHEST GUST DIRECTION     W (290)
  AVERAGE WIND SPEED     8.5


SKY COVER
  POSSIBLE SUNSHINE  MM
  AVERAGE SKY COVER 0.3


WEATHER CONDITIONS
 THE FOLLOWING WEATHER WAS RECORDED YESTERDAY.
  LIGHT RAIN
  FOG


RELATIVE HUMIDITY (PERCENT)
 HIGHEST   100           800 AM
 LOWEST     57           300 PM
 AVERAGE    79

..........................................................


THE GREEN BAY WI CLIMATE NORMALS FOR TODAY
                         NORMAL    RECORD    YEAR
 MAXIMUM TEMPERATURE (F)   69        92      1955
 MINIMUM TEMPERATURE (F)   48        33      1974


SUNRISE AND SUNSET
SEPTEMBER 18 2017.....SUNRISE   635 AM CDT   SUNSET   657 PM CDT
SEPTEMBER 19 2017.....SUNRISE   636 AM CDT   SUNSET   655 PM CDT


-  INDICATES NEGATIVE NUMBERS.
R  INDICATES RECORD WAS SET OR TIED.
MM INDICATES DATA IS MISSING.
T  INDICATES TRACE AMOUNT.

$$
