000
CDUS43 KGRB 250732
CLIGRB

CLIMATE REPORT
NATIONAL WEATHER SERVICE GREEN BAY
130 AM CST THU DEC 25 2014

...................................

...THE GREEN BAY WI CLIMATE SUMMARY FOR DECEMBER 24 2014...

CLIMATE NORMAL PERIOD 1981 TO 2010
CLIMATE RECORD PERIOD 1886 TO 2014

WEATHER ITEM   OBSERVED TIME   RECORD YEAR NORMAL DEPARTURE LAST
                VALUE   (LST)  VALUE       VALUE  FROM      YEAR
                                                  NORMAL
..................................................................
TEMPERATURE (F)
 YESTERDAY
  MAXIMUM         37    220 AM  50    1889  26     11        9
  MINIMUM         33   1103 PM -21    1983  12     21      -14
  AVERAGE         35                        19     16       -2

PRECIPITATION (IN)
  YESTERDAY        0.05          1.20 1893   0.04   0.01      T
  MONTH TO DATE    1.48                      1.22   0.26     1.73
  SINCE DEC 1      1.48                      1.22   0.26     1.73
  SINCE JAN 1     31.91                     29.23   2.68    35.00

SNOWFALL (IN)
  YESTERDAY        T             5.6  1977   0.4   -0.4       T
  MONTH TO DATE    3.5                      10.2   -6.7     23.0
  SINCE DEC 1      3.5                      10.2   -6.7     23.0
  SINCE JUL 1     11.7                      14.4   -2.7     24.2
  SNOW DEPTH       0

DEGREE DAYS
 HEATING
  YESTERDAY       30                        46    -16       67
  MONTH TO DATE  906                      1022   -116     1170
  SINCE DEC 1    906                      1022   -116     1170
  SINCE JUL 1   2743                      2762    -19     2781

COOLING
  YESTERDAY        0                         0      0        0
  MONTH TO DATE    0                         0      0        0
  SINCE DEC 1      0                         0      0        0
  SINCE JAN 1    362                       398    -36      535
..................................................................

WIND (MPH)
  HIGHEST WIND SPEED    13   HIGHEST WIND DIRECTION     W (270)
  HIGHEST GUST SPEED    15   HIGHEST GUST DIRECTION     W (270)
  AVERAGE WIND SPEED     5.8

SKY COVER
  POSSIBLE SUNSHINE  MM
  AVERAGE SKY COVER 1.0

WEATHER CONDITIONS
 THE FOLLOWING WEATHER WAS RECORDED YESTERDAY.
  LIGHT RAIN
  LIGHT SNOW
  FOG
  FOG W/VISIBILITY <= 1/4 MILE

RELATIVE HUMIDITY (PERCENT)
 HIGHEST   100           300 AM
 LOWEST     89          1000 PM
 AVERAGE    95
..........................................................

THE GREEN BAY WI CLIMATE NORMALS FOR TODAY
                         NORMAL    RECORD    YEAR
 MAXIMUM TEMPERATURE (F)   26        50      1936
 MINIMUM TEMPERATURE (F)   12       -22      2000

SUNRISE AND SUNSET
DECEMBER 25 2014......SUNRISE   727 AM CST   SUNSET   418 PM CST
DECEMBER 26 2014......SUNRISE   728 AM CST   SUNSET   419 PM CST

-  INDICATES NEGATIVE NUMBERS.
R  INDICATES RECORD WAS SET OR TIED.
MM INDICATES DATA IS MISSING.
T  INDICATES TRACE AMOUNT.

$$
