000
CDUS43 KGRB 270639
CLIGRB


CLIMATE REPORT
NATIONAL WEATHER SERVICE GREEN BAY
1237 AM CST TUE JAN 27 2015


...................................

...THE GREEN BAY WI CLIMATE SUMMARY FOR JANUARY 26 2015...

CLIMATE NORMAL PERIOD 1981 TO 2010
CLIMATE RECORD PERIOD 1886 TO 2015


WEATHER ITEM   OBSERVED TIME   RECORD YEAR NORMAL DEPARTURE LAST
                VALUE   (LST)  VALUE       VALUE  FROM      YEAR
                                                  NORMAL
..................................................................
TEMPERATURE (F)
 YESTERDAY
  MAXIMUM         26    428 PM  56    1944  24      2       13
  MINIMUM         11    300 AM -19    1927   9      2       -2
  AVERAGE         19                        17      2        6

PRECIPITATION (IN)
  YESTERDAY        0.13          0.47 1895   0.03   0.10     0.05
  MONTH TO DATE    0.56                      0.96  -0.40     1.11
  SINCE DEC 1      2.24                      2.47  -0.23     3.00
  SINCE JAN 1      0.56                      0.96  -0.40     1.11

SNOWFALL (IN)
  YESTERDAY        1.3          11.3  1996   0.4    0.9      1.2
  MONTH TO DATE    8.7                      10.9   -2.2     14.4
  SINCE DEC 1     12.2                      24.0  -11.8     40.8
  SINCE JUL 1     20.4                      28.2   -7.8     42.0
  SNOW DEPTH       1

DEGREE DAYS
 HEATING
  YESTERDAY       46                        48     -2       59
  MONTH TO DATE 1248                      1262    -14     1427
  SINCE DEC 1   2456                      2612   -156     2971
  SINCE JUL 1   4293                      4352    -59     4582

 COOLING
  YESTERDAY        0                         0      0        0
  MONTH TO DATE    0                         0      0        0
  SINCE DEC 1      0                         0      0        0
  SINCE JAN 1      0                         0      0        0
..................................................................


WIND (MPH)
  HIGHEST WIND SPEED    16   HIGHEST WIND DIRECTION     S (170)
  HIGHEST GUST SPEED    20   HIGHEST GUST DIRECTION     S (180)
  AVERAGE WIND SPEED     4.9


SKY COVER
  POSSIBLE SUNSHINE  MM
  AVERAGE SKY COVER 0.8


WEATHER CONDITIONS
 THE FOLLOWING WEATHER WAS RECORDED YESTERDAY.
  LIGHT SNOW
  FOG
  HAZE


RELATIVE HUMIDITY (PERCENT)
 HIGHEST    92           300 AM
 LOWEST     74          1100 AM
 AVERAGE    83

..........................................................


THE GREEN BAY WI CLIMATE NORMALS FOR TODAY
                         NORMAL    RECORD    YEAR
 MAXIMUM TEMPERATURE (F)   25        51      2006
 MINIMUM TEMPERATURE (F)    9       -19      1904


SUNRISE AND SUNSET
JANUARY 27 2015.......SUNRISE   717 AM CST   SUNSET   454 PM CST
JANUARY 28 2015.......SUNRISE   716 AM CST   SUNSET   456 PM CST


-  INDICATES NEGATIVE NUMBERS.
R  INDICATES RECORD WAS SET OR TIED.
MM INDICATES DATA IS MISSING.
T  INDICATES TRACE AMOUNT.




$$
