000
CDUS43 KGRB 010735
CLIGRB


CLIMATE REPORT
NATIONAL WEATHER SERVICE GREEN BAY
233 AM CDT SUN MAY 1 2016


...................................

...THE GREEN BAY WI CLIMATE SUMMARY FOR APRIL 30 2016...

CLIMATE NORMAL PERIOD 1981 TO 2010
CLIMATE RECORD PERIOD 1886 TO 2016


WEATHER ITEM   OBSERVED TIME   RECORD YEAR NORMAL DEPARTURE LAST
                VALUE   (LST)  VALUE       VALUE  FROM      YEAR
                                                  NORMAL
..................................................................
TEMPERATURE (F)
 YESTERDAY
  MAXIMUM         52   1242 PM  84    2013  61     -9       61
                                      1901
  MINIMUM         36   1214 AM  12    1956  39     -3       40
  AVERAGE         44                        50     -6       51

PRECIPITATION (IN)
  YESTERDAY        T             1.36 1997   0.09  -0.09     0.00
  MONTH TO DATE    1.29                      2.63  -1.34     1.63
  SINCE MAR 1      5.34                      4.48   0.86     2.53
  SINCE JAN 1      7.82                      6.72   1.10     3.50

SNOWFALL (IN)
  YESTERDAY        0.0           0.9  1996   0.0    0.0      0.0
  MONTH TO DATE    4.4                       2.9    1.5       T
  SINCE MAR 1     16.2                      11.0    5.2      4.2
  SINCE JUL 1     50.0                      51.2   -1.2     32.7
  SNOW DEPTH       0

DEGREE DAYS
 HEATING
  YESTERDAY       21                        15      6       14
  MONTH TO DATE  672                       637     35      564
  SINCE MAR 1   1537                      1697   -160     1532
  SINCE JUL 1   6348                      7537  -1189     7570

 COOLING
  YESTERDAY        0                         0      0        0
  MONTH TO DATE    0                         2     -2        0
  SINCE MAR 1      0                         2     -2        0
  SINCE JAN 1      0                         2     -2        0
..................................................................


WIND (MPH)
  HIGHEST WIND SPEED    32   HIGHEST WIND DIRECTION    NE (40)
  HIGHEST GUST SPEED    37   HIGHEST GUST DIRECTION    NE (40)
  AVERAGE WIND SPEED    15.0


SKY COVER
  POSSIBLE SUNSHINE  MM
  AVERAGE SKY COVER 0.3


WEATHER CONDITIONS
 THE FOLLOWING WEATHER WAS RECORDED YESTERDAY.
  LIGHT RAIN


RELATIVE HUMIDITY (PERCENT)
 HIGHEST    85          1200 AM
 LOWEST     54           100 PM
 AVERAGE    70

..........................................................


THE GREEN BAY WI CLIMATE NORMALS FOR TODAY
                         NORMAL    RECORD    YEAR
 MAXIMUM TEMPERATURE (F)   61        90      1952
 MINIMUM TEMPERATURE (F)   39        25      1978


SUNRISE AND SUNSET
MAY  1 2016...........SUNRISE   542 AM CDT   SUNSET   758 PM CDT
MAY  2 2016...........SUNRISE   541 AM CDT   SUNSET   759 PM CDT


-  INDICATES NEGATIVE NUMBERS.
R  INDICATES RECORD WAS SET OR TIED.
MM INDICATES DATA IS MISSING.
T  INDICATES TRACE AMOUNT.

$$
