000
CDUS43 KGRB 020702
CLIGRB

CLIMATE REPORT
NATIONAL WEATHER SERVICE GREEN BAY
200 AM CDT WED SEP 2 2015

...................................

...THE GREEN BAY WI CLIMATE SUMMARY FOR SEPTEMBER 1 2015...

CLIMATE NORMAL PERIOD 1981 TO 2010
CLIMATE RECORD PERIOD 1886 TO 2015

WEATHER ITEM   OBSERVED TIME   RECORD YEAR NORMAL DEPARTURE LAST
                VALUE   (LST)  VALUE       VALUE  FROM      YEAR
                                                  NORMAL
..................................................................
TEMPERATURE (F)
 YESTERDAY
  MAXIMUM         88    254 PM  95    1953  75     13       76
  MINIMUM         65    538 AM  38    1888  54     11       60
  AVERAGE         77                        65     12       68

PRECIPITATION (IN)
  YESTERDAY        0.00          1.57 1984   0.10  -0.10     0.27
  MONTH TO DATE    0.00                      0.10  -0.10     0.27
  SINCE SEP 1      0.00                      0.10  -0.10     0.27
  SINCE JAN 1     16.20                     20.50  -4.30    20.99

SNOWFALL (IN)
  YESTERDAY        0.0           0.0    MM   0.0    0.0      0.0
  MONTH TO DATE    0.0                       0.0    0.0      0.0
  SINCE SEP 1      0.0                       0.0    0.0      0.0
  SINCE JUL 1      0.0                       0.0    0.0      0.0
  SNOW DEPTH      MM

DEGREE DAYS
 HEATING
  YESTERDAY        0                         3     -3        0
  MONTH TO DATE    0                         3     -3        0
  SINCE SEP 1      0                         3     -3        0
  SINCE JUL 1     50                        66    -16       29

COOLING
  YESTERDAY       12                         2     10        3
  MONTH TO DATE   12                         2     10        3
  SINCE SEP 1     12                         2     10        3
  SINCE JAN 1    414                       364     50      346
..................................................................

WIND (MPH)
  HIGHEST WIND SPEED    15   HIGHEST WIND DIRECTION     S (200)
  HIGHEST GUST SPEED    20   HIGHEST GUST DIRECTION     S (200)
  AVERAGE WIND SPEED     5.7

SKY COVER
  POSSIBLE SUNSHINE  MM
  AVERAGE SKY COVER 0.1

WEATHER CONDITIONS
 THE FOLLOWING WEATHER WAS RECORDED YESTERDAY.
  FOG
  HAZE

RELATIVE HUMIDITY (PERCENT)
 HIGHEST   100           300 AM
 LOWEST     59           300 PM
 AVERAGE    80
..........................................................

THE GREEN BAY WI CLIMATE NORMALS FOR TODAY
                         NORMAL    RECORD    YEAR
 MAXIMUM TEMPERATURE (F)   75        94      1953
                                             1937
                                             1913
 MINIMUM TEMPERATURE (F)   54        38      1976

SUNRISE AND SUNSET
SEPTEMBER  2 2015.....SUNRISE   616 AM CDT   SUNSET   728 PM CDT
SEPTEMBER  3 2015.....SUNRISE   617 AM CDT   SUNSET   726 PM CDT

-  INDICATES NEGATIVE NUMBERS.
R  INDICATES RECORD WAS SET OR TIED.
MM INDICATES DATA IS MISSING.
T  INDICATES TRACE AMOUNT.

$$
