000
CDUS43 KGRB 310811
CLIGRB


CLIMATE REPORT
NATIONAL WEATHER SERVICE GREEN BAY
311 AM CDT FRI JUL 31 2015


...................................

...THE GREEN BAY WI CLIMATE SUMMARY FOR JULY 30 2015...

CLIMATE NORMAL PERIOD 1981 TO 2010
CLIMATE RECORD PERIOD 1886 TO 2015


WEATHER ITEM   OBSERVED TIME   RECORD YEAR NORMAL DEPARTURE LAST
                VALUE   (LST)  VALUE       VALUE  FROM      YEAR
                                                  NORMAL
..................................................................
TEMPERATURE (F)
 YESTERDAY
  MAXIMUM         86    114 PM  99    1916  79      7       76
  MINIMUM         63   1032 PM  45    1978  58      5       56
  AVERAGE         75                        69      6       66

PRECIPITATION (IN)
  YESTERDAY        0.01          1.75 2003   0.10  -0.09     0.05
  MONTH TO DATE    1.80                      3.39  -1.59     1.21
  SINCE JUN 1      5.04                      7.27  -2.23     5.26
  SINCE JAN 1     11.98                     16.92  -4.94    15.92

SNOWFALL (IN)
  YESTERDAY        0.0           0.0    MM   0.0    0.0      0.0
  MONTH TO DATE    0.0                       0.0    0.0      0.0
  SINCE JUN 1      0.0                       0.0    0.0      0.0
  SINCE JUL 1      0.0                       0.0    0.0      0.0
  SNOW DEPTH       0

DEGREE DAYS
 HEATING
  YESTERDAY        0                         1     -1        0
  MONTH TO DATE   19                        30    -11       15
  SINCE JUN 1     72                       122    -50       46
  SINCE JUL 1     19                        30    -11       15

 COOLING
  YESTERDAY       10                         5      5        1
  MONTH TO DATE  169                       150     19       96
  SINCE JUN 1    236                       233      3      202
  SINCE JAN 1    264                       251     13      218
..................................................................


WIND (MPH)
  HIGHEST WIND SPEED    23   HIGHEST WIND DIRECTION     W (290)
  HIGHEST GUST SPEED    31   HIGHEST GUST DIRECTION     W (280)
  AVERAGE WIND SPEED    10.2


SKY COVER
  POSSIBLE SUNSHINE  MM
  AVERAGE SKY COVER 0.2


WEATHER CONDITIONS
 THE FOLLOWING WEATHER WAS RECORDED YESTERDAY.
  NO SIGNIFICANT WEATHER WAS OBSERVED.


RELATIVE HUMIDITY (PERCENT)
 HIGHEST    84          1000 PM
 LOWEST     40           100 PM
 AVERAGE    62

..........................................................


THE GREEN BAY WI CLIMATE NORMALS FOR TODAY
                         NORMAL    RECORD    YEAR
 MAXIMUM TEMPERATURE (F)   79        96      1995
                                             1917
 MINIMUM TEMPERATURE (F)   58        45      1971


SUNRISE AND SUNSET
JULY 31 2015..........SUNRISE   538 AM CDT   SUNSET   819 PM CDT
AUGUST  1 2015........SUNRISE   539 AM CDT   SUNSET   818 PM CDT


-  INDICATES NEGATIVE NUMBERS.
R  INDICATES RECORD WAS SET OR TIED.
MM INDICATES DATA IS MISSING.
T  INDICATES TRACE AMOUNT.




$$
