000
CDUS43 KGRB 170703
CLIGRB


CLIMATE REPORT
NATIONAL WEATHER SERVICE GREEN BAY
203 AM CDT WED AUG 17 2016


...................................

...THE GREEN BAY WI CLIMATE SUMMARY FOR AUGUST 16 2016...

CLIMATE NORMAL PERIOD 1981 TO 2010
CLIMATE RECORD PERIOD 1886 TO 2016


WEATHER ITEM   OBSERVED TIME   RECORD YEAR NORMAL DEPARTURE LAST
                VALUE   (LST)  VALUE       VALUE  FROM      YEAR
                                                  NORMAL
..................................................................
TEMPERATURE (F)
 YESTERDAY
  MAXIMUM         85    234 PM  99    1988  78      7       88
  MINIMUM         64    525 AM  44    1992  57      7       70
  AVERAGE         75                        68      7       79

PRECIPITATION (IN)
  YESTERDAY        0.00          2.36 1907   0.11  -0.11     0.00
  MONTH TO DATE    0.31                      1.82  -1.51     2.06
  SINCE JUN 1      7.97                      9.20  -1.23     7.10
  SINCE JAN 1     19.15                     18.85   0.30    14.04

SNOWFALL (IN)
  YESTERDAY        0.0           0.0    MM   0.0    0.0      0.0
  MONTH TO DATE    0.0                       0.0    0.0      0.0
  SINCE JUN 1      0.0                       0.0    0.0      0.0
  SINCE JUL 1      0.0                       0.0    0.0      0.0
  SNOW DEPTH       0

DEGREE DAYS
 HEATING
  YESTERDAY        0                         1     -1        0
  MONTH TO DATE    0                        16    -16        0
  SINCE JUN 1     31                       131   -100       72
  SINCE JUL 1      6                        39    -33       19

 COOLING
  YESTERDAY       10                         4      6       14
  MONTH TO DATE  120                        65     55       97
  SINCE JUN 1    418                       298    120      340
  SINCE JAN 1    451                       316    135      368
..................................................................


WIND (MPH)
  HIGHEST WIND SPEED    14   HIGHEST WIND DIRECTION     W (270)
  HIGHEST GUST SPEED    18   HIGHEST GUST DIRECTION     W (280)
  AVERAGE WIND SPEED     5.2


SKY COVER
  POSSIBLE SUNSHINE  MM
  AVERAGE SKY COVER 0.1


WEATHER CONDITIONS
 THE FOLLOWING WEATHER WAS RECORDED YESTERDAY.
  FOG


RELATIVE HUMIDITY (PERCENT)
 HIGHEST   100          1200 AM
 LOWEST     55           200 PM
 AVERAGE    78

..........................................................


THE GREEN BAY WI CLIMATE NORMALS FOR TODAY
                         NORMAL    RECORD    YEAR
 MAXIMUM TEMPERATURE (F)   78        96      1947
 MINIMUM TEMPERATURE (F)   57        42      1954


SUNRISE AND SUNSET
AUGUST 17 2016........SUNRISE   558 AM CDT   SUNSET   754 PM CDT
AUGUST 18 2016........SUNRISE   559 AM CDT   SUNSET   752 PM CDT


-  INDICATES NEGATIVE NUMBERS.
R  INDICATES RECORD WAS SET OR TIED.
MM INDICATES DATA IS MISSING.
T  INDICATES TRACE AMOUNT.




$$
