000
CDUS43 KGRB 100832
CLIGRB


CLIMATE REPORT
NATIONAL WEATHER SERVICE GREEN BAY
331 AM CDT THU JUL 10 2014


...................................

...THE GREEN BAY WI CLIMATE SUMMARY FOR JULY 9 2014...

CLIMATE NORMAL PERIOD 1981 TO 2010
CLIMATE RECORD PERIOD 1886 TO 2014


WEATHER ITEM   OBSERVED TIME   RECORD YEAR NORMAL DEPARTURE LAST
                VALUE   (LST)  VALUE       VALUE  FROM      YEAR
                                                  NORMAL
..................................................................
TEMPERATURE (F)
 YESTERDAY
  MAXIMUM         73    129 PM 100    1936  80     -7       81
  MINIMUM         54   1159 PM  43    1963  59     -5       65
                                      1895
  AVERAGE         64                        69     -5       73

PRECIPITATION (IN)
  YESTERDAY        T             1.63 1922   0.12  -0.12     0.08
  MONTH TO DATE    0.34                      1.07  -0.73     1.35
  SINCE JUN 1      4.39                      4.95  -0.56     5.17
  SINCE JAN 1     15.05                     14.60   0.45    18.94

SNOWFALL (IN)
  YESTERDAY        0.0           0.0    MM   0.0    0.0      0.0
  MONTH TO DATE    0.0                       0.0    0.0      0.0
  SINCE JUN 1      0.0                       0.0    0.0      0.0
  SINCE JUL 1      0.0                       0.0    0.0      0.0
  SNOW DEPTH       0

DEGREE DAYS
 HEATING
  YESTERDAY        1                         1      0        0
  MONTH TO DATE    6                         9     -3        1
  SINCE JUN 1     37                       101    -64       73
  SINCE JUL 1      6                         9     -3        1

 COOLING
  YESTERDAY        0                         5     -5        8
  MONTH TO DATE   25                        45    -20       65
  SINCE JUN 1    131                       128      3      170
  SINCE JAN 1    147                       146      1      208
..................................................................


WIND (MPH)
  HIGHEST WIND SPEED    20   HIGHEST WIND DIRECTION    NW (300)
  HIGHEST GUST SPEED    24   HIGHEST GUST DIRECTION     W (290)
  AVERAGE WIND SPEED     5.4


SKY COVER
  POSSIBLE SUNSHINE  MM
  AVERAGE SKY COVER 0.6


WEATHER CONDITIONS
 THE FOLLOWING WEATHER WAS RECORDED YESTERDAY.
  NO SIGNIFICANT WEATHER WAS OBSERVED.


RELATIVE HUMIDITY (PERCENT)
 HIGHEST    93           100 AM
 LOWEST     44           200 PM
 AVERAGE    69

..........................................................


THE GREEN BAY WI CLIMATE NORMALS FOR TODAY
                         NORMAL    RECORD    YEAR
 MAXIMUM TEMPERATURE (F)   80       100      1936
 MINIMUM TEMPERATURE (F)   59        42      1968


SUNRISE AND SUNSET
JULY 10 2014..........SUNRISE   518 AM CDT   SUNSET   838 PM CDT
JULY 11 2014..........SUNRISE   519 AM CDT   SUNSET   837 PM CDT


-  INDICATES NEGATIVE NUMBERS.
R  INDICATES RECORD WAS SET OR TIED.
MM INDICATES DATA IS MISSING.
T  INDICATES TRACE AMOUNT.




$$
