000
CDUS43 KGRB 280621
CLIGRB


CLIMATE REPORT
NATIONAL WEATHER SERVICE GREEN BAY
121 AM CDT SUN SEP 28 2014


...................................

...THE GREEN BAY WI CLIMATE SUMMARY FOR SEPTEMBER 27 2014...

CLIMATE NORMAL PERIOD 1981 TO 2010
CLIMATE RECORD PERIOD 1886 TO 2014


WEATHER ITEM   OBSERVED TIME   RECORD YEAR NORMAL DEPARTURE LAST
                VALUE   (LST)  VALUE       VALUE  FROM      YEAR
                                                  NORMAL
..................................................................
TEMPERATURE (F)
 YESTERDAY
  MAXIMUM         80    202 PM  89    1891  65     15       80
  MINIMUM         49    556 AM  29    1991  44      5       42
  AVERAGE         65                        54     11       61

PRECIPITATION (IN)
  YESTERDAY        0.00          1.35 1971   0.10  -0.10     0.00
  MONTH TO DATE    4.57                      2.77   1.80     2.67
  SINCE SEP 1      4.57                      2.77   1.80     2.67
  SINCE JAN 1     25.29                     23.17   2.12    26.66

SNOWFALL (IN)
  YESTERDAY        0.0           T    1942   0.0    0.0      0.0
  MONTH TO DATE    0.0                       0.0    0.0      0.0
  SINCE SEP 1      0.0                       0.0    0.0      0.0
  SINCE JUL 1      0.0                       0.0    0.0      0.0
  SNOW DEPTH       0

DEGREE DAYS
 HEATING
  YESTERDAY        0                        11    -11        4
  MONTH TO DATE  168                       172     -4      157
  SINCE SEP 1    168                       172     -4      157
  SINCE JUL 1    197                       235    -38      197

 COOLING
  YESTERDAY        0                         0      0        0
  MONTH TO DATE   18                        32    -14       54
  SINCE SEP 1     18                        32    -14       54
  SINCE JAN 1    361                       394    -33      532
..................................................................


WIND (MPH)
  HIGHEST WIND SPEED    12   HIGHEST WIND DIRECTION     S (160)
  HIGHEST GUST SPEED    14   HIGHEST GUST DIRECTION     S (160)
  AVERAGE WIND SPEED     2.6


SKY COVER
  POSSIBLE SUNSHINE  MM
  AVERAGE SKY COVER 0.0


WEATHER CONDITIONS
 THE FOLLOWING WEATHER WAS RECORDED YESTERDAY.
  FOG


RELATIVE HUMIDITY (PERCENT)
 HIGHEST   100          1200 AM
 LOWEST     45           200 PM
 AVERAGE    73

..........................................................


THE GREEN BAY WI CLIMATE NORMALS FOR TODAY
                         NORMAL    RECORD    YEAR
 MAXIMUM TEMPERATURE (F)   65        88      1952
 MINIMUM TEMPERATURE (F)   44        27      1976


SUNRISE AND SUNSET
SEPTEMBER 28 2014.....SUNRISE   647 AM CDT   SUNSET   639 PM CDT
SEPTEMBER 29 2014.....SUNRISE   648 AM CDT   SUNSET   637 PM CDT


-  INDICATES NEGATIVE NUMBERS.
R  INDICATES RECORD WAS SET OR TIED.
MM INDICATES DATA IS MISSING.
T  INDICATES TRACE AMOUNT.




$$
