000
CDUS43 KGRB 150652
CLIGRB


CLIMATE REPORT
NATIONAL WEATHER SERVICE GREEN BAY
151 AM CDT MON SEP 15 2014


...................................

...THE GREEN BAY WI CLIMATE SUMMARY FOR SEPTEMBER 14 2014...

CLIMATE NORMAL PERIOD 1981 TO 2010
CLIMATE RECORD PERIOD 1886 TO 2014


WEATHER ITEM   OBSERVED TIME   RECORD YEAR NORMAL DEPARTURE LAST
                VALUE   (LST)  VALUE       VALUE  FROM      YEAR
                                                  NORMAL
..................................................................
TEMPERATURE (F)
 YESTERDAY
  MAXIMUM         65    408 PM  94    1939  71     -6       69
  MINIMUM         45    147 AM  34    1963  49     -4       41
                                      1923
  AVERAGE         55                        60     -5       55

PRECIPITATION (IN)
  YESTERDAY        0.00          2.48 1992   0.10  -0.10     0.00
  MONTH TO DATE    3.67                      1.41   2.26     1.88
  SINCE SEP 1      3.67                      1.41   2.26     1.88
  SINCE JAN 1     24.39                     21.81   2.58    25.87

SNOWFALL (IN)
  YESTERDAY        0.0           0.0    MM   0.0    0.0      0.0
  MONTH TO DATE    0.0                       0.0    0.0      0.0
  SINCE SEP 1      0.0                       0.0    0.0      0.0
  SINCE JUL 1      0.0                       0.0    0.0      0.0
  SNOW DEPTH       0

DEGREE DAYS
 HEATING
  YESTERDAY       10                         6      4       10
  MONTH TO DATE   72                        61     11       44
  SINCE SEP 1     72                        61     11       44
  SINCE JUL 1    101                       124    -23       84

 COOLING
  YESTERDAY        0                         1     -1        0
  MONTH TO DATE   17                        24     -7       43
  SINCE SEP 1     17                        24     -7       43
  SINCE JAN 1    360                       386    -26      521
..................................................................


WIND (MPH)
  HIGHEST WIND SPEED    20   HIGHEST WIND DIRECTION     S (190)
  HIGHEST GUST SPEED    28   HIGHEST GUST DIRECTION     S (170)
  AVERAGE WIND SPEED     9.3


SKY COVER
  POSSIBLE SUNSHINE  MM
  AVERAGE SKY COVER 0.6


WEATHER CONDITIONS
 THE FOLLOWING WEATHER WAS RECORDED YESTERDAY.
  NO SIGNIFICANT WEATHER WAS OBSERVED.


RELATIVE HUMIDITY (PERCENT)
 HIGHEST    93          1200 AM
 LOWEST     51          1100 AM
 AVERAGE    72

..........................................................


THE GREEN BAY WI CLIMATE NORMALS FOR TODAY
                         NORMAL    RECORD    YEAR
 MAXIMUM TEMPERATURE (F)   70        94      1939
 MINIMUM TEMPERATURE (F)   49        32      2007


SUNRISE AND SUNSET
SEPTEMBER 15 2014.....SUNRISE   631 AM CDT   SUNSET   703 PM CDT
SEPTEMBER 16 2014.....SUNRISE   633 AM CDT   SUNSET   701 PM CDT


-  INDICATES NEGATIVE NUMBERS.
R  INDICATES RECORD WAS SET OR TIED.
MM INDICATES DATA IS MISSING.
T  INDICATES TRACE AMOUNT.




$$
