000
CDUS43 KGRB 110739
CLIGRB


CLIMATE REPORT
NATIONAL WEATHER SERVICE GREEN BAY
237 AM CDT WED OCT 11 2017


...................................

...THE GREEN BAY WI CLIMATE SUMMARY FOR OCTOBER 10 2017...

CLIMATE NORMAL PERIOD 1981 TO 2010
CLIMATE RECORD PERIOD 1886 TO 2017


WEATHER ITEM   OBSERVED TIME   RECORD YEAR NORMAL DEPARTURE LAST
                VALUE   (LST)  VALUE       VALUE  FROM      YEAR
                                                  NORMAL
..................................................................
TEMPERATURE (F)
 YESTERDAY
  MAXIMUM         57    223 PM  82    1938  59     -2       71
  MINIMUM         45    542 AM  24    1956  39      6       38
                                      1906
  AVERAGE         51                        49      2       55

PRECIPITATION (IN)
  YESTERDAY        T             1.47 1920   0.09  -0.09     0.00
  MONTH TO DATE    1.44                      0.84   0.60     0.33
  SINCE SEP 1      2.45                      3.88  -1.43     4.62
  SINCE JAN 1     27.84                     24.28   3.56    26.24

SNOWFALL (IN)
  YESTERDAY        0.0           0.3  1932   0.0    0.0      0.0
  MONTH TO DATE    0.0                       0.0    0.0      0.0
  SINCE SEP 1      0.0                       0.0    0.0      0.0
  SINCE JUL 1      0.0                       0.0    0.0      0.0
  SNOW DEPTH       0

DEGREE DAYS
 HEATING
  YESTERDAY       14                        16     -2       10
  MONTH TO DATE   57                       143    -86       74
  SINCE SEP 1    177                       350   -173      139
  SINCE JUL 1    218                       413   -195      152

 COOLING
  YESTERDAY        0                         0      0        0
  MONTH TO DATE    6                         0      6        0
  SINCE SEP 1     98                        33     65       52
  SINCE JAN 1    475                       395     80      574
..................................................................


WIND (MPH)
  HIGHEST WIND SPEED    21   HIGHEST WIND DIRECTION    NE (50)
  HIGHEST GUST SPEED    26   HIGHEST GUST DIRECTION    NE (40)
  AVERAGE WIND SPEED    12.4


SKY COVER
  POSSIBLE SUNSHINE  MM
  AVERAGE SKY COVER 0.3


WEATHER CONDITIONS
 THE FOLLOWING WEATHER WAS RECORDED YESTERDAY.
  LIGHT RAIN


RELATIVE HUMIDITY (PERCENT)
 HIGHEST    82           300 AM
 LOWEST     55           100 PM
 AVERAGE    69

..........................................................


THE GREEN BAY WI CLIMATE NORMALS FOR TODAY
                         NORMAL    RECORD    YEAR
 MAXIMUM TEMPERATURE (F)   59        82      1928
 MINIMUM TEMPERATURE (F)   39        21      1987
                                             1906


SUNRISE AND SUNSET
OCTOBER 11 2017.......SUNRISE   703 AM CDT   SUNSET   615 PM CDT
OCTOBER 12 2017.......SUNRISE   704 AM CDT   SUNSET   613 PM CDT


-  INDICATES NEGATIVE NUMBERS.
R  INDICATES RECORD WAS SET OR TIED.
MM INDICATES DATA IS MISSING.
T  INDICATES TRACE AMOUNT.

$$
