000
CDUS43 KGRB 152137
CLIGRB


CLIMATE REPORT
NATIONAL WEATHER SERVICE GREEN BAY
436 PM CDT TUE APR 15 2014


...................................

...THE GREEN BAY WI CLIMATE SUMMARY FOR APRIL 15 2014...
VALID TODAY AS OF 0400 PM LOCAL TIME.

CLIMATE NORMAL PERIOD 1981 TO 2010
CLIMATE RECORD PERIOD 1886 TO 2014


WEATHER ITEM   OBSERVED TIME   RECORD YEAR NORMAL DEPARTURE LAST
                VALUE   (LST)  VALUE       VALUE  FROM      YEAR
                                                  NORMAL
..................................................................
TEMPERATURE (F)
 TODAY
  MAXIMUM         32    244 PM  84    2002  54    -22       60
                                      1896
  MINIMUM         19    530 AM  14    1928  34    -15       38
  AVERAGE         26                        44    -18       49

PRECIPITATION (IN)
  TODAY            T             0.98 1993   0.09  -0.09     0.33
  MONTH TO DATE    2.49                      1.28   1.21     2.84
  SINCE MAR 1      3.40                      3.13   0.27     4.85
  SINCE JAN 1      6.19                      5.37   0.82     9.51

SNOWFALL (IN)
  TODAY            T            10.0  1904   0.1   -0.1      0.0
  MONTH TO DATE    3.7                       2.0    1.7      7.8
  SINCE MAR 1      9.8                      10.1   -0.3     16.2
  SINCE JUL 1     72.1                      50.3   21.8     74.2
  SNOW DEPTH       1

DEGREE DAYS
 HEATING
  TODAY           39                        21     18       16
  MONTH TO DATE  379                       365     14      431
  SINCE MAR 1   1673                      1425    248     1619
  SINCE JUL 1   8154                      7265    889     7062

 COOLING
  TODAY            0                         0      0        0
  MONTH TO DATE    0                         0      0        0
  SINCE MAR 1      0                         0      0        0
  SINCE JAN 1      0                         0      0        0
..................................................................


WIND (MPH)
  HIGHEST WIND SPEED    21   HIGHEST WIND DIRECTION     W (260)
  HIGHEST GUST SPEED    26   HIGHEST GUST DIRECTION     W (250)
  AVERAGE WIND SPEED     7.8


SKY COVER
  POSSIBLE SUNSHINE  MM
  AVERAGE SKY COVER 0.3


WEATHER CONDITIONS
 THE FOLLOWING WEATHER WAS RECORDED TODAY.
  LIGHT SNOW
  HAZE


RELATIVE HUMIDITY (PERCENT)
 HIGHEST    84           400 AM
 LOWEST     57           900 AM
 AVERAGE    71

..........................................................


THE GREEN BAY WI CLIMATE NORMALS FOR TOMORROW
                         NORMAL    RECORD    YEAR
 MAXIMUM TEMPERATURE (F)   54        84      1896
 MINIMUM TEMPERATURE (F)   34        14      1904


SUNRISE AND SUNSET
APRIL 15 2014.........SUNRISE   609 AM CDT   SUNSET   737 PM CDT
APRIL 16 2014.........SUNRISE   607 AM CDT   SUNSET   738 PM CDT


-  INDICATES NEGATIVE NUMBERS.
R  INDICATES RECORD WAS SET OR TIED.
MM INDICATES DATA IS MISSING.
T  INDICATES TRACE AMOUNT.




$$
