000
CDUS43 KGRB 250728
CLIGRB

CLIMATE REPORT
NATIONAL WEATHER SERVICE GREEN BAY
226 AM CDT SUN SEP 25 2016

...................................

...THE GREEN BAY WI CLIMATE SUMMARY FOR SEPTEMBER 24 2016...

CLIMATE NORMAL PERIOD 1981 TO 2010
CLIMATE RECORD PERIOD 1886 TO 2016

WEATHER ITEM   OBSERVED TIME   RECORD YEAR NORMAL DEPARTURE LAST
                VALUE   (LST)  VALUE       VALUE  FROM      YEAR
                                                  NORMAL
..................................................................
TEMPERATURE (F)
 YESTERDAY
  MAXIMUM         70    129 PM  92    1891  66      4       76
  MINIMUM         53    137 AM  28    1989  45      8       55
                                      1976
  AVERAGE         62                        56      6       66

PRECIPITATION (IN)
  YESTERDAY        0.00          1.85 1910   0.11  -0.11     0.00
  MONTH TO DATE    3.95                      2.47   1.48     5.73
  SINCE SEP 1      3.95                      2.47   1.48     5.73
  SINCE JAN 1     25.57                     22.87   2.70    21.93

SNOWFALL (IN)
  YESTERDAY        0.0           0.0    MM   0.0    0.0      0.0
  MONTH TO DATE    0.0                       0.0    0.0      0.0
  SINCE SEP 1      0.0                       0.0    0.0      0.0
  SINCE JUL 1      0.0                       0.0    0.0      0.0
  SNOW DEPTH       0

DEGREE DAYS
 HEATING
  YESTERDAY        3                        10     -7        0
  MONTH TO DATE   29                       141   -112       41
  SINCE SEP 1     29                       141   -112       41
  SINCE JUL 1     42                       204   -162       91

COOLING
  YESTERDAY        0                         0      0        1
  MONTH TO DATE   50                        32     18      104
  SINCE SEP 1     50                        32     18      104
  SINCE JAN 1    572                       394    178      506
..................................................................

WIND (MPH)
  HIGHEST WIND SPEED    14   HIGHEST WIND DIRECTION    SE (150)
  HIGHEST GUST SPEED    18   HIGHEST GUST DIRECTION     E (110)
  AVERAGE WIND SPEED     6.1

SKY COVER
  POSSIBLE SUNSHINE  MM
  AVERAGE SKY COVER 0.3

WEATHER CONDITIONS
 THE FOLLOWING WEATHER WAS RECORDED YESTERDAY.
  NO SIGNIFICANT WEATHER WAS OBSERVED.

RELATIVE HUMIDITY (PERCENT)
 HIGHEST   100           100 AM
 LOWEST     53           300 PM
 AVERAGE    77
..........................................................

THE GREEN BAY WI CLIMATE NORMALS FOR TODAY
                         NORMAL    RECORD    YEAR
 MAXIMUM TEMPERATURE (F)   66        87      1920
 MINIMUM TEMPERATURE (F)   45        30      1966
                                             1947
                                             1942

SUNRISE AND SUNSET
SEPTEMBER 25 2016.....SUNRISE   644 AM CDT   SUNSET   643 PM CDT
SEPTEMBER 26 2016.....SUNRISE   645 AM CDT   SUNSET   642 PM CDT

-  INDICATES NEGATIVE NUMBERS.
R  INDICATES RECORD WAS SET OR TIED.
MM INDICATES DATA IS MISSING.
T  INDICATES TRACE AMOUNT.

$$
