000
CDUS43 KGRB 270641
CLIGRB


CLIMATE REPORT
NATIONAL WEATHER SERVICE GREEN BAY
141 AM CDT SUN JUL 27 2014


...................................

...THE GREEN BAY WI CLIMATE SUMMARY FOR JULY 26 2014...

CLIMATE NORMAL PERIOD 1981 TO 2010
CLIMATE RECORD PERIOD 1886 TO 2014


WEATHER ITEM   OBSERVED TIME   RECORD YEAR NORMAL DEPARTURE LAST
                VALUE   (LST)  VALUE       VALUE  FROM      YEAR
                                                  NORMAL
..................................................................
TEMPERATURE (F)
 YESTERDAY
  MAXIMUM         82    251 PM  98    1955  80      2       72
  MINIMUM         65    520 AM  46    1977  58      7       55
  AVERAGE         74                        69      5       64

PRECIPITATION (IN)
  YESTERDAY        0.00          1.44 1897   0.11  -0.11     1.00
  MONTH TO DATE    0.51                      2.97  -2.46     3.16
  SINCE JUN 1      4.56                      6.85  -2.29     6.98
  SINCE JAN 1     15.22                     16.50  -1.28    20.75

SNOWFALL (IN)
  YESTERDAY        0.0           0.0    MM   0.0    0.0      0.0
  MONTH TO DATE    0.0                       0.0    0.0      0.0
  SINCE JUN 1      0.0                       0.0    0.0      0.0
  SINCE JUL 1      0.0                       0.0    0.0      0.0
  SNOW DEPTH       0

DEGREE DAYS
 HEATING
  YESTERDAY        0                         1     -1        1
  MONTH TO DATE   13                        26    -13        4
  SINCE JUN 1     44                       118    -74       76
  SINCE JUL 1     13                        26    -13        4

 COOLING
  YESTERDAY        9                         5      4        0
  MONTH TO DATE   90                       130    -40      192
  SINCE JUN 1    196                       213    -17      297
  SINCE JAN 1    212                       231    -19      335
..................................................................


WIND (MPH)
  HIGHEST WIND SPEED    17   HIGHEST WIND DIRECTION     W (270)
  HIGHEST GUST SPEED    21   HIGHEST GUST DIRECTION     W (260)
  AVERAGE WIND SPEED     7.0


SKY COVER
  POSSIBLE SUNSHINE  MM
  AVERAGE SKY COVER 0.5


WEATHER CONDITIONS
 THE FOLLOWING WEATHER WAS RECORDED YESTERDAY.
  NO SIGNIFICANT WEATHER WAS OBSERVED.


RELATIVE HUMIDITY (PERCENT)
 HIGHEST    93           300 AM
 LOWEST     67           300 PM
 AVERAGE    80

..........................................................


THE GREEN BAY WI CLIMATE NORMALS FOR TODAY
                         NORMAL    RECORD    YEAR
 MAXIMUM TEMPERATURE (F)   80        98      1931
                                             1916
 MINIMUM TEMPERATURE (F)   58        47      1991


SUNRISE AND SUNSET
JULY 27 2014..........SUNRISE   534 AM CDT   SUNSET   824 PM CDT
JULY 28 2014..........SUNRISE   535 AM CDT   SUNSET   822 PM CDT


-  INDICATES NEGATIVE NUMBERS.
R  INDICATES RECORD WAS SET OR TIED.
MM INDICATES DATA IS MISSING.
T  INDICATES TRACE AMOUNT.




$$
