258
CDUS43 KGRB 230731
CLIGRB


CLIMATE REPORT
NATIONAL WEATHER SERVICE GREEN BAY
228 AM CDT FRI JUN 23 2017


...................................

...THE GREEN BAY WI CLIMATE SUMMARY FOR JUNE 22 2017...

CLIMATE NORMAL PERIOD 1981 TO 2010
CLIMATE RECORD PERIOD 1886 TO 2017


WEATHER ITEM   OBSERVED TIME   RECORD YEAR NORMAL DEPARTURE LAST
                VALUE   (LST)  VALUE       VALUE  FROM      YEAR
                                                  NORMAL
..................................................................
TEMPERATURE (F)
 YESTERDAY
  MAXIMUM         77   1225 PM  94    1910  77      0       78
  MINIMUM         61    115 AM  40    1992  56      5       55
  AVERAGE         69                        67      2       67

PRECIPITATION (IN)
  YESTERDAY        0.56          4.90 1990   0.13   0.43     0.00
  MONTH TO DATE    3.07                      2.87   0.20     3.28
  SINCE JUN 1      3.07                      2.87   0.20     3.28
  SINCE JAN 1     16.07                     12.52   3.55    14.46

SNOWFALL (IN)
  YESTERDAY        0.0           0.0    MM   0.0    0.0      0.0
  MONTH TO DATE    0.0                       0.0    0.0      0.0
  SINCE JUN 1      0.0                       0.0    0.0      0.0
  SINCE JUL 1     53.2                      51.4    1.8     50.0
  SNOW DEPTH       0

DEGREE DAYS
 HEATING
  YESTERDAY        0                         2     -2        0
  MONTH TO DATE    9                        80    -71       25
  SINCE JUN 1      9                        80    -71       25
  SINCE JUL 1   6396                      7943  -1547     6622

 COOLING
  YESTERDAY        4                         4      0        2
  MONTH TO DATE  101                        50     51       65
  SINCE JUN 1    101                        50     51       65
  SINCE JAN 1    109                        68     41       98
..................................................................


WIND (MPH)
  HIGHEST WIND SPEED    20   HIGHEST WIND DIRECTION     W (290)
  HIGHEST GUST SPEED    28   HIGHEST GUST DIRECTION     W (280)
  AVERAGE WIND SPEED     7.6


SKY COVER
  POSSIBLE SUNSHINE  MM
  AVERAGE SKY COVER 0.5


WEATHER CONDITIONS
 THE FOLLOWING WEATHER WAS RECORDED YESTERDAY.
  THUNDERSTORM
  HEAVY RAIN
  RAIN
  LIGHT RAIN
  FOG


RELATIVE HUMIDITY (PERCENT)
 HIGHEST   100           500 AM
 LOWEST     58          1200 AM
 AVERAGE    79

..........................................................


THE GREEN BAY WI CLIMATE NORMALS FOR TODAY
                         NORMAL    RECORD    YEAR
 MAXIMUM TEMPERATURE (F)   78        95      2009
                                             1911
 MINIMUM TEMPERATURE (F)   56        42      1918


SUNRISE AND SUNSET
JUNE 23 2017..........SUNRISE   508 AM CDT   SUNSET   841 PM CDT
JUNE 24 2017..........SUNRISE   509 AM CDT   SUNSET   841 PM CDT


-  INDICATES NEGATIVE NUMBERS.
R  INDICATES RECORD WAS SET OR TIED.
MM INDICATES DATA IS MISSING.
T  INDICATES TRACE AMOUNT.

$$
