000
CDUS43 KGRB 180630
CLIGRB


CLIMATE REPORT
NATIONAL WEATHER SERVICE GREEN BAY
129 AM CDT SAT MAR 18 2017


...................................

...THE GREEN BAY WI CLIMATE SUMMARY FOR MARCH 17 2017...

CLIMATE NORMAL PERIOD 1981 TO 2010
CLIMATE RECORD PERIOD 1886 TO 2017


WEATHER ITEM   OBSERVED TIME   RECORD YEAR NORMAL DEPARTURE LAST
                VALUE   (LST)  VALUE       VALUE  FROM      YEAR
                                                  NORMAL
..................................................................
TEMPERATURE (F)
 YESTERDAY
  MAXIMUM         37   1159 PM  78    2012  40     -3       45
  MINIMUM         31    146 AM  -6    1941  23      8       34
  AVERAGE         34                        31      3       40

PRECIPITATION (IN)
  YESTERDAY        0.19          0.64 1894   0.05   0.14      T
  MONTH TO DATE    0.96                      0.95   0.01     1.80
  SINCE MAR 1      0.96                      0.95   0.01     1.80
  SINCE JAN 1      4.21                      3.19   1.02     4.28

SNOWFALL (IN)
  YESTERDAY        1.8           7.1  1965   0.3    1.5      0.0
  MONTH TO DATE    8.9                       5.4    3.5      3.7
  SINCE MAR 1      8.9                       5.4    3.5      3.7
  SINCE JUL 1     53.1                      45.6    7.5     37.5
  SNOW DEPTH       1

DEGREE DAYS
 HEATING
  YESTERDAY       31                        34     -3       25
  MONTH TO DATE  632                       631      1      463
  SINCE MAR 1    632                       631      1      463
  SINCE JUL 1   5205                      6471  -1266     5274

 COOLING
  YESTERDAY        0                         0      0        0
  MONTH TO DATE    0                         0      0        0
  SINCE MAR 1      0                         0      0        0
  SINCE JAN 1      0                         0      0        0
..................................................................


WIND (MPH)
  HIGHEST WIND SPEED    14   HIGHEST WIND DIRECTION    SE (130)
  HIGHEST GUST SPEED    17   HIGHEST GUST DIRECTION    SE (130)
  AVERAGE WIND SPEED     7.4


SKY COVER
  POSSIBLE SUNSHINE  MM
  AVERAGE SKY COVER 0.9


WEATHER CONDITIONS
 THE FOLLOWING WEATHER WAS RECORDED YESTERDAY.
  LIGHT RAIN
  SNOW
  LIGHT SNOW
  FOG
  HAZE


RELATIVE HUMIDITY (PERCENT)
 HIGHEST   100           600 AM
 LOWEST     72           200 AM
 AVERAGE    86

..........................................................


THE GREEN BAY WI CLIMATE NORMALS FOR TODAY
                         NORMAL    RECORD    YEAR
 MAXIMUM TEMPERATURE (F)   40        79      2012
 MINIMUM TEMPERATURE (F)   23        -3      1967


SUNRISE AND SUNSET
MARCH 18 2017.........SUNRISE   659 AM CDT   SUNSET   703 PM CDT
MARCH 19 2017.........SUNRISE   657 AM CDT   SUNSET   704 PM CDT


-  INDICATES NEGATIVE NUMBERS.
R  INDICATES RECORD WAS SET OR TIED.
MM INDICATES DATA IS MISSING.
T  INDICATES TRACE AMOUNT.




$$
