000
CDUS43 KGRB 160659
CLIGRB

CLIMATE REPORT
NATIONAL WEATHER SERVICE GREEN BAY
1256 AM CST MON JAN 16 2017

...................................

...THE GREEN BAY WI CLIMATE SUMMARY FOR JANUARY 15 2017...

CLIMATE NORMAL PERIOD 1981 TO 2010
CLIMATE RECORD PERIOD 1886 TO 2017

WEATHER ITEM   OBSERVED TIME   RECORD YEAR NORMAL DEPARTURE LAST
                VALUE   (LST)  VALUE       VALUE  FROM      YEAR
                                                  NORMAL
..................................................................
TEMPERATURE (F)
 YESTERDAY
  MAXIMUM         25    228 PM  45    1949  24      1       34
  MINIMUM          0    803 AM -28    1972   9     -9       22
  AVERAGE         13                        16     -3       28

PRECIPITATION (IN)
  YESTERDAY        0.00          0.79 1906   0.04  -0.04     0.02
  MONTH TO DATE    1.03                      0.58   0.45     0.81
  SINCE DEC 1      3.28                      2.09   1.19     6.52
  SINCE JAN 1      1.03                      0.58   0.45     0.81

SNOWFALL (IN)
  YESTERDAY        0.0           4.0  1930   0.5   -0.5       T
  MONTH TO DATE    6.2                       6.1    0.1      3.3
  SINCE DEC 1     29.3                      19.2   10.1     17.0
  SINCE JUL 1     30.2                      23.4    6.8     17.2
  SNOW DEPTH       5

DEGREE DAYS
 HEATING
  YESTERDAY       52                        49      3       37
  MONTH TO DATE  752                       725     27      677
  SINCE DEC 1   2003                      2075    -72     1615
  SINCE JUL 1   3065                      3815   -750     2887

COOLING
  YESTERDAY        0                         0      0        0
  MONTH TO DATE    0                         0      0        0
  SINCE DEC 1      0                         0      0        0
  SINCE JAN 1      0                         0      0        0
..................................................................

WIND (MPH)
  HIGHEST WIND SPEED    10   HIGHEST WIND DIRECTION     S (170)
  HIGHEST GUST SPEED    12   HIGHEST GUST DIRECTION    SW (210)
  AVERAGE WIND SPEED     4.5

SKY COVER
  POSSIBLE SUNSHINE  MM
  AVERAGE SKY COVER 0.0

WEATHER CONDITIONS
 THE FOLLOWING WEATHER WAS RECORDED YESTERDAY.
  FOG
  HAZE

RELATIVE HUMIDITY (PERCENT)
 HIGHEST    91           900 AM
 LOWEST     55           200 PM
 AVERAGE    73
..........................................................

THE GREEN BAY WI CLIMATE NORMALS FOR TODAY
                         NORMAL    RECORD    YEAR
 MAXIMUM TEMPERATURE (F)   24        45      1913
 MINIMUM TEMPERATURE (F)    9       -28      1888

SUNRISE AND SUNSET
JANUARY 16 2017.......SUNRISE   725 AM CST   SUNSET   440 PM CST
JANUARY 17 2017.......SUNRISE   724 AM CST   SUNSET   442 PM CST

-  INDICATES NEGATIVE NUMBERS.
R  INDICATES RECORD WAS SET OR TIED.
MM INDICATES DATA IS MISSING.
T  INDICATES TRACE AMOUNT.

$$
