000
CDUS43 KGRB 100640
CLIGRB


CLIMATE REPORT
NATIONAL WEATHER SERVICE GREEN BAY
139 AM CDT THU APR 10 2014


...................................

...THE GREEN BAY WI CLIMATE SUMMARY FOR APRIL 9 2014...

CLIMATE NORMAL PERIOD 1981 TO 2010
CLIMATE RECORD PERIOD 1886 TO 2014


WEATHER ITEM   OBSERVED TIME   RECORD YEAR NORMAL DEPARTURE LAST
                VALUE   (LST)  VALUE       VALUE  FROM      YEAR
                                                  NORMAL
..................................................................
TEMPERATURE (F)
 YESTERDAY
  MAXIMUM         58    506 PM  76    1955  51      7       37
                                      1945
  MINIMUM         31    210 AM  12    1928  32     -1       32
  AVERAGE         45                        41      4       35

PRECIPITATION (IN)
  YESTERDAY        0.00          0.81 1978   0.08  -0.08     0.58
  MONTH TO DATE    0.32                      0.73  -0.41     0.89
  SINCE MAR 1      1.23                      2.58  -1.35     2.90
  SINCE JAN 1      4.02                      4.82  -0.80     7.56

SNOWFALL (IN)
  YESTERDAY        0.0           4.4  1973   0.1   -0.1      0.1
  MONTH TO DATE    0.2                       1.3   -1.1      1.5
  SINCE MAR 1      6.3                       9.4   -3.1      9.9
  SINCE JUL 1     68.6                      49.6   19.0     67.9
  SNOW DEPTH       0

DEGREE DAYS
 HEATING
  YESTERDAY       20                        24     -4       30
  MONTH TO DATE  224                       231     -7      261
  SINCE MAR 1   1518                      1291    227     1449
  SINCE JUL 1   7999                      7131    868     6892

 COOLING
  YESTERDAY        0                         0      0        0
  MONTH TO DATE    0                         0      0        0
  SINCE MAR 1      0                         0      0        0
  SINCE JAN 1      0                         0      0        0
..................................................................


WIND (MPH)
  HIGHEST WIND SPEED    23   HIGHEST WIND DIRECTION    SW (210)
  HIGHEST GUST SPEED    35   HIGHEST GUST DIRECTION    SW (210)
  AVERAGE WIND SPEED    10.9


SKY COVER
  POSSIBLE SUNSHINE  MM
  AVERAGE SKY COVER 0.2


WEATHER CONDITIONS
 THE FOLLOWING WEATHER WAS RECORDED YESTERDAY.
  NO SIGNIFICANT WEATHER WAS OBSERVED.


RELATIVE HUMIDITY (PERCENT)
 HIGHEST    89           400 AM
 LOWEST     38           300 PM
 AVERAGE    64

..........................................................


THE GREEN BAY WI CLIMATE NORMALS FOR TODAY
                         NORMAL    RECORD    YEAR
 MAXIMUM TEMPERATURE (F)   51        79      1977
 MINIMUM TEMPERATURE (F)   32        18      1909


SUNRISE AND SUNSET
APRIL 10 2014.........SUNRISE   617 AM CDT   SUNSET   731 PM CDT
APRIL 11 2014.........SUNRISE   616 AM CDT   SUNSET   732 PM CDT


-  INDICATES NEGATIVE NUMBERS.
R  INDICATES RECORD WAS SET OR TIED.
MM INDICATES DATA IS MISSING.
T  INDICATES TRACE AMOUNT.




$$
