000
CDUS43 KGRB 182122
CLIGRB


CLIMATE REPORT
NATIONAL WEATHER SERVICE GREEN BAY
422 PM CDT THU AUG 18 2016


...................................

...THE GREEN BAY WI CLIMATE SUMMARY FOR AUGUST 18 2016...
VALID TODAY AS OF 0400 PM LOCAL TIME.

CLIMATE NORMAL PERIOD 1981 TO 2010
CLIMATE RECORD PERIOD 1886 TO 2016


WEATHER ITEM   OBSERVED TIME   RECORD YEAR NORMAL DEPARTURE LAST
                VALUE   (LST)  VALUE       VALUE  FROM      YEAR
                                                  NORMAL
..................................................................
TEMPERATURE (F)
 TODAY
  MAXIMUM         87    259 PM  97    1955  78      9       79
  MINIMUM         59    521 AM  41    1963  57      2       68
  AVERAGE         73                        67      6       74

PRECIPITATION (IN)
  TODAY            0.00          1.66 2005   0.11  -0.11     0.16
  MONTH TO DATE    0.32                      2.04  -1.72     3.41
  SINCE JUN 1      7.98                      9.42  -1.44     8.45
  SINCE JAN 1     19.16                     19.07   0.09    15.39

SNOWFALL (IN)
  TODAY            0.0           0.0    MM   0.0    0.0      0.0
  MONTH TO DATE    0.0                       0.0    0.0      0.0
  SINCE JUN 1      0.0                       0.0    0.0      0.0
  SINCE JUL 1      0.0                       0.0    0.0      0.0
  SNOW DEPTH       0

DEGREE DAYS
 HEATING
  TODAY            0                         1     -1        0
  MONTH TO DATE    0                        18    -18        0
  SINCE JUN 1     31                       133   -102       72
  SINCE JUL 1      6                        41    -35       19

 COOLING
  TODAY            8                         3      5        9
  MONTH TO DATE  137                        72     65      116
  SINCE JUN 1    435                       305    130      359
  SINCE JAN 1    468                       323    145      387
..................................................................


WIND (MPH)
  HIGHEST WIND SPEED    12   HIGHEST WIND DIRECTION     S (190)
  HIGHEST GUST SPEED    16   HIGHEST GUST DIRECTION    SW (240)
  AVERAGE WIND SPEED     3.2


SKY COVER
  POSSIBLE SUNSHINE  MM
  AVERAGE SKY COVER 0.2


WEATHER CONDITIONS
 THE FOLLOWING WEATHER WAS RECORDED TODAY.
  FOG
  FOG W/VISIBILITY <= 1/4 MILE


RELATIVE HUMIDITY (PERCENT)
 HIGHEST   100          1200 AM
 LOWEST     51           100 PM
 AVERAGE    76

..........................................................


THE GREEN BAY WI CLIMATE NORMALS FOR TOMORROW
                         NORMAL    RECORD    YEAR
 MAXIMUM TEMPERATURE (F)   78        96      1955
                                             1900
 MINIMUM TEMPERATURE (F)   57        42      2004


SUNRISE AND SUNSET
AUGUST 18 2016........SUNRISE   559 AM CDT   SUNSET   752 PM CDT
AUGUST 19 2016........SUNRISE   601 AM CDT   SUNSET   751 PM CDT


-  INDICATES NEGATIVE NUMBERS.
R  INDICATES RECORD WAS SET OR TIED.
MM INDICATES DATA IS MISSING.
T  INDICATES TRACE AMOUNT.




$$
