000
CDUS43 KGRB 222123
CLIGRB


CLIMATE REPORT
NATIONAL WEATHER SERVICE GREEN BAY
423 PM CDT TUE AUG 22 2017


...................................

...THE GREEN BAY WI CLIMATE SUMMARY FOR AUGUST 22 2017...
VALID TODAY AS OF 0400 PM LOCAL TIME.

CLIMATE NORMAL PERIOD 1981 TO 2010
CLIMATE RECORD PERIOD 1886 TO 2017


WEATHER ITEM   OBSERVED TIME   RECORD YEAR NORMAL DEPARTURE LAST
                VALUE   (LST)  VALUE       VALUE  FROM      YEAR
                                                  NORMAL
..................................................................
TEMPERATURE (F)
 TODAY
  MAXIMUM         75    246 PM  95    1947  77     -2       76
  MINIMUM         65    535 AM  38    1967  56      9       50
                                      1950
  AVERAGE         70                        67      3       63

PRECIPITATION (IN)
  TODAY            0.00          2.38 1910   0.10  -0.10     0.00
  MONTH TO DATE    2.71                      2.46   0.25     1.52
  SINCE JUN 1     11.05                      9.84   1.21     9.18
  SINCE JAN 1     24.05                     19.49   4.56    20.36

SNOWFALL (IN)
  TODAY            0.0           0.0    MM   0.0    0.0      0.0
  MONTH TO DATE    0.0                       0.0    0.0      0.0
  SINCE JUN 1      0.0                       0.0    0.0      0.0
  SINCE JUL 1      0.0                       0.0    0.0      0.0
  SNOW DEPTH       0

DEGREE DAYS
 HEATING
  TODAY            0                         1     -1        2
  MONTH TO DATE    8                        22    -14        5
  SINCE JUN 1     36                       137   -101       36
  SINCE JUL 1      9                        45    -36       11

 COOLING
  TODAY            5                         3      2        0
  MONTH TO DATE   70                        84    -14      147
  SINCE JUN 1    371                       317     54      445
  SINCE JAN 1    379                       335     44      478
..................................................................


WIND (MPH)
  HIGHEST WIND SPEED    22   HIGHEST WIND DIRECTION    NW (300)
  HIGHEST GUST SPEED    29   HIGHEST GUST DIRECTION    NW (310)
  AVERAGE WIND SPEED    12.6


SKY COVER
  POSSIBLE SUNSHINE  MM
  AVERAGE SKY COVER 0.4


WEATHER CONDITIONS
 THE FOLLOWING WEATHER WAS RECORDED TODAY.
  NO SIGNIFICANT WEATHER WAS OBSERVED.


RELATIVE HUMIDITY (PERCENT)
 HIGHEST   100           500 AM
 LOWEST     46           300 PM
 AVERAGE    73

..........................................................


THE GREEN BAY WI CLIMATE NORMALS FOR TOMORROW
                         NORMAL    RECORD    YEAR
 MAXIMUM TEMPERATURE (F)   77        95      1947
 MINIMUM TEMPERATURE (F)   56        41      1952
                                             1890


SUNRISE AND SUNSET
AUGUST 22 2017........SUNRISE   604 AM CDT   SUNSET   746 PM CDT
AUGUST 23 2017........SUNRISE   605 AM CDT   SUNSET   744 PM CDT


-  INDICATES NEGATIVE NUMBERS.
R  INDICATES RECORD WAS SET OR TIED.
MM INDICATES DATA IS MISSING.
T  INDICATES TRACE AMOUNT.




$$
