721
CDUS43 KGRB 270652
CLIGRB

CLIMATE REPORT
NATIONAL WEATHER SERVICE GREEN BAY
150 AM CDT TUE JUN 27 2017

...................................

...THE GREEN BAY WI CLIMATE SUMMARY FOR JUNE 26 2017...

CLIMATE NORMAL PERIOD 1981 TO 2010
CLIMATE RECORD PERIOD 1886 TO 2017

WEATHER ITEM   OBSERVED TIME   RECORD YEAR NORMAL DEPARTURE LAST
                VALUE   (LST)  VALUE       VALUE  FROM      YEAR
                                                  NORMAL
..................................................................
TEMPERATURE (F)
 YESTERDAY
  MAXIMUM         63    115 PM  96    1901  78    -15       87
  MINIMUM         50    441 AM  41    1982  57     -7       69
  AVERAGE         57                        68    -11       78

PRECIPITATION (IN)
  YESTERDAY        0.33          2.47 1969   0.12   0.21     0.70
  MONTH TO DATE    3.44                      3.38   0.06     4.24
  SINCE JUN 1      3.44                      3.38   0.06     4.24
  SINCE JAN 1     16.44                     13.03   3.41    15.42

SNOWFALL (IN)
  YESTERDAY        0.0           0.0    MM   0.0    0.0      0.0
  MONTH TO DATE    0.0                       0.0    0.0      0.0
  SINCE JUN 1      0.0                       0.0    0.0      0.0
  SINCE JUL 1     53.2                      51.4    1.8     50.0
  SNOW DEPTH       0

DEGREE DAYS
 HEATING
  YESTERDAY        8                         1      7        0
  MONTH TO DATE   22                        87    -65       25
  SINCE JUN 1     22                        87    -65       25
  SINCE JUL 1   6409                      7950  -1541     6622

COOLING
  YESTERDAY        0                         4     -4       13
  MONTH TO DATE  105                        66     39       96
  SINCE JUN 1    105                        66     39       96
  SINCE JAN 1    113                        84     29      129
..................................................................

WIND (MPH)
  HIGHEST WIND SPEED    21   HIGHEST WIND DIRECTION     W (290)
  HIGHEST GUST SPEED    25   HIGHEST GUST DIRECTION     W (290)
  AVERAGE WIND SPEED     9.8

SKY COVER
  POSSIBLE SUNSHINE  MM
  AVERAGE SKY COVER 0.4

WEATHER CONDITIONS
 THE FOLLOWING WEATHER WAS RECORDED YESTERDAY.
  HEAVY RAIN
  LIGHT RAIN
  FOG
  HAZE

RELATIVE HUMIDITY (PERCENT)
 HIGHEST   100           300 AM
 LOWEST     65           100 PM
 AVERAGE    83
..........................................................

THE GREEN BAY WI CLIMATE NORMALS FOR TODAY
                         NORMAL    RECORD    YEAR
 MAXIMUM TEMPERATURE (F)   78        98      1933
 MINIMUM TEMPERATURE (F)   57        44      1992

SUNRISE AND SUNSET
JUNE 27 2017..........SUNRISE   510 AM CDT   SUNSET   841 PM CDT
JUNE 28 2017..........SUNRISE   510 AM CDT   SUNSET   841 PM CDT

-  INDICATES NEGATIVE NUMBERS.
R  INDICATES RECORD WAS SET OR TIED.
MM INDICATES DATA IS MISSING.
T  INDICATES TRACE AMOUNT.

$$
