000
CDUS43 KGRB 260700
CLIGRB


CLIMATE REPORT
NATIONAL WEATHER SERVICE GREEN BAY
1259 AM CST SUN FEB 26 2017


...................................

...THE GREEN BAY WI CLIMATE SUMMARY FOR FEBRUARY 25 2017...

CLIMATE NORMAL PERIOD 1981 TO 2010
CLIMATE RECORD PERIOD 1886 TO 2017


WEATHER ITEM   OBSERVED TIME   RECORD YEAR NORMAL DEPARTURE LAST
                VALUE   (LST)  VALUE       VALUE  FROM      YEAR
                                                  NORMAL
..................................................................
TEMPERATURE (F)
 YESTERDAY
  MAXIMUM         24    332 PM  49    2000  31     -7       33
  MINIMUM         19   1159 PM -23    1928  15      4       24
  AVERAGE         22                        23     -1       29

PRECIPITATION (IN)
  YESTERDAY        0.07          0.86 2007   0.05   0.02     0.00
  MONTH TO DATE    0.70                      0.96  -0.26     1.04
  SINCE DEC 1      5.38                      3.60   1.78     8.08
  SINCE JAN 1      3.13                      2.09   1.04     2.37

SNOWFALL (IN)
  YESTERDAY        1.6           9.8  2007   0.4    1.2      0.0
  MONTH TO DATE    5.5                       8.9   -3.4     11.9
  SINCE DEC 1     43.2                      35.0    8.2     33.3
  SINCE JUL 1     44.1                      39.2    4.9     33.5
  SNOW DEPTH       4

DEGREE DAYS
 HEATING
  YESTERDAY       43                        42      1       36
  MONTH TO DATE  883                      1129   -246     1061
  SINCE DEC 1   3414                      3978   -564     3409
  SINCE JUL 1   4476                      5718  -1242     4681

 COOLING
  YESTERDAY        0                         0      0        0
  MONTH TO DATE    0                         0      0        0
  SINCE DEC 1      0                         0      0        0
  SINCE JAN 1      0                         0      0        0
..................................................................


WIND (MPH)
  HIGHEST WIND SPEED    26   HIGHEST WIND DIRECTION     W (280)
  HIGHEST GUST SPEED    34   HIGHEST GUST DIRECTION     W (280)
  AVERAGE WIND SPEED    14.2


SKY COVER
  POSSIBLE SUNSHINE  MM
  AVERAGE SKY COVER 0.5


WEATHER CONDITIONS
 THE FOLLOWING WEATHER WAS RECORDED YESTERDAY.
  LT FREEZING RAIN
  LIGHT SNOW
  FOG
  HAZE


RELATIVE HUMIDITY (PERCENT)
 HIGHEST    92           300 AM
 LOWEST     62           300 PM
 AVERAGE    77

..........................................................


THE GREEN BAY WI CLIMATE NORMALS FOR TODAY
                         NORMAL    RECORD    YEAR
 MAXIMUM TEMPERATURE (F)   32        61      2000
 MINIMUM TEMPERATURE (F)   16       -15      1963


SUNRISE AND SUNSET
FEBRUARY 26 2017......SUNRISE   635 AM CST   SUNSET   537 PM CST
FEBRUARY 27 2017......SUNRISE   633 AM CST   SUNSET   538 PM CST


-  INDICATES NEGATIVE NUMBERS.
R  INDICATES RECORD WAS SET OR TIED.
MM INDICATES DATA IS MISSING.
T  INDICATES TRACE AMOUNT.




$$
