940
CDUS43 KGRB 190638
CLIGRB


CLIMATE REPORT
NATIONAL WEATHER SERVICE GREEN BAY
1238 AM CST FRI JAN 19 2018


...................................

...THE GREEN BAY WI CLIMATE SUMMARY FOR JANUARY 18 2018...

CLIMATE NORMAL PERIOD 1981 TO 2010
CLIMATE RECORD PERIOD 1886 TO 2018


WEATHER ITEM   OBSERVED TIME   RECORD YEAR NORMAL DEPARTURE LAST
                VALUE   (LST)  VALUE       VALUE  FROM      YEAR
                                                  NORMAL
..................................................................
TEMPERATURE (F)
 YESTERDAY
  MAXIMUM         33    422 PM  48    1996  24      9       37
                                      1973
  MINIMUM         17    357 AM -27    1994   9      8       33
  AVERAGE         25                        16      9       35

PRECIPITATION (IN)
  YESTERDAY        0.00          0.36 1973   0.04  -0.04     0.00
  MONTH TO DATE    0.29                      0.69  -0.40     1.61
  SINCE DEC 1      1.58                      2.20  -0.62     3.86
  SINCE JAN 1      0.29                      0.69  -0.40     1.61

SNOWFALL (IN)
  YESTERDAY        0.0           3.7  1943   0.5   -0.5      0.0
  MONTH TO DATE    4.7                       7.4   -2.7      6.2
  SINCE DEC 1     16.7                      20.5   -3.8     29.3
  SINCE JUL 1     17.3                      24.7   -7.4     30.2
  SNOW DEPTH       2

DEGREE DAYS
 HEATING
  YESTERDAY       40                        49     -9       30
  MONTH TO DATE  917                       872     45      851
  SINCE DEC 1   2344                      2222    122     2102
  SINCE JUL 1   3760                      3962   -202     3164

 COOLING
  YESTERDAY        0                         0      0        0
  MONTH TO DATE    0                         0      0        0
  SINCE DEC 1      0                         0      0        0
  SINCE JAN 1      0                         0      0        0
..................................................................


WIND (MPH)
  HIGHEST WIND SPEED    20   HIGHEST WIND DIRECTION    SW (210)
  HIGHEST GUST SPEED    26   HIGHEST GUST DIRECTION    SW (220)
  AVERAGE WIND SPEED     9.5


SKY COVER
  POSSIBLE SUNSHINE  MM
  AVERAGE SKY COVER 0.0


WEATHER CONDITIONS
 THE FOLLOWING WEATHER WAS RECORDED YESTERDAY.
  HAZE


RELATIVE HUMIDITY (PERCENT)
 HIGHEST    74           500 AM
 LOWEST     59           300 PM
 AVERAGE    67

..........................................................


THE GREEN BAY WI CLIMATE NORMALS FOR TODAY
                         NORMAL    RECORD    YEAR
 MAXIMUM TEMPERATURE (F)   24        44      1933
                                             1921
 MINIMUM TEMPERATURE (F)    9       -28      1994


SUNRISE AND SUNSET
JANUARY 19 2018.......SUNRISE   723 AM CST   SUNSET   444 PM CST
JANUARY 20 2018.......SUNRISE   722 AM CST   SUNSET   445 PM CST


-  INDICATES NEGATIVE NUMBERS.
R  INDICATES RECORD WAS SET OR TIED.
MM INDICATES DATA IS MISSING.
T  INDICATES TRACE AMOUNT.




$$
