000
CDUS43 KGRB 100726
CLIGRB

CLIMATE REPORT
NATIONAL WEATHER SERVICE GREEN BAY
123 AM CST FRI FEB 10 2017

...................................

...THE GREEN BAY WI CLIMATE SUMMARY FOR FEBRUARY 9 2017...

CLIMATE NORMAL PERIOD 1981 TO 2010
CLIMATE RECORD PERIOD 1886 TO 2017

WEATHER ITEM   OBSERVED TIME   RECORD YEAR NORMAL DEPARTURE LAST
                VALUE   (LST)  VALUE       VALUE  FROM      YEAR
                                                  NORMAL
..................................................................
TEMPERATURE (F)
 YESTERDAY
  MAXIMUM         17   1159 PM  51    1925  27    -10       20
  MINIMUM          4    753 AM -27    1888  11     -7       10
  AVERAGE         11                        19     -8       15

PRECIPITATION (IN)
  YESTERDAY        0.00          0.80 1894   0.04  -0.04     0.01
  MONTH TO DATE    0.01                      0.30  -0.29     0.98
  SINCE DEC 1      4.69                      2.94   1.75     8.02
  SINCE JAN 1      2.44                      1.43   1.01     2.31

SNOWFALL (IN)
  YESTERDAY        0.0           8.0  1894   0.4   -0.4      0.3
  MONTH TO DATE    T                         3.4   -3.4     10.7
  SINCE DEC 1     37.7                      29.5    8.2     32.1
  SINCE JUL 1     38.6                      33.7    4.9     32.3
  SNOW DEPTH       2

DEGREE DAYS
 HEATING
  YESTERDAY       54                        46      8       50
  MONTH TO DATE  429                       424      5      361
  SINCE DEC 1   2960                      3273   -313     2709
  SINCE JUL 1   4022                      5013   -991     3981

COOLING
  YESTERDAY        0                         0      0        0
  MONTH TO DATE    0                         0      0        0
  SINCE DEC 1      0                         0      0        0
  SINCE JAN 1      0                         0      0        0
..................................................................

WIND (MPH)
  HIGHEST WIND SPEED    21   HIGHEST WIND DIRECTION     W (290)
  HIGHEST GUST SPEED    25   HIGHEST GUST DIRECTION     W (290)
  AVERAGE WIND SPEED    10.6

SKY COVER
  POSSIBLE SUNSHINE  MM
  AVERAGE SKY COVER 0.0

WEATHER CONDITIONS
 THE FOLLOWING WEATHER WAS RECORDED YESTERDAY.
  NO SIGNIFICANT WEATHER WAS OBSERVED.

RELATIVE HUMIDITY (PERCENT)
 HIGHEST    69           100 AM
 LOWEST     47           300 PM
 AVERAGE    58
..........................................................

THE GREEN BAY WI CLIMATE NORMALS FOR TODAY
                         NORMAL    RECORD    YEAR
 MAXIMUM TEMPERATURE (F)   27        50      2009
 MINIMUM TEMPERATURE (F)   11       -33      1899

SUNRISE AND SUNSET
FEBRUARY 10 2017......SUNRISE   659 AM CST   SUNSET   515 PM CST
FEBRUARY 11 2017......SUNRISE   658 AM CST   SUNSET   516 PM CST

-  INDICATES NEGATIVE NUMBERS.
R  INDICATES RECORD WAS SET OR TIED.
MM INDICATES DATA IS MISSING.
T  INDICATES TRACE AMOUNT.

$$
