000
CDUS43 KGRB 280707
CLIGRB


CLIMATE REPORT
NATIONAL WEATHER SERVICE GREEN BAY
205 AM CDT THU APR 28 2016


...................................

...THE GREEN BAY WI CLIMATE SUMMARY FOR APRIL 27 2016...

CLIMATE NORMAL PERIOD 1981 TO 2010
CLIMATE RECORD PERIOD 1886 TO 2016


WEATHER ITEM   OBSERVED TIME   RECORD YEAR NORMAL DEPARTURE LAST
                VALUE   (LST)  VALUE       VALUE  FROM      YEAR
                                                  NORMAL
..................................................................
TEMPERATURE (F)
 YESTERDAY
  MAXIMUM         50    126 PM  84    1986  59     -9       62
                                      1952
  MINIMUM         31    354 AM  26    1996  38     -7       37
  AVERAGE         41                        49     -8       50

PRECIPITATION (IN)
  YESTERDAY        T             0.93 1964   0.09  -0.09     0.00
  MONTH TO DATE    1.28                      2.36  -1.08     1.63
  SINCE MAR 1      5.33                      4.21   1.12     2.53
  SINCE JAN 1      7.81                      6.45   1.36     3.50

SNOWFALL (IN)
  YESTERDAY        0.0           T    1995   0.0    0.0      0.0
                                      1988
                                      1950
  MONTH TO DATE    4.4                       2.8    1.6       T
  SINCE MAR 1     16.2                      10.9    5.3      4.2
  SINCE JUL 1     50.0                      51.1   -1.1     32.7
  SNOW DEPTH       0

DEGREE DAYS
 HEATING
  YESTERDAY       24                        17      7       15
  MONTH TO DATE  612                       590     22      520
  SINCE MAR 1   1477                      1650   -173     1488
  SINCE JUL 1   6288                      7490  -1202     7526

 COOLING
  YESTERDAY        0                         0      0        0
  MONTH TO DATE    0                         0      0        0
  SINCE MAR 1      0                         0      0        0
  SINCE JAN 1      0                         0      0        0
..................................................................


WIND (MPH)
  HIGHEST WIND SPEED    28   HIGHEST WIND DIRECTION     E (70)
  HIGHEST GUST SPEED    35   HIGHEST GUST DIRECTION    NE (60)
  AVERAGE WIND SPEED    15.9


SKY COVER
  POSSIBLE SUNSHINE  MM
  AVERAGE SKY COVER 0.1


WEATHER CONDITIONS
 THE FOLLOWING WEATHER WAS RECORDED YESTERDAY.
  LIGHT RAIN


RELATIVE HUMIDITY (PERCENT)
 HIGHEST    78           400 AM
 LOWEST     29           400 PM
 AVERAGE    54

..........................................................


THE GREEN BAY WI CLIMATE NORMALS FOR TODAY
                         NORMAL    RECORD    YEAR
 MAXIMUM TEMPERATURE (F)   60        85      1974
 MINIMUM TEMPERATURE (F)   38        25      1965


SUNRISE AND SUNSET
APRIL 28 2016.........SUNRISE   547 AM CDT   SUNSET   754 PM CDT
APRIL 29 2016.........SUNRISE   545 AM CDT   SUNSET   755 PM CDT


-  INDICATES NEGATIVE NUMBERS.
R  INDICATES RECORD WAS SET OR TIED.
MM INDICATES DATA IS MISSING.
T  INDICATES TRACE AMOUNT.

$$
