300
CDUS43 KGRB 030820
CLIGRB


CLIMATE REPORT
NATIONAL WEATHER SERVICE GREEN BAY
218 AM CST WED FEB 3 2016


...................................

...THE GREEN BAY WI CLIMATE SUMMARY FOR FEBRUARY 2 2016...

CLIMATE NORMAL PERIOD 1981 TO 2010
CLIMATE RECORD PERIOD 1886 TO 2016


WEATHER ITEM   OBSERVED TIME   RECORD YEAR NORMAL DEPARTURE LAST
                VALUE   (LST)  VALUE       VALUE  FROM      YEAR
                                                  NORMAL
..................................................................
TEMPERATURE (F)
 YESTERDAY
  MAXIMUM         34   1146 AM  45    1992  25      9       16
  MINIMUM         16    521 AM -26    1996  10      6        3
                                      1971
  AVERAGE         25                        17      8       10

PRECIPITATION (IN)
  YESTERDAY        0.65R         0.56 1891   0.03   0.62      T
  MONTH TO DATE    0.65                      0.06   0.59      T
  SINCE DEC 1      7.69                      2.70   4.99     2.24
  SINCE JAN 1      1.98                      1.19   0.79     0.56

SNOWFALL (IN)
  YESTERDAY        5.3           5.6  1891   0.4    4.9       T
  MONTH TO DATE    5.3                       0.8    4.5      0.1
  SINCE DEC 1     26.7                      26.9   -0.2     12.4
  SINCE JUL 1     26.9                      31.1   -4.2     20.6
  SNOW DEPTH      10

DEGREE DAYS
 HEATING
  YESTERDAY       40                        48     -8       55
  MONTH TO DATE   75                        96    -21      108
  SINCE DEC 1   2423                      2945   -522     2778
  SINCE JUL 1   3695                      4685   -990     4615

 COOLING
  YESTERDAY        0                         0      0        0
  MONTH TO DATE    0                         0      0        0
  SINCE DEC 1      0                         0      0        0
  SINCE JAN 1      0                         0      0        0
..................................................................


WIND (MPH)
  HIGHEST WIND SPEED    22   HIGHEST WIND DIRECTION     E (80)
  HIGHEST GUST SPEED    31   HIGHEST GUST DIRECTION     E (70)
  AVERAGE WIND SPEED    10.4


SKY COVER
  POSSIBLE SUNSHINE  MM
  AVERAGE SKY COVER 0.6


WEATHER CONDITIONS
 THE FOLLOWING WEATHER WAS RECORDED YESTERDAY.
  HEAVY SNOW
  SNOW
  LIGHT SNOW
  FOG
  FOG W/VISIBILITY <= 1/4 MILE


RELATIVE HUMIDITY (PERCENT)
 HIGHEST   100          1200 AM
 LOWEST     85          1100 AM
 AVERAGE    93

..........................................................


THE GREEN BAY WI CLIMATE NORMALS FOR TODAY
                         NORMAL    RECORD    YEAR
 MAXIMUM TEMPERATURE (F)   25        44      1931
 MINIMUM TEMPERATURE (F)   10       -28      1996


SUNRISE AND SUNSET
FEBRUARY  3 2016......SUNRISE   709 AM CST   SUNSET   504 PM CST
FEBRUARY  4 2016......SUNRISE   708 AM CST   SUNSET   505 PM CST


-  INDICATES NEGATIVE NUMBERS.
R  INDICATES RECORD WAS SET OR TIED.
MM INDICATES DATA IS MISSING.
T  INDICATES TRACE AMOUNT.

$$
