000
CDUS43 KGRB 020646
CLIGRB


CLIMATE REPORT
NATIONAL WEATHER SERVICE GREEN BAY
145 AM CDT THU JUL 2 2015


...................................

...THE GREEN BAY WI CLIMATE SUMMARY FOR JULY 1 2015...

CLIMATE NORMAL PERIOD 1981 TO 2010
CLIMATE RECORD PERIOD 1886 TO 2015


WEATHER ITEM   OBSERVED TIME   RECORD YEAR NORMAL DEPARTURE LAST
                VALUE   (LST)  VALUE       VALUE  FROM      YEAR
                                                  NORMAL
..................................................................
TEMPERATURE (F)
 YESTERDAY
  MAXIMUM         71    529 PM 100    1910  79     -8       78
  MINIMUM         48    343 AM  44    1965  58    -10       64
  AVERAGE         60                        68     -8       71

PRECIPITATION (IN)
  YESTERDAY        0.00          1.20 1967   0.12  -0.12     0.06
  MONTH TO DATE    0.00                      0.12  -0.12     0.06
  SINCE JUN 1      3.24                      4.00  -0.76     4.11
  SINCE JAN 1     10.18                     13.65  -3.47    14.77

SNOWFALL (IN)
  YESTERDAY        0.0           0.0    MM   0.0    0.0      0.0
  MONTH TO DATE    0.0                       0.0    0.0      0.0
  SINCE JUN 1      0.0                       0.0    0.0      0.0
  SINCE JUL 1      0.0                       0.0    0.0      0.0
  SNOW DEPTH       0

DEGREE DAYS
 HEATING
  YESTERDAY        5                         1      4        0
  MONTH TO DATE    5                         1      4        0
  SINCE JUN 1     58                        93    -35       31
  SINCE JUL 1      5                         1      4        0

 COOLING
  YESTERDAY        0                         5     -5        6
  MONTH TO DATE    0                         5     -5        6
  SINCE JUN 1     67                        88    -21      112
  SINCE JAN 1     95                       106    -11      128
..................................................................


WIND (MPH)
  HIGHEST WIND SPEED    12   HIGHEST WIND DIRECTION    NE (50)
  HIGHEST GUST SPEED    18   HIGHEST GUST DIRECTION    NE (40)
  AVERAGE WIND SPEED     5.5


SKY COVER
  POSSIBLE SUNSHINE  MM
  AVERAGE SKY COVER 0.4


WEATHER CONDITIONS
 THE FOLLOWING WEATHER WAS RECORDED YESTERDAY.
  NO SIGNIFICANT WEATHER WAS OBSERVED.


RELATIVE HUMIDITY (PERCENT)
 HIGHEST    93           400 AM
 LOWEST     49           500 PM
 AVERAGE    71

..........................................................


THE GREEN BAY WI CLIMATE NORMALS FOR TODAY
                         NORMAL    RECORD    YEAR
 MAXIMUM TEMPERATURE (F)   79        97      1911
 MINIMUM TEMPERATURE (F)   58        46      1968


SUNRISE AND SUNSET
JULY  2 2015..........SUNRISE   512 AM CDT   SUNSET   841 PM CDT
JULY  3 2015..........SUNRISE   513 AM CDT   SUNSET   841 PM CDT


-  INDICATES NEGATIVE NUMBERS.
R  INDICATES RECORD WAS SET OR TIED.
MM INDICATES DATA IS MISSING.
T  INDICATES TRACE AMOUNT.




$$
