000
CDUS43 KGRB 170733
CLIGRB


CLIMATE REPORT
NATIONAL WEATHER SERVICE GREEN BAY
231 AM CDT SAT SEP 17 2016


...................................

...THE GREEN BAY WI CLIMATE SUMMARY FOR SEPTEMBER 16 2016...

CLIMATE NORMAL PERIOD 1981 TO 2010
CLIMATE RECORD PERIOD 1886 TO 2016


WEATHER ITEM   OBSERVED TIME   RECORD YEAR NORMAL DEPARTURE LAST
                VALUE   (LST)  VALUE       VALUE  FROM      YEAR
                                                  NORMAL
..................................................................
TEMPERATURE (F)
 YESTERDAY
  MAXIMUM         79   1203 PM  92    1891  70      9       84
  MINIMUM         61   1159 PM  33    1916  48     13       64
  AVERAGE         70                        59     11       74

PRECIPITATION (IN)
  YESTERDAY        0.23          3.56 1888   0.10   0.13     0.00
  MONTH TO DATE    2.41                      1.62   0.79     4.19
  SINCE SEP 1      2.41                      1.62   0.79     4.19
  SINCE JAN 1     24.03                     22.02   2.01    20.39

SNOWFALL (IN)
  YESTERDAY        0.0           0.0    MM   0.0    0.0      0.0
  MONTH TO DATE    0.0                       0.0    0.0      0.0
  SINCE SEP 1      0.0                       0.0    0.0      0.0
  SINCE JUL 1      0.0                       0.0    0.0      0.0
  SNOW DEPTH       0

DEGREE DAYS
 HEATING
  YESTERDAY        0                         7     -7        0
  MONTH TO DATE   23                        74    -51       27
  SINCE SEP 1     23                        74    -51       27
  SINCE JUL 1     36                       137   -101       77

 COOLING
  YESTERDAY        5                         1      4        9
  MONTH TO DATE   40                        26     14       92
  SINCE SEP 1     40                        26     14       92
  SINCE JAN 1    562                       388    174      494
..................................................................


WIND (MPH)
  HIGHEST WIND SPEED    21   HIGHEST WIND DIRECTION     S (180)
  HIGHEST GUST SPEED    27   HIGHEST GUST DIRECTION     S (170)
  AVERAGE WIND SPEED     9.7


SKY COVER
  POSSIBLE SUNSHINE  MM
  AVERAGE SKY COVER 0.4


WEATHER CONDITIONS
 THE FOLLOWING WEATHER WAS RECORDED YESTERDAY.
  THUNDERSTORM
  HEAVY RAIN
  LIGHT RAIN
  FOG


RELATIVE HUMIDITY (PERCENT)
 HIGHEST   100           600 PM
 LOWEST     69          1100 AM
 AVERAGE    85

..........................................................


THE GREEN BAY WI CLIMATE NORMALS FOR TODAY
                         NORMAL    RECORD    YEAR
 MAXIMUM TEMPERATURE (F)   70        90      1955
                                             1891
 MINIMUM TEMPERATURE (F)   48        32      1959


SUNRISE AND SUNSET
SEPTEMBER 17 2016.....SUNRISE   634 AM CDT   SUNSET   658 PM CDT
SEPTEMBER 18 2016.....SUNRISE   636 AM CDT   SUNSET   657 PM CDT


-  INDICATES NEGATIVE NUMBERS.
R  INDICATES RECORD WAS SET OR TIED.
MM INDICATES DATA IS MISSING.
T  INDICATES TRACE AMOUNT.

$$
