000
CDUS43 KGRB 230650
CLIGRB


CLIMATE REPORT
NATIONAL WEATHER SERVICE GREEN BAY
148 AM CDT TUE AUG 23 2016


...................................

...THE GREEN BAY WI CLIMATE SUMMARY FOR AUGUST 22 2016...

CLIMATE NORMAL PERIOD 1981 TO 2010
CLIMATE RECORD PERIOD 1886 TO 2016


WEATHER ITEM   OBSERVED TIME   RECORD YEAR NORMAL DEPARTURE LAST
                VALUE   (LST)  VALUE       VALUE  FROM      YEAR
                                                  NORMAL
..................................................................
TEMPERATURE (F)
 YESTERDAY
  MAXIMUM         76    350 PM  95    1947  77     -1       81
  MINIMUM         50    533 AM  38    1967  56     -6       61
                                      1950
  AVERAGE         63                        67     -4       71

PRECIPITATION (IN)
  YESTERDAY        0.00          2.38 1910   0.10  -0.10     0.00
  MONTH TO DATE    1.52                      2.46  -0.94     3.66
  SINCE JUN 1      9.18                      9.84  -0.66     8.70
  SINCE JAN 1     20.36                     19.49   0.87    15.64

SNOWFALL (IN)
  YESTERDAY        0.0           0.0    MM   0.0    0.0      0.0
  MONTH TO DATE    0.0                       0.0    0.0      0.0
  SINCE JUN 1      0.0                       0.0    0.0      0.0
  SINCE JUL 1      0.0                       0.0    0.0      0.0
  SNOW DEPTH       0

DEGREE DAYS
 HEATING
  YESTERDAY        2                         1      1        0
  MONTH TO DATE    5                        22    -17        7
  SINCE JUN 1     36                       137   -101       79
  SINCE JUL 1     11                        45    -34       26

 COOLING
  YESTERDAY        0                         3     -3        6
  MONTH TO DATE  147                        84     63      126
  SINCE JUN 1    445                       317    128      369
  SINCE JAN 1    478                       335    143      397
..................................................................


WIND (MPH)
  HIGHEST WIND SPEED    16   HIGHEST WIND DIRECTION     S (180)
  HIGHEST GUST SPEED    23   HIGHEST GUST DIRECTION     S (190)
  AVERAGE WIND SPEED     6.7


SKY COVER
  POSSIBLE SUNSHINE  MM
  AVERAGE SKY COVER 0.1


WEATHER CONDITIONS
 THE FOLLOWING WEATHER WAS RECORDED YESTERDAY.
  NO SIGNIFICANT WEATHER WAS OBSERVED.


RELATIVE HUMIDITY (PERCENT)
 HIGHEST   100          1200 AM
 LOWEST     54           100 PM
 AVERAGE    77

..........................................................


THE GREEN BAY WI CLIMATE NORMALS FOR TODAY
                         NORMAL    RECORD    YEAR
 MAXIMUM TEMPERATURE (F)   77        95      1947
 MINIMUM TEMPERATURE (F)   56        41      1952
                                             1890


SUNRISE AND SUNSET
AUGUST 23 2016........SUNRISE   605 AM CDT   SUNSET   744 PM CDT
AUGUST 24 2016........SUNRISE   606 AM CDT   SUNSET   742 PM CDT


-  INDICATES NEGATIVE NUMBERS.
R  INDICATES RECORD WAS SET OR TIED.
MM INDICATES DATA IS MISSING.
T  INDICATES TRACE AMOUNT.




$$
