000
CDUS43 KGRB 192134
CLIGRB


CLIMATE REPORT
NATIONAL WEATHER SERVICE GREEN BAY
433 PM CDT MON SEP 19 2016


...................................

...THE GREEN BAY WI CLIMATE SUMMARY FOR SEPTEMBER 19 2016...
VALID TODAY AS OF 0400 PM LOCAL TIME.

CLIMATE NORMAL PERIOD 1981 TO 2010
CLIMATE RECORD PERIOD 1886 TO 2016


WEATHER ITEM   OBSERVED TIME   RECORD YEAR NORMAL DEPARTURE LAST
                VALUE   (LST)  VALUE       VALUE  FROM      YEAR
                                                  NORMAL
..................................................................
TEMPERATURE (F)
 TODAY
  MAXIMUM         77   1159 AM  92    1895  69      8       71
  MINIMUM         62   1230 AM  28    1956  47     15       49
  AVERAGE         70                        58     12       60

PRECIPITATION (IN)
  TODAY            0.02          1.00 1971   0.10  -0.08     0.22
  MONTH TO DATE    2.43                      1.93   0.50     5.73
  SINCE SEP 1      2.43                      1.93   0.50     5.73
  SINCE JAN 1     24.05                     22.33   1.72    21.93

SNOWFALL (IN)
  TODAY            0.0           0.0    MM   0.0    0.0      0.0
  MONTH TO DATE    0.0                       0.0    0.0      0.0
  SINCE SEP 1      0.0                       0.0    0.0      0.0
  SINCE JUL 1      0.0                       0.0    0.0      0.0
  SNOW DEPTH       0

DEGREE DAYS
 HEATING
  TODAY            0                         8     -8        5
  MONTH TO DATE   24                        96    -72       32
  SINCE SEP 1     24                        96    -72       32
  SINCE JUL 1     37                       159   -122       82

 COOLING
  TODAY            5                         1      4        0
  MONTH TO DATE   48                        29     19      102
  SINCE SEP 1     48                        29     19      102
  SINCE JAN 1    570                       391    179      504
..................................................................


WIND (MPH)
  HIGHEST WIND SPEED    16   HIGHEST WIND DIRECTION    NW (300)
  HIGHEST GUST SPEED    23   HIGHEST GUST DIRECTION    SW (220)
  AVERAGE WIND SPEED     8.1


SKY COVER
  POSSIBLE SUNSHINE  MM
  AVERAGE SKY COVER 0.3


WEATHER CONDITIONS
 THE FOLLOWING WEATHER WAS RECORDED TODAY.
  THUNDERSTORM
  HEAVY RAIN
  LIGHT RAIN


RELATIVE HUMIDITY (PERCENT)
 HIGHEST    87          1200 AM
 LOWEST     64           900 AM
 AVERAGE    76

..........................................................


THE GREEN BAY WI CLIMATE NORMALS FOR TOMORROW
                         NORMAL    RECORD    YEAR
 MAXIMUM TEMPERATURE (F)   68        92      1908
                                             1895
 MINIMUM TEMPERATURE (F)   47        27      1956


SUNRISE AND SUNSET
SEPTEMBER 19 2016.....SUNRISE   637 AM CDT   SUNSET   655 PM CDT
SEPTEMBER 20 2016.....SUNRISE   638 AM CDT   SUNSET   653 PM CDT


-  INDICATES NEGATIVE NUMBERS.
R  INDICATES RECORD WAS SET OR TIED.
MM INDICATES DATA IS MISSING.
T  INDICATES TRACE AMOUNT.




$$
