000
CDUS43 KGRB 250722
CLIGRB


CLIMATE REPORT
NATIONAL WEATHER SERVICE GREEN BAY
219 AM CDT THU AUG 25 2016


...................................

...THE GREEN BAY WI CLIMATE SUMMARY FOR AUGUST 24 2016...

CLIMATE NORMAL PERIOD 1981 TO 2010
CLIMATE RECORD PERIOD 1886 TO 2016


WEATHER ITEM   OBSERVED TIME   RECORD YEAR NORMAL DEPARTURE LAST
                VALUE   (LST)  VALUE       VALUE  FROM      YEAR
                                                  NORMAL
..................................................................
TEMPERATURE (F)
 YESTERDAY
  MAXIMUM         81    337 PM 100    1948  77      4       63
  MINIMUM         66   1159 PM  41    1987  56     10       51
  AVERAGE         74                        66      8       57

PRECIPITATION (IN)
  YESTERDAY        1.10R         0.96 1922   0.10   1.00      T
  MONTH TO DATE    2.62                      2.66  -0.04     4.03
  SINCE JUN 1     10.28                     10.04   0.24     9.07
  SINCE JAN 1     21.46                     19.69   1.77    16.01

SNOWFALL (IN)
  YESTERDAY        0.0           0.0    MM   0.0    0.0      0.0
  MONTH TO DATE    0.0                       0.0    0.0      0.0
  SINCE JUN 1      0.0                       0.0    0.0      0.0
  SINCE JUL 1      0.0                       0.0    0.0      0.0
  SNOW DEPTH       0

DEGREE DAYS
 HEATING
  YESTERDAY        0                         2     -2        8
  MONTH TO DATE    5                        25    -20       15
  SINCE JUN 1     36                       140   -104       87
  SINCE JUL 1     11                        48    -37       34

 COOLING
  YESTERDAY        9                         3      6        0
  MONTH TO DATE  161                        90     71      126
  SINCE JUN 1    459                       323    136      369
  SINCE JAN 1    492                       341    151      397
..................................................................


WIND (MPH)
  HIGHEST WIND SPEED    18   HIGHEST WIND DIRECTION     W (260)
  HIGHEST GUST SPEED    26   HIGHEST GUST DIRECTION     W (260)
  AVERAGE WIND SPEED     7.8


SKY COVER
  POSSIBLE SUNSHINE  MM
  AVERAGE SKY COVER 0.4


WEATHER CONDITIONS
 THE FOLLOWING WEATHER WAS RECORDED YESTERDAY.
  THUNDERSTORM
  HEAVY RAIN
  RAIN
  LIGHT RAIN
  FOG
  HAZE


RELATIVE HUMIDITY (PERCENT)
 HIGHEST   100           500 AM
 LOWEST     74           400 PM
 AVERAGE    87

..........................................................


THE GREEN BAY WI CLIMATE NORMALS FOR TODAY
                         NORMAL    RECORD    YEAR
 MAXIMUM TEMPERATURE (F)   77        96      1948
 MINIMUM TEMPERATURE (F)   56        40      1958
                                             1917


SUNRISE AND SUNSET
AUGUST 25 2016........SUNRISE   608 AM CDT   SUNSET   740 PM CDT
AUGUST 26 2016........SUNRISE   609 AM CDT   SUNSET   739 PM CDT


-  INDICATES NEGATIVE NUMBERS.
R  INDICATES RECORD WAS SET OR TIED.
MM INDICATES DATA IS MISSING.
T  INDICATES TRACE AMOUNT.




$$
