000
CDUS43 KGRB 130727
CLIGRB


CLIMATE REPORT
NATIONAL WEATHER SERVICE GREEN BAY
225 AM CDT FRI OCT 13 2017


...................................

...THE GREEN BAY WI CLIMATE SUMMARY FOR OCTOBER 12 2017...

CLIMATE NORMAL PERIOD 1981 TO 2010
CLIMATE RECORD PERIOD 1886 TO 2017


WEATHER ITEM   OBSERVED TIME   RECORD YEAR NORMAL DEPARTURE LAST
                VALUE   (LST)  VALUE       VALUE  FROM      YEAR
                                                  NORMAL
..................................................................
TEMPERATURE (F)
 YESTERDAY
  MAXIMUM         59    236 PM  82    2008  58      1       61
                                      1918
  MINIMUM         46    229 AM  24    1988  39      7       37
                                      1936
  AVERAGE         53                        48      5       49

PRECIPITATION (IN)
  YESTERDAY        T             1.38 1886   0.08  -0.08     1.02
  MONTH TO DATE    1.44                      0.99   0.45     1.36
  SINCE SEP 1      2.45                      4.03  -1.58     5.65
  SINCE JAN 1     27.84                     24.43   3.41    27.27

SNOWFALL (IN)
  YESTERDAY        0.0           2.3  1909   0.0    0.0      0.0
  MONTH TO DATE    0.0                       0.0    0.0      0.0
  SINCE SEP 1      0.0                       0.0    0.0      0.0
  SINCE JUL 1      0.0                       0.0    0.0      0.0
  SNOW DEPTH       0

DEGREE DAYS
 HEATING
  YESTERDAY       12                        17     -5       16
  MONTH TO DATE   80                       176    -96       90
  SINCE SEP 1    200                       383   -183      155
  SINCE JUL 1    241                       446   -205      168

 COOLING
  YESTERDAY        0                         0      0        0
  MONTH TO DATE    6                         0      6        0
  SINCE SEP 1     98                        33     65       52
  SINCE JAN 1    475                       395     80      574
..................................................................


WIND (MPH)
  HIGHEST WIND SPEED    13   HIGHEST WIND DIRECTION    SE (150)
  HIGHEST GUST SPEED    15   HIGHEST GUST DIRECTION     S (160)
  AVERAGE WIND SPEED     6.0


SKY COVER
  POSSIBLE SUNSHINE  MM
  AVERAGE SKY COVER 0.9


WEATHER CONDITIONS
 THE FOLLOWING WEATHER WAS RECORDED YESTERDAY.
  LIGHT RAIN
  FOG


RELATIVE HUMIDITY (PERCENT)
 HIGHEST   100           200 AM
 LOWEST     80           100 PM
 AVERAGE    90

..........................................................


THE GREEN BAY WI CLIMATE NORMALS FOR TODAY
                         NORMAL    RECORD    YEAR
 MAXIMUM TEMPERATURE (F)   58        82      1975
 MINIMUM TEMPERATURE (F)   39        22      1988


SUNRISE AND SUNSET
OCTOBER 13 2017.......SUNRISE   705 AM CDT   SUNSET   611 PM CDT
OCTOBER 14 2017.......SUNRISE   707 AM CDT   SUNSET   609 PM CDT


-  INDICATES NEGATIVE NUMBERS.
R  INDICATES RECORD WAS SET OR TIED.
MM INDICATES DATA IS MISSING.
T  INDICATES TRACE AMOUNT.

$$
