000
CDUS43 KGRB 140032 AAA
CLIGRB

CLIMATE REPORT
NATIONAL WEATHER SERVICE GREEN BAY
431 PM CST SAT JAN 13 2018


...................................

...THE GREEN BAY WI CLIMATE SUMMARY FOR JANUARY 13 2018...
VALID TODAY AS OF 0400 PM LOCAL TIME.

CLIMATE NORMAL PERIOD 1981 TO 2010
CLIMATE RECORD PERIOD 1886 TO 2018


WEATHER ITEM   OBSERVED TIME   RECORD YEAR NORMAL DEPARTURE LAST
                VALUE   (LST)  VALUE       VALUE  FROM      YEAR
                                                  NORMAL
..................................................................
TEMPERATURE (F)
 TODAY
  MAXIMUM         12    305 PM  50    1961  24    -12       11
  MINIMUM         -1    804 AM -23    1929   9    -10        0
  AVERAGE          6                        16    -10        6

PRECIPITATION (IN)
  TODAY            0.00             0.48 1950   0.04  -0.04     0.00
  MONTH TO DATE    0.16                      0.50  -0.34     1.03
  SINCE DEC 1      1.45                      2.01  -0.56     3.28
  SINCE JAN 1      0.16                      0.50  -0.34     1.03

SNOWFALL (IN)
  TODAY            0.00             5.3  2008   0.4   -0.4      0.0
  MONTH TO DATE    1.6                       5.2   -3.6      6.2
  SINCE DEC 1     13.6                      18.3   -4.7     29.3
  SINCE JUL 1     14.2                      22.5   -8.3     30.2
  SNOW DEPTH       T

DEGREE DAYS
 HEATING
  TODAY           59                        49     10       59
  MONTH TO DATE  671                       627     44      650
  SINCE DEC 1   2098                      1977    121     1901
  SINCE JUL 1   3514                      3717   -203     2963

 COOLING
  TODAY            0                         0      0        0
  MONTH TO DATE    0                         0      0        0
  SINCE DEC 1      0                         0      0        0
  SINCE JAN 1      0                         0      0        0
..................................................................


WIND (MPH)
  HIGHEST WIND SPEED    16   HIGHEST WIND DIRECTION    NW (320)
  HIGHEST GUST SPEED    20   HIGHEST GUST DIRECTION     W (290)
  AVERAGE WIND SPEED    11.2


SKY COVER
  POSSIBLE SUNSHINE  MM
  AVERAGE SKY COVER 0.0


WEATHER CONDITIONS
 THE FOLLOWING WEATHER WAS RECORDED TODAY.
  NO SIGNIFICANT WEATHER WAS OBSERVED.


RELATIVE HUMIDITY (PERCENT)
 HIGHEST    72           500 AM
 LOWEST     52           300 PM
 AVERAGE    62

..........................................................


THE GREEN BAY WI CLIMATE NORMALS FOR TOMORROW
                         NORMAL    RECORD    YEAR
 MAXIMUM TEMPERATURE (F)   24        42      1987
                                             1952
                                             1947
 MINIMUM TEMPERATURE (F)    9       -24      1929


SUNRISE AND SUNSET
JANUARY 13 2018.......SUNRISE   726 AM CST   SUNSET   436 PM CST
JANUARY 14 2018.......SUNRISE   726 AM CST   SUNSET   438 PM CST


-  INDICATES NEGATIVE NUMBERS.
R  INDICATES RECORD WAS SET OR TIED.
MM INDICATES DATA IS MISSING.
T  INDICATES TRACE AMOUNT.




$$
