000
CDUS43 KGRB 230713
CLIGRB

CLIMATE REPORT
NATIONAL WEATHER SERVICE GREEN BAY
110 AM CST TUE DEC 23 2014

...................................

...THE GREEN BAY WI CLIMATE SUMMARY FOR DECEMBER 22 2014...

CLIMATE NORMAL PERIOD 1981 TO 2010
CLIMATE RECORD PERIOD 1886 TO 2014

WEATHER ITEM   OBSERVED TIME   RECORD YEAR NORMAL DEPARTURE LAST
                VALUE   (LST)  VALUE       VALUE  FROM      YEAR
                                                  NORMAL
..................................................................
TEMPERATURE (F)
 YESTERDAY
  MAXIMUM         37    422 PM  48    1957  26     11       26
                                      1941
  MINIMUM         33    711 PM -16    1983  12     21       20
  AVERAGE         35                        19     16       23

PRECIPITATION (IN)
  YESTERDAY        0.16          1.24 2006   0.04   0.12     0.37
  MONTH TO DATE    0.82                      1.13  -0.31     1.70
  SINCE DEC 1      0.82                      1.13  -0.31     1.70
  SINCE JAN 1     31.25                     29.14   2.11    34.97

SNOWFALL (IN)
  YESTERDAY        0.1           6.0  2013   0.4   -0.3      6.0
  MONTH TO DATE    3.3                       9.3   -6.0     22.4
  SINCE DEC 1      3.3                       9.3   -6.0     22.4
  SINCE JUL 1     11.5                      13.5   -2.0     23.6
  SNOW DEPTH       0

DEGREE DAYS
 HEATING
  YESTERDAY       30                        46    -16       42
  MONTH TO DATE  849                       930    -81     1053
  SINCE DEC 1    849                       930    -81     1053
  SINCE JUL 1   2686                      2670     16     2664

COOLING
  YESTERDAY        0                         0      0        0
  MONTH TO DATE    0                         0      0        0
  SINCE DEC 1      0                         0      0        0
  SINCE JAN 1    362                       398    -36      535
..................................................................

WIND (MPH)
  HIGHEST WIND SPEED    17   HIGHEST WIND DIRECTION    SE (130)
  HIGHEST GUST SPEED    21   HIGHEST GUST DIRECTION    SE (150)
  AVERAGE WIND SPEED    10.2

SKY COVER
  POSSIBLE SUNSHINE  MM
  AVERAGE SKY COVER 1.0

WEATHER CONDITIONS
 THE FOLLOWING WEATHER WAS RECORDED YESTERDAY.
  LIGHT RAIN
  LIGHT SNOW
  FOG
  HAZE

RELATIVE HUMIDITY (PERCENT)
 HIGHEST   100           800 PM
 LOWEST     82          1200 AM
 AVERAGE    91
..........................................................

THE GREEN BAY WI CLIMATE NORMALS FOR TODAY
                         NORMAL    RECORD    YEAR
 MAXIMUM TEMPERATURE (F)   26        48      1888
 MINIMUM TEMPERATURE (F)   12       -21      1983

SUNRISE AND SUNSET
DECEMBER 23 2014......SUNRISE   727 AM CST   SUNSET   417 PM CST
DECEMBER 24 2014......SUNRISE   727 AM CST   SUNSET   417 PM CST

-  INDICATES NEGATIVE NUMBERS.
R  INDICATES RECORD WAS SET OR TIED.
MM INDICATES DATA IS MISSING.
T  INDICATES TRACE AMOUNT.

$$
