000
CDUS43 KGRB 050640
CLIGRB


CLIMATE REPORT
NATIONAL WEATHER SERVICE GREEN BAY
139 AM CDT SAT JUL 5 2014


...................................

...THE GREEN BAY WI CLIMATE SUMMARY FOR JULY 4 2014...

CLIMATE NORMAL PERIOD 1981 TO 2010
CLIMATE RECORD PERIOD 1886 TO 2014


WEATHER ITEM   OBSERVED TIME   RECORD YEAR NORMAL DEPARTURE LAST
                VALUE   (LST)  VALUE       VALUE  FROM      YEAR
                                                  NORMAL
..................................................................
TEMPERATURE (F)
 YESTERDAY
  MAXIMUM         78    359 PM  96    1921  80     -2       83
  MINIMUM         52    447 AM  43    1972  58     -6       63
  AVERAGE         65                        69     -4       73

PRECIPITATION (IN)
  YESTERDAY        0.00          2.52 1994   0.12  -0.12     0.00
  MONTH TO DATE    0.11                      0.48  -0.37     0.01
  SINCE JUN 1      4.16                      4.36  -0.20     3.83
  SINCE JAN 1     14.82                     14.01   0.81    17.60

SNOWFALL (IN)
  YESTERDAY        0.0           0.0    MM   0.0    0.0      0.0
  MONTH TO DATE    0.0                       0.0    0.0      0.0
  SINCE JUN 1      0.0                       0.0    0.0      0.0
  SINCE JUL 1      0.0                       0.0    0.0      0.0
  SNOW DEPTH       0

DEGREE DAYS
 HEATING
  YESTERDAY        0                         1     -1        0
  MONTH TO DATE    5                         4      1        1
  SINCE JUN 1     36                        96    -60       73
  SINCE JUL 1      5                         4      1        1

 COOLING
  YESTERDAY        0                         5     -5        8
  MONTH TO DATE    6                        20    -14       14
  SINCE JUN 1    112                       103      9      119
  SINCE JAN 1    128                       121      7      157
..................................................................


WIND (MPH)
  HIGHEST WIND SPEED    13   HIGHEST WIND DIRECTION     S (180)
  HIGHEST GUST SPEED    18   HIGHEST GUST DIRECTION     S (160)
  AVERAGE WIND SPEED     3.6


SKY COVER
  POSSIBLE SUNSHINE  MM
  AVERAGE SKY COVER 0.1


WEATHER CONDITIONS
 THE FOLLOWING WEATHER WAS RECORDED YESTERDAY.
  FOG


RELATIVE HUMIDITY (PERCENT)
 HIGHEST   100          1200 AM
 LOWEST     32           300 PM
 AVERAGE    66

..........................................................


THE GREEN BAY WI CLIMATE NORMALS FOR TODAY
                         NORMAL    RECORD    YEAR
 MAXIMUM TEMPERATURE (F)   80        99      2012
 MINIMUM TEMPERATURE (F)   58        44      1972
                                             1970
                                             1951


SUNRISE AND SUNSET
JULY  5 2014..........SUNRISE   514 AM CDT   SUNSET   840 PM CDT
JULY  6 2014..........SUNRISE   515 AM CDT   SUNSET   839 PM CDT


-  INDICATES NEGATIVE NUMBERS.
R  INDICATES RECORD WAS SET OR TIED.
MM INDICATES DATA IS MISSING.
T  INDICATES TRACE AMOUNT.




$$
