000
CDUS43 KGRB 190726
CLIGRB


CLIMATE REPORT
NATIONAL WEATHER SERVICE GREEN BAY
224 AM CDT MON SEP 19 2016


...................................

...THE GREEN BAY WI CLIMATE SUMMARY FOR SEPTEMBER 18 2016...

CLIMATE NORMAL PERIOD 1981 TO 2010
CLIMATE RECORD PERIOD 1886 TO 2016


WEATHER ITEM   OBSERVED TIME   RECORD YEAR NORMAL DEPARTURE LAST
                VALUE   (LST)  VALUE       VALUE  FROM      YEAR
                                                  NORMAL
..................................................................
TEMPERATURE (F)
 YESTERDAY
  MAXIMUM         77    338 PM  92    1955  69      8       73
  MINIMUM         51    529 AM  33    1974  48      3       58
  AVERAGE         64                        58      6       66

PRECIPITATION (IN)
  YESTERDAY        0.00          1.79 1935   0.11  -0.11     0.59
  MONTH TO DATE    2.41                      1.83   0.58     5.51
  SINCE SEP 1      2.41                      1.83   0.58     5.51
  SINCE JAN 1     24.03                     22.23   1.80    21.71

SNOWFALL (IN)
  YESTERDAY        0.0           0.0    MM   0.0    0.0      0.0
  MONTH TO DATE    0.0                       0.0    0.0      0.0
  SINCE SEP 1      0.0                       0.0    0.0      0.0
  SINCE JUL 1      0.0                       0.0    0.0      0.0
  SNOW DEPTH       0

DEGREE DAYS
 HEATING
  YESTERDAY        1                         7     -6        0
  MONTH TO DATE   24                        88    -64       27
  SINCE SEP 1     24                        88    -64       27
  SINCE JUL 1     37                       151   -114       77

 COOLING
  YESTERDAY        0                         1     -1        1
  MONTH TO DATE   43                        28     15      102
  SINCE SEP 1     43                        28     15      102
  SINCE JAN 1    565                       390    175      504
..................................................................


WIND (MPH)
  HIGHEST WIND SPEED    13   HIGHEST WIND DIRECTION     S (200)
  HIGHEST GUST SPEED    17   HIGHEST GUST DIRECTION     S (200)
  AVERAGE WIND SPEED     5.5


SKY COVER
  POSSIBLE SUNSHINE  MM
  AVERAGE SKY COVER 0.1


WEATHER CONDITIONS
 THE FOLLOWING WEATHER WAS RECORDED YESTERDAY.
  FOG


RELATIVE HUMIDITY (PERCENT)
 HIGHEST   100           100 AM
 LOWEST     50          1200 PM
 AVERAGE    75

..........................................................


THE GREEN BAY WI CLIMATE NORMALS FOR TODAY
                         NORMAL    RECORD    YEAR
 MAXIMUM TEMPERATURE (F)   69        92      1895
 MINIMUM TEMPERATURE (F)   47        28      1956


SUNRISE AND SUNSET
SEPTEMBER 19 2016.....SUNRISE   637 AM CDT   SUNSET   655 PM CDT
SEPTEMBER 20 2016.....SUNRISE   638 AM CDT   SUNSET   653 PM CDT


-  INDICATES NEGATIVE NUMBERS.
R  INDICATES RECORD WAS SET OR TIED.
MM INDICATES DATA IS MISSING.
T  INDICATES TRACE AMOUNT.

$$
