000
CDUS43 KGRB 220737
CLIGRB


CLIMATE REPORT
NATIONAL WEATHER SERVICE GREEN BAY
137 AM CST SAT NOV 22 2014


...................................

...THE GREEN BAY WI CLIMATE SUMMARY FOR NOVEMBER 21 2014...

CLIMATE NORMAL PERIOD 1981 TO 2010
CLIMATE RECORD PERIOD 1886 TO 2014


WEATHER ITEM   OBSERVED TIME   RECORD YEAR NORMAL DEPARTURE LAST
                VALUE   (LST)  VALUE       VALUE  FROM      YEAR
                                                  NORMAL
..................................................................
TEMPERATURE (F)
 YESTERDAY
  MAXIMUM         31   1159 PM  66    1913  39     -8       42
  MINIMUM          3R   423 AM   6    1929  25    -22       35
                                      1895
  AVERAGE         17                        32    -15       39

PRECIPITATION (IN)
  YESTERDAY        0.00          1.84 1906   0.08  -0.08     0.03
  MONTH TO DATE    1.43                      1.52  -0.09     3.32
  SINCE SEP 1      8.63                      7.00   1.63     9.16
  SINCE JAN 1     29.35                     27.40   1.95    33.15

SNOWFALL (IN)
  YESTERDAY        0.0           5.0  1945   0.1   -0.1       T
  MONTH TO DATE    2.4                       1.9    0.5       T
  SINCE SEP 1      2.4                       2.1    0.3       T
  SINCE JUL 1      2.4                       2.1    0.3       T
  SNOW DEPTH       1

DEGREE DAYS
 HEATING
  YESTERDAY       48                        33     15       26
  MONTH TO DATE  745                       595    150      538
  SINCE SEP 1   1462                      1358    104     1196
  SINCE JUL 1   1491                      1421     70     1236

 COOLING
  YESTERDAY        0                         0      0        0
  MONTH TO DATE    0                         0      0        0
  SINCE SEP 1     19                        36    -17       57
  SINCE JAN 1    362                       398    -36      535
..................................................................


WIND (MPH)
  HIGHEST WIND SPEED    18   HIGHEST WIND DIRECTION     S (200)
  HIGHEST GUST SPEED    26   HIGHEST GUST DIRECTION    SW (210)
  AVERAGE WIND SPEED    11.5


SKY COVER
  POSSIBLE SUNSHINE  MM
  AVERAGE SKY COVER 0.1


WEATHER CONDITIONS
 THE FOLLOWING WEATHER WAS RECORDED YESTERDAY.
  NO SIGNIFICANT WEATHER WAS OBSERVED.


RELATIVE HUMIDITY (PERCENT)
 HIGHEST    83           600 AM
 LOWEST     42           200 PM
 AVERAGE    63

..........................................................


THE GREEN BAY WI CLIMATE NORMALS FOR TODAY
                         NORMAL    RECORD    YEAR
 MAXIMUM TEMPERATURE (F)   39        61      2012
 MINIMUM TEMPERATURE (F)   24         1      1929


SUNRISE AND SUNSET
NOVEMBER 22 2014......SUNRISE   658 AM CST   SUNSET   419 PM CST
NOVEMBER 23 2014......SUNRISE   659 AM CST   SUNSET   418 PM CST


-  INDICATES NEGATIVE NUMBERS.
R  INDICATES RECORD WAS SET OR TIED.
MM INDICATES DATA IS MISSING.
T  INDICATES TRACE AMOUNT.




$$
